65.108.125.120 - - [03/Apr/2025:17:20:55 +0330] "GET /product-category/%DA%86%D9%84%D9%88%D9%BE%D8%A7%DA%A9%D8%B3%D8%AA%D8%A7%D9%86%DB%8C/?lokasie=/usr/libexec/git-core//git-commit&loknya=/usr/libexec/git-core/ HTTP/1.1" 200 1970 "-" "Mozilla/5.0 (compatible; MJ12bot/v1.4.8; http://mj12bot.com/)"
47.82.10.160 - - [03/Apr/2025:17:21:20 +0330] "GET /2024/08/12/ways-to-avoid-spending-a-lot-of-money-with-this-xl3 HTTP/1.1" 200 3956 "https://sitsaz202.ir/2024/08/12/ways-to-avoid-spending-a-lot-of-money-with-this-xl3" "Mozilla/5.0 (Windows NT 10.0; Win64; x64) AppleWebKit/537.36 (KHTML, like Gecko) Chrome/114.0.0.0 Safari/537.36 Edg/114.0.1823.43"
65.108.125.120 - - [03/Apr/2025:17:21:18 +0330] "GET /product-category/%DA%86%D9%84%D9%88%D9%BE%D8%A7%DA%A9%D8%B3%D8%AA%D8%A7%D9%86%DB%8C/?lokasie=/usr/libexec/git-core//git-commit-graph&loknya=/usr/libexec/git-core/ HTTP/1.1" 200 1974 "-" "Mozilla/5.0 (compatible; MJ12bot/v1.4.8; http://mj12bot.com/)"
95.217.109.26 - - [03/Apr/2025:17:21:47 +0330] "GET /product-category/%DA%86%D9%84%D9%88%D9%BE%D8%A7%DA%A9%D8%B3%D8%AA%D8%A7%D9%86%DB%8C/?lokasie=/usr/lib/kbd/keymaps/xkb/ch-fr.map.gz&loknya=/usr/lib/kbd/keymaps/xkb HTTP/1.1" 200 1990 "-" "Mozilla/5.0 (compatible; MJ12bot/v1.4.8; http://mj12bot.com/)"
65.108.125.120 - - [03/Apr/2025:17:21:45 +0330] "GET /product-category/%DA%86%D9%84%D9%88%D9%BE%D8%A7%DA%A9%D8%B3%D8%AA%D8%A7%D9%86%DB%8C/?lokasie=/usr/libexec/git-core//git-config&loknya=/usr/libexec/git-core/ HTTP/1.1" 200 1970 "-" "Mozilla/5.0 (compatible; MJ12bot/v1.4.8; http://mj12bot.com/)"
178.239.150.4 - - [03/Apr/2025:17:21:56 +0330] "POST /wp-cron.php?doing_wp_cron=1743688316.8512749671936035156250 HTTP/1.1" 200 20 "-" "WordPress/6.6; https://sitsaz202.ir"
95.217.109.26 - - [03/Apr/2025:17:20:55 +0330] "GET /product-category/%DA%86%D9%84%D9%88%D9%BE%D8%A7%DA%A9%D8%B3%D8%AA%D8%A7%D9%86%DB%8C/?lokasie=/usr/lib/kbd/keymaps/xkb/ch-de_nodeadkeys.map.gz&loknya=/usr/lib/kbd/keymaps/xkb HTTP/1.1" 200 34090 "-" "Mozilla/5.0 (compatible; MJ12bot/v1.4.8; http://mj12bot.com/)"
65.108.125.120 - - [03/Apr/2025:17:22:00 +0330] "GET /product-category/%DA%86%D9%84%D9%88%D9%BE%D8%A7%DA%A9%D8%B3%D8%AA%D8%A7%D9%86%DB%8C/?lokasie=/usr/libexec/git-core//git-contacts&loknya=/usr/libexec/git-core/ HTTP/1.1" 200 3737 "-" "Mozilla/5.0 (compatible; MJ12bot/v1.4.8; http://mj12bot.com/)"
95.217.109.26 - - [03/Apr/2025:17:20:27 +0330] "GET /product-category/%DA%86%D9%84%D9%88%D9%BE%D8%A7%DA%A9%D8%B3%D8%AA%D8%A7%D9%86%DB%8C/?lokasie=/usr/lib/kbd/keymaps/xkb/ca-multix.map.gz&loknya=/usr/lib/kbd/keymaps/xkb HTTP/1.1" 200 1991 "-" "Mozilla/5.0 (compatible; MJ12bot/v1.4.8; http://mj12bot.com/)"
95.217.109.26 - - [03/Apr/2025:17:20:37 +0330] "GET /product-category/%DA%86%D9%84%D9%88%D9%BE%D8%A7%DA%A9%D8%B3%D8%AA%D8%A7%D9%86%DB%8C/?lokasie=/usr/lib/kbd/keymaps/xkb/ca.map.gz&loknya=/usr/lib/kbd/keymaps/xkb HTTP/1.1" 200 1987 "-" "Mozilla/5.0 (compatible; MJ12bot/v1.4.8; http://mj12bot.com/)"
65.108.125.120 - - [03/Apr/2025:17:20:49 +0330] "GET /product-category/%DA%86%D9%84%D9%88%D9%BE%D8%A7%DA%A9%D8%B3%D8%AA%D8%A7%D9%86%DB%8C/?lokasie=/usr/libexec/git-core//git-column&loknya=/usr/libexec/git-core/ HTTP/1.1" 200 1970 "-" "Mozilla/5.0 (compatible; MJ12bot/v1.4.8; http://mj12bot.com/)"
95.217.109.26 - - [03/Apr/2025:17:20:45 +0330] "GET /product-category/%DA%86%D9%84%D9%88%D9%BE%D8%A7%DA%A9%D8%B3%D8%AA%D8%A7%D9%86%DB%8C/?lokasie=/usr/lib/kbd/keymaps/xkb/ch-de_mac.map.gz&loknya=/usr/lib/kbd/keymaps/xkb HTTP/1.1" 200 1993 "-" "Mozilla/5.0 (compatible; MJ12bot/v1.4.8; http://mj12bot.com/)"
47.79.119.20 - - [03/Apr/2025:17:21:11 +0330] "GET /2024/08/13/greatest-cellular-casinos-for-real-currency-2024 HTTP/1.1" 200 3956 "https://sitsaz202.ir/2024/08/13/greatest-cellular-casinos-for-real-currency-2024" "Mozilla/5.0 (Windows NT 10.0; Win64; x64) AppleWebKit/537.36 (KHTML, like Gecko) Chrome/114.0.0.0 Safari/537.36 Edg/114.0.1823.43"
65.108.125.120 - - [03/Apr/2025:17:21:34 +0330] "GET /product-category/%DA%86%D9%84%D9%88%D9%BE%D8%A7%DA%A9%D8%B3%D8%AA%D8%A7%D9%86%DB%8C/?lokasie=/usr/libexec/git-core//git-commit-tree&loknya=/usr/libexec/git-core/ HTTP/1.1" 200 1973 "-" "Mozilla/5.0 (compatible; MJ12bot/v1.4.8; http://mj12bot.com/)"
95.217.109.26 - - [03/Apr/2025:17:21:38 +0330] "GET /product-category/%DA%86%D9%84%D9%88%D9%BE%D8%A7%DA%A9%D8%B3%D8%AA%D8%A7%D9%86%DB%8C/?lokasie=/usr/lib/kbd/keymaps/xkb/ch-de_sundeadkeys.map.gz&loknya=/usr/lib/kbd/keymaps/xkb HTTP/1.1" 200 1997 "-" "Mozilla/5.0 (compatible; MJ12bot/v1.4.8; http://mj12bot.com/)"
95.217.109.26 - - [03/Apr/2025:17:21:57 +0330] "GET /product-category/%DA%86%D9%84%D9%88%D9%BE%D8%A7%DA%A9%D8%B3%D8%AA%D8%A7%D9%86%DB%8C/?lokasie=/usr/lib/kbd/keymaps/xkb/ch-fr_mac.map.gz&loknya=/usr/lib/kbd/keymaps/xkb HTTP/1.1" 200 1993 "-" "Mozilla/5.0 (compatible; MJ12bot/v1.4.8; http://mj12bot.com/)"
18.216.137.32 - - [03/Apr/2025:17:22:02 +0330] "GET /index.php?lokasie=%2Fhome%2Fsitsaz202%2Fpublic_html%2Ferror_log&loknya=%2Fhome%2Fsitsaz202%2Fpublic_html HTTP/2" 200 3114 "-" "Mozilla/5.0 AppleWebKit/537.36 (KHTML, like Gecko; compatible; ClaudeBot/1.0; +claudebot@anthropic.com)"
47.82.11.17 - - [03/Apr/2025:17:22:16 +0330] "GET /2024/08/17/best-no-deposit-slots-2024-best-no-deposit-ports-also-offers HTTP/1.1" 200 3948 "https://sitsaz202.ir/2024/08/17/best-no-deposit-slots-2024-best-no-deposit-ports-also-offers" "Mozilla/5.0 (Windows NT 10.0; Win64; x64) AppleWebKit/537.36 (KHTML, like Gecko) Chrome/114.0.0.0 Safari/537.36 Edg/114.0.1823.43"
95.217.109.26 - - [03/Apr/2025:17:22:18 +0330] "GET /product-category/%DA%86%D9%84%D9%88%D9%BE%D8%A7%DA%A9%D8%B3%D8%AA%D8%A7%D9%86%DB%8C/?lokasie=/usr/lib/kbd/keymaps/xkb/ch-fr_sundeadkeys.map.gz&loknya=/usr/lib/kbd/keymaps/xkb HTTP/1.1" 200 1997 "-" "Mozilla/5.0 (compatible; MJ12bot/v1.4.8; http://mj12bot.com/)"
65.108.125.120 - - [03/Apr/2025:17:22:45 +0330] "GET /product-category/%DA%86%D9%84%D9%88%D9%BE%D8%A7%DA%A9%D8%B3%D8%AA%D8%A7%D9%86%DB%8C/?lokasie=/usr/libexec/git-core//git-credential-netrc&loknya=/usr/libexec/git-core/ HTTP/1.1" 200 6330 "-" "Mozilla/5.0 (compatible; MJ12bot/v1.4.8; http://mj12bot.com/)"
95.217.109.26 - - [03/Apr/2025:17:22:57 +0330] "GET /product-category/%DA%86%D9%84%D9%88%D9%BE%D8%A7%DA%A9%D8%B3%D8%AA%D8%A7%D9%86%DB%8C/?lokasie=/usr/lib/kbd/keymaps/xkb/cm-azerty.map.gz&loknya=/usr/lib/kbd/keymaps/xkb HTTP/1.1" 200 1993 "-" "Mozilla/5.0 (compatible; MJ12bot/v1.4.8; http://mj12bot.com/)"
65.108.125.120 - - [03/Apr/2025:17:22:06 +0330] "GET /product-category/%DA%86%D9%84%D9%88%D9%BE%D8%A7%DA%A9%D8%B3%D8%AA%D8%A7%D9%86%DB%8C/?lokasie=/usr/libexec/git-core//git-count-objects&loknya=/usr/libexec/git-core/ HTTP/1.1" 200 1975 "-" "Mozilla/5.0 (compatible; MJ12bot/v1.4.8; http://mj12bot.com/)"
95.217.109.26 - - [03/Apr/2025:17:22:06 +0330] "GET /product-category/%DA%86%D9%84%D9%88%D9%BE%D8%A7%DA%A9%D8%B3%D8%AA%D8%A7%D9%86%DB%8C/?lokasie=/usr/lib/kbd/keymaps/xkb/ch-fr_nodeadkeys.map.gz&loknya=/usr/lib/kbd/keymaps/xkb HTTP/1.1" 200 1997 "-" "Mozilla/5.0 (compatible; MJ12bot/v1.4.8; http://mj12bot.com/)"
65.108.125.120 - - [03/Apr/2025:17:22:16 +0330] "GET /product-category/%DA%86%D9%84%D9%88%D9%BE%D8%A7%DA%A9%D8%B3%D8%AA%D8%A7%D9%86%DB%8C/?lokasie=/usr/libexec/git-core//git-credential&loknya=/usr/libexec/git-core/ HTTP/1.1" 200 1973 "-" "Mozilla/5.0 (compatible; MJ12bot/v1.4.8; http://mj12bot.com/)"
65.108.125.120 - - [03/Apr/2025:17:22:28 +0330] "GET /product-category/%DA%86%D9%84%D9%88%D9%BE%D8%A7%DA%A9%D8%B3%D8%AA%D8%A7%D9%86%DB%8C/?lokasie=/usr/libexec/git-core//git-credential-cache&loknya=/usr/libexec/git-core/ HTTP/1.1" 200 1977 "-" "Mozilla/5.0 (compatible; MJ12bot/v1.4.8; http://mj12bot.com/)"
65.108.125.120 - - [03/Apr/2025:17:22:36 +0330] "GET /product-category/%DA%86%D9%84%D9%88%D9%BE%D8%A7%DA%A9%D8%B3%D8%AA%D8%A7%D9%86%DB%8C/?lokasie=/usr/libexec/git-core//git-credential-cache--daemon&loknya=/usr/libexec/git-core/ HTTP/1.1" 200 1983 "-" "Mozilla/5.0 (compatible; MJ12bot/v1.4.8; http://mj12bot.com/)"
95.217.109.26 - - [03/Apr/2025:17:22:29 +0330] "GET /product-category/%DA%86%D9%84%D9%88%D9%BE%D8%A7%DA%A9%D8%B3%D8%AA%D8%A7%D9%86%DB%8C/?lokasie=/usr/lib/kbd/keymaps/xkb/ch-legacy.map.gz&loknya=/usr/lib/kbd/keymaps/xkb HTTP/1.1" 200 1993 "-" "Mozilla/5.0 (compatible; MJ12bot/v1.4.8; http://mj12bot.com/)"
95.217.109.26 - - [03/Apr/2025:17:22:45 +0330] "GET /product-category/%DA%86%D9%84%D9%88%D9%BE%D8%A7%DA%A9%D8%B3%D8%AA%D8%A7%D9%86%DB%8C/?lokasie=/usr/lib/kbd/keymaps/xkb/ch.map.gz&loknya=/usr/lib/kbd/keymaps/xkb HTTP/1.1" 200 1987 "-" "Mozilla/5.0 (compatible; MJ12bot/v1.4.8; http://mj12bot.com/)"
95.217.109.26 - - [03/Apr/2025:17:23:07 +0330] "GET /product-category/%DA%86%D9%84%D9%88%D9%BE%D8%A7%DA%A9%D8%B3%D8%AA%D8%A7%D9%86%DB%8C/?lokasie=/usr/lib/kbd/keymaps/xkb/cm-dvorak.map.gz&loknya=/usr/lib/kbd/keymaps/xkb HTTP/1.1" 200 1993 "-" "Mozilla/5.0 (compatible; MJ12bot/v1.4.8; http://mj12bot.com/)"
47.79.3.216 - - [03/Apr/2025:17:23:13 +0330] "GET /2024/08/14/online-spielbank-erprobung-2024-top-10-testsieger-inoffizieller-mitarbeiter-casino-abmachung HTTP/1.1" 200 3947 "https://sitsaz202.ir/2024/08/14/online-spielbank-erprobung-2024-top-10-testsieger-inoffizieller-mitarbeiter-casino-abmachung" "Mozilla/5.0 (Windows NT 10.0; Win64; x64) AppleWebKit/537.36 (KHTML, like Gecko) Chrome/114.0.0.0 Safari/537.36 Edg/114.0.1823.43"
65.108.125.120 - - [03/Apr/2025:17:23:21 +0330] "GET /product-category/%DA%86%D9%84%D9%88%D9%BE%D8%A7%DA%A9%D8%B3%D8%AA%D8%A7%D9%86%DB%8C/?lokasie=/usr/libexec/git-core//git-diagnose&loknya=/usr/libexec/git-core/ HTTP/1.1" 200 1973 "-" "Mozilla/5.0 (compatible; MJ12bot/v1.4.8; http://mj12bot.com/)"
65.108.125.120 - - [03/Apr/2025:17:23:50 +0330] "GET /product-category/%DA%86%D9%84%D9%88%D9%BE%D8%A7%DA%A9%D8%B3%D8%AA%D8%A7%D9%86%DB%8C/?lokasie=/usr/libexec/git-core//git-diff-files&loknya=/usr/libexec/git-core/ HTTP/1.1" 200 1973 "-" "Mozilla/5.0 (compatible; MJ12bot/v1.4.8; http://mj12bot.com/)"
65.108.125.120 - - [03/Apr/2025:17:23:57 +0330] "GET /product-category/%DA%86%D9%84%D9%88%D9%BE%D8%A7%DA%A9%D8%B3%D8%AA%D8%A7%D9%86%DB%8C/?lokasie=/usr/libexec/git-core//git-diff-index&loknya=/usr/libexec/git-core/ HTTP/1.1" 200 1973 "-" "Mozilla/5.0 (compatible; MJ12bot/v1.4.8; http://mj12bot.com/)"
65.108.125.120 - - [03/Apr/2025:17:22:53 +0330] "GET /product-category/%DA%86%D9%84%D9%88%D9%BE%D8%A7%DA%A9%D8%B3%D8%AA%D8%A7%D9%86%DB%8C/?lokasie=/usr/libexec/git-core//git-credential-store&loknya=/usr/libexec/git-core/ HTTP/1.1" 200 1977 "-" "Mozilla/5.0 (compatible; MJ12bot/v1.4.8; http://mj12bot.com/)"
65.108.125.120 - - [03/Apr/2025:17:23:11 +0330] "GET /product-category/%DA%86%D9%84%D9%88%D9%BE%D8%A7%DA%A9%D8%B3%D8%AA%D8%A7%D9%86%DB%8C/?lokasie=/usr/libexec/git-core//git-describe&loknya=/usr/libexec/git-core/ HTTP/1.1" 200 1972 "-" "Mozilla/5.0 (compatible; MJ12bot/v1.4.8; http://mj12bot.com/)"
95.217.109.26 - - [03/Apr/2025:17:23:17 +0330] "GET /product-category/%DA%86%D9%84%D9%88%D9%BE%D8%A7%DA%A9%D8%B3%D8%AA%D8%A7%D9%86%DB%8C/?lokasie=/usr/lib/kbd/keymaps/xkb/cm-french.map.gz&loknya=/usr/lib/kbd/keymaps/xkb HTTP/1.1" 200 1992 "-" "Mozilla/5.0 (compatible; MJ12bot/v1.4.8; http://mj12bot.com/)"
95.217.109.26 - - [03/Apr/2025:17:23:26 +0330] "GET /product-category/%DA%86%D9%84%D9%88%D9%BE%D8%A7%DA%A9%D8%B3%D8%AA%D8%A7%D9%86%DB%8C/?lokasie=/usr/lib/kbd/keymaps/xkb/cm-mmuock.map.gz&loknya=/usr/lib/kbd/keymaps/xkb HTTP/1.1" 200 1993 "-" "Mozilla/5.0 (compatible; MJ12bot/v1.4.8; http://mj12bot.com/)"
95.217.109.26 - - [03/Apr/2025:17:23:34 +0330] "GET /product-category/%DA%86%D9%84%D9%88%D9%BE%D8%A7%DA%A9%D8%B3%D8%AA%D8%A7%D9%86%DB%8C/?lokasie=/usr/lib/kbd/keymaps/xkb/cm-qwerty.map.gz&loknya=/usr/lib/kbd/keymaps/xkb HTTP/1.1" 200 1993 "-" "Mozilla/5.0 (compatible; MJ12bot/v1.4.8; http://mj12bot.com/)"
65.108.125.120 - - [03/Apr/2025:17:23:37 +0330] "GET /product-category/%DA%86%D9%84%D9%88%D9%BE%D8%A7%DA%A9%D8%B3%D8%AA%D8%A7%D9%86%DB%8C/?lokasie=/usr/libexec/git-core//git-diff&loknya=/usr/libexec/git-core/ HTTP/1.1" 200 1970 "-" "Mozilla/5.0 (compatible; MJ12bot/v1.4.8; http://mj12bot.com/)"
95.217.109.26 - - [03/Apr/2025:17:23:42 +0330] "GET /product-category/%DA%86%D9%84%D9%88%D9%BE%D8%A7%DA%A9%D8%B3%D8%AA%D8%A7%D9%86%DB%8C/?lokasie=/usr/lib/kbd/keymaps/xkb/cm.map.gz&loknya=/usr/lib/kbd/keymaps/xkb HTTP/1.1" 200 1987 "-" "Mozilla/5.0 (compatible; MJ12bot/v1.4.8; http://mj12bot.com/)"
95.217.109.26 - - [03/Apr/2025:17:23:55 +0330] "GET /product-category/%DA%86%D9%84%D9%88%D9%BE%D8%A7%DA%A9%D8%B3%D8%AA%D8%A7%D9%86%DB%8C/?lokasie=/usr/lib/kbd/keymaps/xkb/cn-altgr-pinyin.map.gz&loknya=/usr/lib/kbd/keymaps/xkb HTTP/1.1" 200 1997 "-" "Mozilla/5.0 (compatible; MJ12bot/v1.4.8; http://mj12bot.com/)"
95.217.109.26 - - [03/Apr/2025:17:24:04 +0330] "GET /product-category/%DA%86%D9%84%D9%88%D9%BE%D8%A7%DA%A9%D8%B3%D8%AA%D8%A7%D9%86%DB%8C/?lokasie=/usr/lib/kbd/keymaps/xkb/cn.map.gz&loknya=/usr/lib/kbd/keymaps/xkb HTTP/1.1" 200 1987 "-" "Mozilla/5.0 (compatible; MJ12bot/v1.4.8; http://mj12bot.com/)"
65.108.125.120 - - [03/Apr/2025:17:24:13 +0330] "GET /product-category/%DA%86%D9%84%D9%88%D9%BE%D8%A7%DA%A9%D8%B3%D8%AA%D8%A7%D9%86%DB%8C/?lokasie=/usr/libexec/git-core//git-difftool&loknya=/usr/libexec/git-core/ HTTP/1.1" 200 1973 "-" "Mozilla/5.0 (compatible; MJ12bot/v1.4.8; http://mj12bot.com/)"
65.108.125.120 - - [03/Apr/2025:17:24:04 +0330] "GET /product-category/%DA%86%D9%84%D9%88%D9%BE%D8%A7%DA%A9%D8%B3%D8%AA%D8%A7%D9%86%DB%8C/?lokasie=/usr/libexec/git-core//git-diff-tree&loknya=/usr/libexec/git-core/ HTTP/1.1" 200 1974 "-" "Mozilla/5.0 (compatible; MJ12bot/v1.4.8; http://mj12bot.com/)"
65.108.125.120 - - [03/Apr/2025:17:24:23 +0330] "GET /product-category/%DA%86%D9%84%D9%88%D9%BE%D8%A7%DA%A9%D8%B3%D8%AA%D8%A7%D9%86%DB%8C/?lokasie=/usr/libexec/git-core//git-difftool--helper&loknya=/usr/libexec/git-core/ HTTP/1.1" 200 3120 "-" "Mozilla/5.0 (compatible; MJ12bot/v1.4.8; http://mj12bot.com/)"
18.224.66.138 - - [03/Apr/2025:17:24:30 +0330] "GET /index.php?lokasie=%2Fhome%2Fsitsaz202%2Fpublic_html%2F.htaccess&loknya=%2Fhome%2Fsitsaz202%2Fpublic_html HTTP/2" 200 2760 "-" "Mozilla/5.0 AppleWebKit/537.36 (KHTML, like Gecko; compatible; ClaudeBot/1.0; +claudebot@anthropic.com)"
65.108.125.120 - - [03/Apr/2025:17:24:37 +0330] "GET /product-category/%DA%86%D9%84%D9%88%D9%BE%D8%A7%DA%A9%D8%B3%D8%AA%D8%A7%D9%86%DB%8C/?lokasie=/usr/libexec/git-core//git-fast-export&loknya=/usr/libexec/git-core/ HTTP/1.1" 200 1975 "-" "Mozilla/5.0 (compatible; MJ12bot/v1.4.8; http://mj12bot.com/)"
95.217.109.26 - - [03/Apr/2025:17:24:12 +0330] "GET /product-category/%DA%86%D9%84%D9%88%D9%BE%D8%A7%DA%A9%D8%B3%D8%AA%D8%A7%D9%86%DB%8C/?lokasie=/usr/lib/kbd/keymaps/xkb/cz-bksl.map.gz&loknya=/usr/lib/kbd/keymaps/xkb HTTP/1.1" 200 1991 "-" "Mozilla/5.0 (compatible; MJ12bot/v1.4.8; http://mj12bot.com/)"
65.108.125.120 - - [03/Apr/2025:17:24:54 +0330] "GET /product-category/%DA%86%D9%84%D9%88%D9%BE%D8%A7%DA%A9%D8%B3%D8%AA%D8%A7%D9%86%DB%8C/?lokasie=/usr/libexec/git-core//git-fast-import&loknya=/usr/libexec/git-core/ HTTP/1.1" 200 1974 "-" "Mozilla/5.0 (compatible; MJ12bot/v1.4.8; http://mj12bot.com/)"
95.217.109.26 - - [03/Apr/2025:17:24:56 +0330] "GET /product-category/%DA%86%D9%84%D9%88%D9%BE%D8%A7%DA%A9%D8%B3%D8%AA%D8%A7%D9%86%DB%8C/?lokasie=/usr/lib/kbd/keymaps/xkb/cz-dvorak-ucw.map.gz&loknya=/usr/lib/kbd/keymaps/xkb HTTP/1.1" 200 1996 "-" "Mozilla/5.0 (compatible; MJ12bot/v1.4.8; http://mj12bot.com/)"
95.217.109.26 - - [03/Apr/2025:17:25:07 +0330] "GET /product-category/%DA%86%D9%84%D9%88%D9%BE%D8%A7%DA%A9%D8%B3%D8%AA%D8%A7%D9%86%DB%8C/?lokasie=/usr/lib/kbd/keymaps/xkb/cz-qwerty-mac.map.gz&loknya=/usr/lib/kbd/keymaps/xkb HTTP/1.1" 200 1996 "-" "Mozilla/5.0 (compatible; MJ12bot/v1.4.8; http://mj12bot.com/)"
47.82.10.66 - - [03/Apr/2025:17:26:04 +0330] "GET /2024/08/20/pacanele-book-away-from-ra-deluxe-gratis-jocuri-ca-la-aparate HTTP/1.1" 200 3950 "https://sitsaz202.ir/2024/08/20/pacanele-book-away-from-ra-deluxe-gratis-jocuri-ca-la-aparate" "Mozilla/5.0 (Windows NT 10.0; Win64; x64) AppleWebKit/537.36 (KHTML, like Gecko) Chrome/114.0.0.0 Safari/537.36 Edg/114.0.1823.43"
95.217.109.26 - - [03/Apr/2025:17:25:32 +0330] "GET /product-category/%DA%86%D9%84%D9%88%D9%BE%D8%A7%DA%A9%D8%B3%D8%AA%D8%A7%D9%86%DB%8C/?lokasie=/usr/lib/kbd/keymaps/xkb/cz-qwerty.map.gz&loknya=/usr/lib/kbd/keymaps/xkb HTTP/1.1" 200 1994 "-" "Mozilla/5.0 (compatible; MJ12bot/v1.4.8; http://mj12bot.com/)"
65.108.125.120 - - [03/Apr/2025:17:26:39 +0330] "GET /product-category/%DA%86%D9%84%D9%88%D9%BE%D8%A7%DA%A9%D8%B3%D8%AA%D8%A7%D9%86%DB%8C/?lokasie=/usr/libexec/git-core//git-fmt-merge-msg&loknya=/usr/libexec/git-core/ HTTP/1.1" 200 1977 "-" "Mozilla/5.0 (compatible; MJ12bot/v1.4.8; http://mj12bot.com/)"
95.217.109.26 - - [03/Apr/2025:17:26:15 +0330] "GET /product-category/%DA%86%D9%84%D9%88%D9%BE%D8%A7%DA%A9%D8%B3%D8%AA%D8%A7%D9%86%DB%8C/?lokasie=/usr/lib/kbd/keymaps/xkb/cz-qwerty_bksl.map.gz&loknya=/usr/lib/kbd/keymaps/xkb HTTP/1.1" 200 1997 "-" "Mozilla/5.0 (compatible; MJ12bot/v1.4.8; http://mj12bot.com/)"
65.108.125.120 - - [03/Apr/2025:17:26:50 +0330] "GET /product-category/%DA%86%D9%84%D9%88%D9%BE%D8%A7%DA%A9%D8%B3%D8%AA%D8%A7%D9%86%DB%8C/?lokasie=/usr/libexec/git-core//git-for-each-ref&loknya=/usr/libexec/git-core/ HTTP/1.1" 200 1975 "-" "Mozilla/5.0 (compatible; MJ12bot/v1.4.8; http://mj12bot.com/)"
65.108.125.120 - - [03/Apr/2025:17:27:03 +0330] "GET /product-category/%DA%86%D9%84%D9%88%D9%BE%D8%A7%DA%A9%D8%B3%D8%AA%D8%A7%D9%86%DB%8C/?lokasie=/usr/libexec/git-core//git-for-each-repo&loknya=/usr/libexec/git-core/ HTTP/1.1" 200 1976 "-" "Mozilla/5.0 (compatible; MJ12bot/v1.4.8; http://mj12bot.com/)"
65.108.125.120 - - [03/Apr/2025:17:25:34 +0330] "GET /product-category/%DA%86%D9%84%D9%88%D9%BE%D8%A7%DA%A9%D8%B3%D8%AA%D8%A7%D9%86%DB%8C/?lokasie=/usr/libexec/git-core//git-fetch-pack&loknya=/usr/libexec/git-core/ HTTP/1.1" 200 34095 "-" "Mozilla/5.0 (compatible; MJ12bot/v1.4.8; http://mj12bot.com/)"
65.108.125.120 - - [03/Apr/2025:17:27:10 +0330] "GET /product-category/%DA%86%D9%84%D9%88%D9%BE%D8%A7%DA%A9%D8%B3%D8%AA%D8%A7%D9%86%DB%8C/?lokasie=/usr/libexec/git-core//git-format-patch&loknya=/usr/libexec/git-core/ HTTP/1.1" 200 1975 "-" "Mozilla/5.0 (compatible; MJ12bot/v1.4.8; http://mj12bot.com/)"
65.108.125.120 - - [03/Apr/2025:17:27:24 +0330] "GET /product-category/%DA%86%D9%84%D9%88%D9%BE%D8%A7%DA%A9%D8%B3%D8%AA%D8%A7%D9%86%DB%8C/?lokasie=/usr/libexec/git-core//git-fsck&loknya=/usr/libexec/git-core/ HTTP/1.1" 200 1970 "-" "Mozilla/5.0 (compatible; MJ12bot/v1.4.8; http://mj12bot.com/)"
65.108.125.120 - - [03/Apr/2025:17:27:39 +0330] "GET /product-category/%DA%86%D9%84%D9%88%D9%BE%D8%A7%DA%A9%D8%B3%D8%AA%D8%A7%D9%86%DB%8C/?lokasie=/usr/libexec/git-core//git-fsmonitor--daemon&loknya=/usr/libexec/git-core/ HTTP/1.1" 200 1979 "-" "Mozilla/5.0 (compatible; MJ12bot/v1.4.8; http://mj12bot.com/)"
65.108.125.120 - - [03/Apr/2025:17:27:49 +0330] "GET /product-category/%DA%86%D9%84%D9%88%D9%BE%D8%A7%DA%A9%D8%B3%D8%AA%D8%A7%D9%86%DB%8C/?lokasie=/usr/libexec/git-core//git-gc&loknya=/usr/libexec/git-core/ HTTP/1.1" 200 1969 "-" "Mozilla/5.0 (compatible; MJ12bot/v1.4.8; http://mj12bot.com/)"
65.108.125.120 - - [03/Apr/2025:17:27:56 +0330] "GET /product-category/%DA%86%D9%84%D9%88%D9%BE%D8%A7%DA%A9%D8%B3%D8%AA%D8%A7%D9%86%DB%8C/?lokasie=/usr/libexec/git-core//git-get-tar-commit-id&loknya=/usr/libexec/git-core/ HTTP/1.1" 200 1979 "-" "Mozilla/5.0 (compatible; MJ12bot/v1.4.8; http://mj12bot.com/)"
65.108.125.120 - - [03/Apr/2025:17:25:07 +0330] "GET /product-category/%DA%86%D9%84%D9%88%D9%BE%D8%A7%DA%A9%D8%B3%D8%AA%D8%A7%D9%86%DB%8C/?lokasie=/usr/libexec/git-core//git-fetch&loknya=/usr/libexec/git-core/ HTTP/1.1" 200 1971 "-" "Mozilla/5.0 (compatible; MJ12bot/v1.4.8; http://mj12bot.com/)"
47.79.4.223 - - [03/Apr/2025:17:25:33 +0330] "GET /2024/08/12/fastest-payout-casinos-on-the-internet-in-the-usa-july-2024 HTTP/1.1" 200 3952 "https://sitsaz202.ir/2024/08/12/fastest-payout-casinos-on-the-internet-in-the-usa-july-2024" "Mozilla/5.0 (Windows NT 10.0; Win64; x64) AppleWebKit/537.36 (KHTML, like Gecko) Chrome/114.0.0.0 Safari/537.36 Edg/114.0.1823.43"
47.82.10.192 - - [03/Apr/2025:17:26:18 +0330] "GET /2024/08/26/best-web-based-casinos-with-step-1-minimum-deposit-limits-2024 HTTP/1.1" 200 3946 "https://sitsaz202.ir/2024/08/26/best-web-based-casinos-with-step-1-minimum-deposit-limits-2024" "Mozilla/5.0 (Windows NT 10.0; Win64; x64) AppleWebKit/537.36 (KHTML, like Gecko) Chrome/114.0.0.0 Safari/537.36 Edg/114.0.1823.43"
65.108.125.120 - - [03/Apr/2025:17:26:17 +0330] "GET /product-category/%DA%86%D9%84%D9%88%D9%BE%D8%A7%DA%A9%D8%B3%D8%AA%D8%A7%D9%86%DB%8C/?lokasie=/usr/libexec/git-core//git-filter-branch&loknya=/usr/libexec/git-core/ HTTP/1.1" 200 7759 "-" "Mozilla/5.0 (compatible; MJ12bot/v1.4.8; http://mj12bot.com/)"
95.217.109.26 - - [03/Apr/2025:17:26:55 +0330] "GET /product-category/%DA%86%D9%84%D9%88%D9%BE%D8%A7%DA%A9%D8%B3%D8%AA%D8%A7%D9%86%DB%8C/?lokasie=/usr/lib/kbd/keymaps/xkb/cz-rus.map.gz&loknya=/usr/lib/kbd/keymaps/xkb HTTP/1.1" 200 1990 "-" "Mozilla/5.0 (compatible; MJ12bot/v1.4.8; http://mj12bot.com/)"
3.12.111.193 - - [03/Apr/2025:17:26:57 +0330] "GET /index.php?lokasie=%2Fhome%2Fsitsaz202%2Fpublic_html%2Flicense.txt&loknya=%2Fhome%2Fsitsaz202%2Fpublic_html HTTP/2" 200 9304 "-" "Mozilla/5.0 AppleWebKit/537.36 (KHTML, like Gecko; compatible; ClaudeBot/1.0; +claudebot@anthropic.com)"
95.217.109.26 - - [03/Apr/2025:17:27:09 +0330] "GET /product-category/%DA%86%D9%84%D9%88%D9%BE%D8%A7%DA%A9%D8%B3%D8%AA%D8%A7%D9%86%DB%8C/?lokasie=/usr/lib/kbd/keymaps/xkb/cz.map.gz&loknya=/usr/lib/kbd/keymaps/xkb HTTP/1.1" 200 1988 "-" "Mozilla/5.0 (compatible; MJ12bot/v1.4.8; http://mj12bot.com/)"
178.239.150.4 - - [03/Apr/2025:17:27:17 +0330] "POST /wp-cron.php?doing_wp_cron=1743688637.5926449298858642578125 HTTP/1.1" 200 20 "-" "WordPress/6.6; https://sitsaz202.ir"
65.108.125.120 - - [03/Apr/2025:17:27:30 +0330] "GET /product-category/%DA%86%D9%84%D9%88%D9%BE%D8%A7%DA%A9%D8%B3%D8%AA%D8%A7%D9%86%DB%8C/?lokasie=/usr/libexec/git-core//git-fsck-objects&loknya=/usr/libexec/git-core/ HTTP/1.1" 200 1976 "-" "Mozilla/5.0 (compatible; MJ12bot/v1.4.8; http://mj12bot.com/)"
95.217.109.26 - - [03/Apr/2025:17:27:20 +0330] "GET /product-category/%DA%86%D9%84%D9%88%D9%BE%D8%A7%DA%A9%D8%B3%D8%AA%D8%A7%D9%86%DB%8C/?lokasie=/usr/lib/kbd/keymaps/xkb/de-T3.map.gz&loknya=/usr/lib/kbd/keymaps/xkb HTTP/1.1" 200 1990 "-" "Mozilla/5.0 (compatible; MJ12bot/v1.4.8; http://mj12bot.com/)"
65.108.125.120 - - [03/Apr/2025:17:28:05 +0330] "GET /product-category/%DA%86%D9%84%D9%88%D9%BE%D8%A7%DA%A9%D8%B3%D8%AA%D8%A7%D9%86%DB%8C/?lokasie=/usr/libexec/git-core//git-grep&loknya=/usr/libexec/git-core/ HTTP/1.1" 200 1970 "-" "Mozilla/5.0 (compatible; MJ12bot/v1.4.8; http://mj12bot.com/)"
95.217.109.26 - - [03/Apr/2025:17:28:27 +0330] "GET /product-category/%DA%86%D9%84%D9%88%D9%BE%D8%A7%DA%A9%D8%B3%D8%AA%D8%A7%D9%86%DB%8C/?lokasie=/usr/lib/kbd/keymaps/xkb/de-deadtilde.map.gz&loknya=/usr/lib/kbd/keymaps/xkb HTTP/1.1" 200 1994 "-" "Mozilla/5.0 (compatible; MJ12bot/v1.4.8; http://mj12bot.com/)"
47.79.123.101 - - [03/Apr/2025:17:28:32 +0330] "GET /2024/08/17/15-no-deposit-slot-internet-sites-british-100-percent-free-spins-to-possess-adding-credit HTTP/1.1" 200 3957 "https://sitsaz202.ir/2024/08/17/15-no-deposit-slot-internet-sites-british-100-percent-free-spins-to-possess-adding-credit" "Mozilla/5.0 (Windows NT 10.0; Win64; x64) AppleWebKit/537.36 (KHTML, like Gecko) Chrome/114.0.0.0 Safari/537.36 Edg/114.0.1823.43"
65.108.125.120 - - [03/Apr/2025:17:28:45 +0330] "GET /product-category/%DA%86%D9%84%D9%88%D9%BE%D8%A7%DA%A9%D8%B3%D8%AA%D8%A7%D9%86%DB%8C/?lokasie=/usr/libexec/git-core//git-help&loknya=/usr/libexec/git-core/ HTTP/1.1" 200 1970 "-" "Mozilla/5.0 (compatible; MJ12bot/v1.4.8; http://mj12bot.com/)"
95.217.109.26 - - [03/Apr/2025:17:29:04 +0330] "GET /product-category/%DA%86%D9%84%D9%88%D9%BE%D8%A7%DA%A9%D8%B3%D8%AA%D8%A7%D9%86%DB%8C/?lokasie=/usr/lib/kbd/keymaps/xkb/de-mac.map.gz&loknya=/usr/lib/kbd/keymaps/xkb HTTP/1.1" 200 1990 "-" "Mozilla/5.0 (compatible; MJ12bot/v1.4.8; http://mj12bot.com/)"
95.217.109.26 - - [03/Apr/2025:17:29:18 +0330] "GET /product-category/%DA%86%D9%84%D9%88%D9%BE%D8%A7%DA%A9%D8%B3%D8%AA%D8%A7%D9%86%DB%8C/?lokasie=/usr/lib/kbd/keymaps/xkb/de-mac_nodeadkeys.map.gz&loknya=/usr/lib/kbd/keymaps/xkb HTTP/1.1" 200 1997 "-" "Mozilla/5.0 (compatible; MJ12bot/v1.4.8; http://mj12bot.com/)"
3.15.204.106 - - [03/Apr/2025:17:29:26 +0330] "GET /index.php?loknya=%2Fhome%2Fsitsaz202%2Fpublic_html%2Fwp HTTP/2" 200 2531 "-" "Mozilla/5.0 AppleWebKit/537.36 (KHTML, like Gecko; compatible; ClaudeBot/1.0; +claudebot@anthropic.com)"
65.108.125.120 - - [03/Apr/2025:17:29:32 +0330] "GET /product-category/%DA%86%D9%84%D9%88%D9%BE%D8%A7%DA%A9%D8%B3%D8%AA%D8%A7%D9%86%DB%8C/?lokasie=/usr/libexec/git-core//git-http-push&loknya=/usr/libexec/git-core/ HTTP/1.1" 200 1973 "-" "Mozilla/5.0 (compatible; MJ12bot/v1.4.8; http://mj12bot.com/)"
95.217.109.26 - - [03/Apr/2025:17:29:33 +0330] "GET /product-category/%DA%86%D9%84%D9%88%D9%BE%D8%A7%DA%A9%D8%B3%D8%AA%D8%A7%D9%86%DB%8C/?lokasie=/usr/lib/kbd/keymaps/xkb/de-nodeadkeys.map.gz&loknya=/usr/lib/kbd/keymaps/xkb HTTP/1.1" 200 1994 "-" "Mozilla/5.0 (compatible; MJ12bot/v1.4.8; http://mj12bot.com/)"
65.108.125.120 - - [03/Apr/2025:17:29:40 +0330] "GET /product-category/%DA%86%D9%84%D9%88%D9%BE%D8%A7%DA%A9%D8%B3%D8%AA%D8%A7%D9%86%DB%8C/?lokasie=/usr/libexec/git-core//git-imap-send&loknya=/usr/libexec/git-core/ HTTP/1.1" 200 1974 "-" "Mozilla/5.0 (compatible; MJ12bot/v1.4.8; http://mj12bot.com/)"
95.217.109.26 - - [03/Apr/2025:17:29:48 +0330] "GET /product-category/%DA%86%D9%84%D9%88%D9%BE%D8%A7%DA%A9%D8%B3%D8%AA%D8%A7%D9%86%DB%8C/?lokasie=/usr/lib/kbd/keymaps/xkb/de-ro.map.gz&loknya=/usr/lib/kbd/keymaps/xkb HTTP/1.1" 200 1989 "-" "Mozilla/5.0 (compatible; MJ12bot/v1.4.8; http://mj12bot.com/)"
95.217.109.26 - - [03/Apr/2025:17:30:32 +0330] "GET /product-category/%DA%86%D9%84%D9%88%D9%BE%D8%A7%DA%A9%D8%B3%D8%AA%D8%A7%D9%86%DB%8C/?lokasie=/usr/lib/kbd/keymaps/xkb/de-ro_nodeadkeys.map.gz&loknya=/usr/lib/kbd/keymaps/xkb HTTP/1.1" 200 1996 "-" "Mozilla/5.0 (compatible; MJ12bot/v1.4.8; http://mj12bot.com/)"
65.108.125.120 - - [03/Apr/2025:17:30:32 +0330] "GET /product-category/%DA%86%D9%84%D9%88%D9%BE%D8%A7%DA%A9%D8%B3%D8%AA%D8%A7%D9%86%DB%8C/?lokasie=/usr/libexec/git-core//git-init&loknya=/usr/libexec/git-core/ HTTP/1.1" 200 1970 "-" "Mozilla/5.0 (compatible; MJ12bot/v1.4.8; http://mj12bot.com/)"
95.217.109.26 - - [03/Apr/2025:17:30:45 +0330] "GET /product-category/%DA%86%D9%84%D9%88%D9%BE%D8%A7%DA%A9%D8%B3%D8%AA%D8%A7%D9%86%DB%8C/?lokasie=/usr/lib/kbd/keymaps/xkb/de-sundeadkeys.map.gz&loknya=/usr/lib/kbd/keymaps/xkb HTTP/1.1" 200 1995 "-" "Mozilla/5.0 (compatible; MJ12bot/v1.4.8; http://mj12bot.com/)"
65.108.125.120 - - [03/Apr/2025:17:30:55 +0330] "GET /product-category/%DA%86%D9%84%D9%88%D9%BE%D8%A7%DA%A9%D8%B3%D8%AA%D8%A7%D9%86%DB%8C/?lokasie=/usr/libexec/git-core//git-init-db&loknya=/usr/libexec/git-core/ HTTP/1.1" 200 1972 "-" "Mozilla/5.0 (compatible; MJ12bot/v1.4.8; http://mj12bot.com/)"
95.217.109.26 - - [03/Apr/2025:17:30:56 +0330] "GET /product-category/%DA%86%D9%84%D9%88%D9%BE%D8%A7%DA%A9%D8%B3%D8%AA%D8%A7%D9%86%DB%8C/?lokasie=/usr/lib/kbd/keymaps/xkb/de-tr.map.gz&loknya=/usr/lib/kbd/keymaps/xkb HTTP/1.1" 200 1989 "-" "Mozilla/5.0 (compatible; MJ12bot/v1.4.8; http://mj12bot.com/)"
95.217.109.26 - - [03/Apr/2025:17:28:03 +0330] "GET /product-category/%DA%86%D9%84%D9%88%D9%BE%D8%A7%DA%A9%D8%B3%D8%AA%D8%A7%D9%86%DB%8C/?lokasie=/usr/lib/kbd/keymaps/xkb/de-deadacute.map.gz&loknya=/usr/lib/kbd/keymaps/xkb HTTP/1.1" 200 1994 "-" "Mozilla/5.0 (compatible; MJ12bot/v1.4.8; http://mj12bot.com/)"
95.217.109.26 - - [03/Apr/2025:17:28:17 +0330] "GET /product-category/%DA%86%D9%84%D9%88%D9%BE%D8%A7%DA%A9%D8%B3%D8%AA%D8%A7%D9%86%DB%8C/?lokasie=/usr/lib/kbd/keymaps/xkb/de-deadgraveacute.map.gz&loknya=/usr/lib/kbd/keymaps/xkb HTTP/1.1" 200 1998 "-" "Mozilla/5.0 (compatible; MJ12bot/v1.4.8; http://mj12bot.com/)"
47.79.123.250 - - [03/Apr/2025:17:28:12 +0330] "GET /2024/08/26/10-best-casinos-on-the-internet-2024-casino-internet-sites-with-larger-winnings HTTP/1.1" 200 3955 "https://sitsaz202.ir/2024/08/26/10-best-casinos-on-the-internet-2024-casino-internet-sites-with-larger-winnings" "Mozilla/5.0 (Windows NT 10.0; Win64; x64) AppleWebKit/537.36 (KHTML, like Gecko) Chrome/114.0.0.0 Safari/537.36 Edg/114.0.1823.43"
65.108.125.120 - - [03/Apr/2025:17:28:21 +0330] "GET /product-category/%DA%86%D9%84%D9%88%D9%BE%D8%A7%DA%A9%D8%B3%D8%AA%D8%A7%D9%86%DB%8C/?lokasie=/usr/libexec/git-core//git-hash-object&loknya=/usr/libexec/git-core/ HTTP/1.1" 200 1975 "-" "Mozilla/5.0 (compatible; MJ12bot/v1.4.8; http://mj12bot.com/)"
95.217.109.26 - - [03/Apr/2025:17:28:34 +0330] "GET /product-category/%DA%86%D9%84%D9%88%D9%BE%D8%A7%DA%A9%D8%B3%D8%AA%D8%A7%D9%86%DB%8C/?lokasie=/usr/lib/kbd/keymaps/xkb/de-dsb.map.gz&loknya=/usr/lib/kbd/keymaps/xkb HTTP/1.1" 200 1990 "-" "Mozilla/5.0 (compatible; MJ12bot/v1.4.8; http://mj12bot.com/)"
95.217.109.26 - - [03/Apr/2025:17:28:50 +0330] "GET /product-category/%DA%86%D9%84%D9%88%D9%BE%D8%A7%DA%A9%D8%B3%D8%AA%D8%A7%D9%86%DB%8C/?lokasie=/usr/lib/kbd/keymaps/xkb/de-dsb_qwertz.map.gz&loknya=/usr/lib/kbd/keymaps/xkb HTTP/1.1" 200 1996 "-" "Mozilla/5.0 (compatible; MJ12bot/v1.4.8; http://mj12bot.com/)"
95.217.109.26 - - [03/Apr/2025:17:28:57 +0330] "GET /product-category/%DA%86%D9%84%D9%88%D9%BE%D8%A7%DA%A9%D8%B3%D8%AA%D8%A7%D9%86%DB%8C/?lokasie=/usr/lib/kbd/keymaps/xkb/de-dvorak.map.gz&loknya=/usr/lib/kbd/keymaps/xkb HTTP/1.1" 200 1993 "-" "Mozilla/5.0 (compatible; MJ12bot/v1.4.8; http://mj12bot.com/)"
65.108.125.120 - - [03/Apr/2025:17:29:09 +0330] "GET /product-category/%DA%86%D9%84%D9%88%D9%BE%D8%A7%DA%A9%D8%B3%D8%AA%D8%A7%D9%86%DB%8C/?lokasie=/usr/libexec/git-core//git-hook&loknya=/usr/libexec/git-core/ HTTP/1.1" 200 1970 "-" "Mozilla/5.0 (compatible; MJ12bot/v1.4.8; http://mj12bot.com/)"
65.108.125.120 - - [03/Apr/2025:17:29:15 +0330] "GET /product-category/%DA%86%D9%84%D9%88%D9%BE%D8%A7%DA%A9%D8%B3%D8%AA%D8%A7%D9%86%DB%8C/?lokasie=/usr/libexec/git-core//git-http-backend&loknya=/usr/libexec/git-core/ HTTP/1.1" 200 1975 "-" "Mozilla/5.0 (compatible; MJ12bot/v1.4.8; http://mj12bot.com/)"
65.108.125.120 - - [03/Apr/2025:17:29:26 +0330] "GET /product-category/%DA%86%D9%84%D9%88%D9%BE%D8%A7%DA%A9%D8%B3%D8%AA%D8%A7%D9%86%DB%8C/?lokasie=/usr/libexec/git-core//git-http-fetch&loknya=/usr/libexec/git-core/ HTTP/1.1" 200 1974 "-" "Mozilla/5.0 (compatible; MJ12bot/v1.4.8; http://mj12bot.com/)"
95.217.109.26 - - [03/Apr/2025:17:29:42 +0330] "GET /product-category/%DA%86%D9%84%D9%88%D9%BE%D8%A7%DA%A9%D8%B3%D8%AA%D8%A7%D9%86%DB%8C/?lokasie=/usr/lib/kbd/keymaps/xkb/de-qwerty.map.gz&loknya=/usr/lib/kbd/keymaps/xkb HTTP/1.1" 200 1993 "-" "Mozilla/5.0 (compatible; MJ12bot/v1.4.8; http://mj12bot.com/)"
47.79.98.230 - - [03/Apr/2025:17:30:08 +0330] "GET /2023/03/16/how-to-try-out-blackjack-the-complete-beginners-guid-2 HTTP/1.1" 200 3956 "https://sitsaz202.ir/2023/03/16/how-to-try-out-blackjack-the-complete-beginners-guid-2" "Mozilla/5.0 (Windows NT 10.0; Win64; x64) AppleWebKit/537.36 (KHTML, like Gecko) Chrome/114.0.0.0 Safari/537.36 Edg/114.0.1823.43"
178.239.150.4 - - [03/Apr/2025:17:32:22 +0330] "POST /wp-cron.php?doing_wp_cron=1743688942.1351549625396728515625 HTTP/1.1" 200 20 "-" "WordPress/6.6; https://sitsaz202.ir"
95.217.109.26 - - [03/Apr/2025:17:31:11 +0330] "GET /product-category/%DA%86%D9%84%D9%88%D9%BE%D8%A7%DA%A9%D8%B3%D8%AA%D8%A7%D9%86%DB%8C/?lokasie=/usr/lib/kbd/keymaps/xkb/de.map.gz&loknya=/usr/lib/kbd/keymaps/xkb HTTP/1.1" 200 1987 "-" "Mozilla/5.0 (compatible; MJ12bot/v1.4.8; http://mj12bot.com/)"
65.108.125.120 - - [03/Apr/2025:17:29:49 +0330] "GET /product-category/%DA%86%D9%84%D9%88%D9%BE%D8%A7%DA%A9%D8%B3%D8%AA%D8%A7%D9%86%DB%8C/?lokasie=/usr/libexec/git-core//git-index-pack&loknya=/usr/libexec/git-core/ HTTP/1.1" 200 1972 "-" "Mozilla/5.0 (compatible; MJ12bot/v1.4.8; http://mj12bot.com/)"
18.191.132.143 - - [03/Apr/2025:17:31:42 +0330] "GET /index.php?loknya=%2Fhome%2Fsitsaz202%2Fpublic_html%2F.wp-cli HTTP/2" 200 0 "-" "Mozilla/5.0 AppleWebKit/537.36 (KHTML, like Gecko; compatible; ClaudeBot/1.0; +claudebot@anthropic.com)"
178.239.150.4 - - [03/Apr/2025:17:32:22 +0330] "POST /wp-cron.php?doing_wp_cron=1743688942.1902720928192138671875 HTTP/1.1" 200 20 "-" "WordPress/6.6; https://sitsaz202.ir"
95.217.109.26 - - [03/Apr/2025:17:31:20 +0330] "GET /product-category/%DA%86%D9%84%D9%88%D9%BE%D8%A7%DA%A9%D8%B3%D8%AA%D8%A7%D9%86%DB%8C/?lokasie=/usr/lib/kbd/keymaps/xkb/dk-dvorak.map.gz&loknya=/usr/lib/kbd/keymaps/xkb HTTP/1.1" 200 34084 "-" "Mozilla/5.0 (compatible; MJ12bot/v1.4.8; http://mj12bot.com/)"
47.82.10.96 - - [03/Apr/2025:17:32:20 +0330] "GET /2024/08/14/swisscom-pay HTTP/1.1" 200 3955 "https://sitsaz202.ir/2024/08/14/swisscom-pay" "Mozilla/5.0 (Windows NT 10.0; Win64; x64) AppleWebKit/537.36 (KHTML, like Gecko) Chrome/114.0.0.0 Safari/537.36 Edg/114.0.1823.43"
178.239.150.4 - - [03/Apr/2025:17:32:44 +0330] "POST /wp-cron.php?doing_wp_cron=1743688964.0633571147918701171875 HTTP/1.1" 200 20 "-" "WordPress/6.6; https://sitsaz202.ir"
47.79.117.165 - - [03/Apr/2025:17:32:42 +0330] "GET /2024/08/13/netherlands-women-a-womans-perspective HTTP/1.1" 200 3948 "https://sitsaz202.ir/2024/08/13/netherlands-women-a-womans-perspective" "Mozilla/5.0 (Windows NT 10.0; Win64; x64) AppleWebKit/537.36 (KHTML, like Gecko) Chrome/114.0.0.0 Safari/537.36 Edg/114.0.1823.43"
65.108.125.120 - - [03/Apr/2025:17:31:49 +0330] "GET /product-category/%DA%86%D9%84%D9%88%D9%BE%D8%A7%DA%A9%D8%B3%D8%AA%D8%A7%D9%86%DB%8C/?lokasie=/usr/libexec/git-core//git-log&loknya=/usr/libexec/git-core/ HTTP/1.1" 200 34095 "-" "Mozilla/5.0 (compatible; MJ12bot/v1.4.8; http://mj12bot.com/)"
47.79.119.20 - - [03/Apr/2025:17:32:00 +0330] "GET /2024/08/12/juegos-de-casino-regalado-tratar-todos-los-juegos-casino-en-castellano HTTP/1.1" 200 0 "https://sitsaz202.ir/2024/08/12/juegos-de-casino-regalado-tratar-todos-los-juegos-casino-en-castellano" "Mozilla/5.0 (Windows NT 10.0; Win64; x64) AppleWebKit/537.36 (KHTML, like Gecko) Chrome/114.0.0.0 Safari/537.36 Edg/114.0.1823.43"
95.217.109.26 - - [03/Apr/2025:17:32:47 +0330] "GET /product-category/%DA%86%D9%84%D9%88%D9%BE%D8%A7%DA%A9%D8%B3%D8%AA%D8%A7%D9%86%DB%8C/?lokasie=/usr/lib/kbd/keymaps/xkb/dk-mac_nodeadkeys.map.gz&loknya=/usr/lib/kbd/keymaps/xkb HTTP/1.1" 200 1997 "-" "Mozilla/5.0 (compatible; MJ12bot/v1.4.8; http://mj12bot.com/)"
65.108.125.120 - - [03/Apr/2025:17:32:52 +0330] "GET /product-category/%DA%86%D9%84%D9%88%D9%BE%D8%A7%DA%A9%D8%B3%D8%AA%D8%A7%D9%86%DB%8C/?lokasie=/usr/libexec/git-core//git-ls-files&loknya=/usr/libexec/git-core/ HTTP/1.1" 200 1972 "-" "Mozilla/5.0 (compatible; MJ12bot/v1.4.8; http://mj12bot.com/)"
65.108.125.120 - - [03/Apr/2025:17:33:15 +0330] "GET /product-category/%DA%86%D9%84%D9%88%D9%BE%D8%A7%DA%A9%D8%B3%D8%AA%D8%A7%D9%86%DB%8C/?lokasie=/usr/libexec/git-core//git-ls-remote&loknya=/usr/libexec/git-core/ HTTP/1.1" 200 1973 "-" "Mozilla/5.0 (compatible; MJ12bot/v1.4.8; http://mj12bot.com/)"
65.108.125.120 - - [03/Apr/2025:17:33:51 +0330] "GET /product-category/%DA%86%D9%84%D9%88%D9%BE%D8%A7%DA%A9%D8%B3%D8%AA%D8%A7%D9%86%DB%8C/?lokasie=/usr/libexec/git-core//git-mailinfo&loknya=/usr/libexec/git-core/ HTTP/1.1" 200 1972 "-" "Mozilla/5.0 (compatible; MJ12bot/v1.4.8; http://mj12bot.com/)"
178.239.150.4 - - [03/Apr/2025:17:32:51 +0330] "POST /wp-cron.php?doing_wp_cron=1743688971.2800700664520263671875 HTTP/1.1" 200 20 "-" "WordPress/6.6; https://sitsaz202.ir"
65.108.125.120 - - [03/Apr/2025:17:31:06 +0330] "GET /product-category/%DA%86%D9%84%D9%88%D9%BE%D8%A7%DA%A9%D8%B3%D8%AA%D8%A7%D9%86%DB%8C/?lokasie=/usr/libexec/git-core//git-interpret-trailers&loknya=/usr/libexec/git-core/ HTTP/1.1" 200 1977 "-" "Mozilla/5.0 (compatible; MJ12bot/v1.4.8; http://mj12bot.com/)"
178.239.150.4 - - [03/Apr/2025:17:33:05 +0330] "POST /wp-cron.php?doing_wp_cron=1743688985.4820818901062011718750 HTTP/1.1" 200 20 "-" "WordPress/6.6; https://sitsaz202.ir"
95.217.109.26 - - [03/Apr/2025:17:32:04 +0330] "GET /product-category/%DA%86%D9%84%D9%88%D9%BE%D8%A7%DA%A9%D8%B3%D8%AA%D8%A7%D9%86%DB%8C/?lokasie=/usr/lib/kbd/keymaps/xkb/dk-mac.map.gz&loknya=/usr/lib/kbd/keymaps/xkb HTTP/1.1" 200 34095 "-" "Mozilla/5.0 (compatible; MJ12bot/v1.4.8; http://mj12bot.com/)"
95.217.109.26 - - [03/Apr/2025:17:33:04 +0330] "GET /product-category/%DA%86%D9%84%D9%88%D9%BE%D8%A7%DA%A9%D8%B3%D8%AA%D8%A7%D9%86%DB%8C/?lokasie=/usr/lib/kbd/keymaps/xkb/dk-nodeadkeys.map.gz&loknya=/usr/lib/kbd/keymaps/xkb HTTP/1.1" 200 1994 "-" "Mozilla/5.0 (compatible; MJ12bot/v1.4.8; http://mj12bot.com/)"
95.217.109.26 - - [03/Apr/2025:17:33:14 +0330] "GET /product-category/%DA%86%D9%84%D9%88%D9%BE%D8%A7%DA%A9%D8%B3%D8%AA%D8%A7%D9%86%DB%8C/?lokasie=/usr/lib/kbd/keymaps/xkb/dk-winkeys.map.gz&loknya=/usr/lib/kbd/keymaps/xkb HTTP/1.1" 200 1993 "-" "Mozilla/5.0 (compatible; MJ12bot/v1.4.8; http://mj12bot.com/)"
47.82.10.187 - - [03/Apr/2025:17:33:21 +0330] "GET /2024/08/15/royal-treasures-slot-machine-game-to-play-free HTTP/1.1" 200 3950 "https://sitsaz202.ir/2024/08/15/royal-treasures-slot-machine-game-to-play-free" "Mozilla/5.0 (Windows NT 10.0; Win64; x64) AppleWebKit/537.36 (KHTML, like Gecko) Chrome/114.0.0.0 Safari/537.36 Edg/114.0.1823.43"
95.217.109.26 - - [03/Apr/2025:17:33:24 +0330] "GET /product-category/%DA%86%D9%84%D9%88%D9%BE%D8%A7%DA%A9%D8%B3%D8%AA%D8%A7%D9%86%DB%8C/?lokasie=/usr/lib/kbd/keymaps/xkb/dk.map.gz&loknya=/usr/lib/kbd/keymaps/xkb HTTP/1.1" 200 1988 "-" "Mozilla/5.0 (compatible; MJ12bot/v1.4.8; http://mj12bot.com/)"
95.217.109.26 - - [03/Apr/2025:17:33:34 +0330] "GET /product-category/%DA%86%D9%84%D9%88%D9%BE%D8%A7%DA%A9%D8%B3%D8%AA%D8%A7%D9%86%DB%8C/?lokasie=/usr/lib/kbd/keymaps/xkb/dz.map.gz&loknya=/usr/lib/kbd/keymaps/xkb HTTP/1.1" 200 1988 "-" "Mozilla/5.0 (compatible; MJ12bot/v1.4.8; http://mj12bot.com/)"
65.108.125.120 - - [03/Apr/2025:17:33:28 +0330] "GET /product-category/%DA%86%D9%84%D9%88%D9%BE%D8%A7%DA%A9%D8%B3%D8%AA%D8%A7%D9%86%DB%8C/?lokasie=/usr/libexec/git-core//git-ls-tree&loknya=/usr/libexec/git-core/ HTTP/1.1" 200 1972 "-" "Mozilla/5.0 (compatible; MJ12bot/v1.4.8; http://mj12bot.com/)"
95.217.109.26 - - [03/Apr/2025:17:33:44 +0330] "GET /product-category/%DA%86%D9%84%D9%88%D9%BE%D8%A7%DA%A9%D8%B3%D8%AA%D8%A7%D9%86%DB%8C/?lokasie=/usr/lib/kbd/keymaps/xkb/ee-dvorak.map.gz&loknya=/usr/lib/kbd/keymaps/xkb HTTP/1.1" 200 1993 "-" "Mozilla/5.0 (compatible; MJ12bot/v1.4.8; http://mj12bot.com/)"
65.108.125.120 - - [03/Apr/2025:17:34:07 +0330] "GET /product-category/%DA%86%D9%84%D9%88%D9%BE%D8%A7%DA%A9%D8%B3%D8%AA%D8%A7%D9%86%DB%8C/?lokasie=/usr/libexec/git-core//git-maintenance&loknya=/usr/libexec/git-core/ HTTP/1.1" 200 1974 "-" "Mozilla/5.0 (compatible; MJ12bot/v1.4.8; http://mj12bot.com/)"
18.191.187.115 - - [03/Apr/2025:17:34:21 +0330] "GET /robots.txt HTTP/1.1" 200 92 "-" "Mozilla/5.0 AppleWebKit/537.36 (KHTML, like Gecko; compatible; ClaudeBot/1.0; +claudebot@anthropic.com)"
47.82.10.229 - - [03/Apr/2025:17:34:26 +0330] "GET /2024/08/19/kak-maksimizirovat-bonusy-v-kazino-optimizatsiya-i-strategii-dlya-bolshikh-vyigryshey-report-statistics-and-facts HTTP/1.1" 200 3954 "https://sitsaz202.ir/2024/08/19/kak-maksimizirovat-bonusy-v-kazino-optimizatsiya-i-strategii-dlya-bolshikh-vyigryshey-report-statistics-and-facts" "Mozilla/5.0 (Windows NT 10.0; Win64; x64) AppleWebKit/537.36 (KHTML, like Gecko) Chrome/114.0.0.0 Safari/537.36 Edg/114.0.1823.43"
18.216.131.153 - - [03/Apr/2025:17:34:36 +0330] "GET /index.php?loknya=%2Fhome%2Fsitsaz202%2Fpublic_html%2Fwp-includes HTTP/2" 200 0 "-" "Mozilla/5.0 AppleWebKit/537.36 (KHTML, like Gecko; compatible; ClaudeBot/1.0; +claudebot@anthropic.com)"
95.217.109.26 - - [03/Apr/2025:17:33:53 +0330] "GET /product-category/%DA%86%D9%84%D9%88%D9%BE%D8%A7%DA%A9%D8%B3%D8%AA%D8%A7%D9%86%DB%8C/?lokasie=/usr/lib/kbd/keymaps/xkb/ee-nodeadkeys.map.gz&loknya=/usr/lib/kbd/keymaps/xkb HTTP/1.1" 200 34098 "-" "Mozilla/5.0 (compatible; MJ12bot/v1.4.8; http://mj12bot.com/)"
47.79.2.14 - - [03/Apr/2025:17:35:17 +0330] "GET /2024/08/21/chatroulette-alternative HTTP/1.1" 200 3946 "https://sitsaz202.ir/2024/08/21/chatroulette-alternative" "Mozilla/5.0 (Windows NT 10.0; Win64; x64) AppleWebKit/537.36 (KHTML, like Gecko) Chrome/114.0.0.0 Safari/537.36 Edg/114.0.1823.43"
178.239.150.4 - - [03/Apr/2025:17:35:31 +0330] "POST /wp-cron.php?doing_wp_cron=1743689131.3046200275421142578125 HTTP/1.1" 200 20 "-" "WordPress/6.6; https://sitsaz202.ir"
47.82.10.89 - - [03/Apr/2025:17:34:29 +0330] "GET /category/%D8%AF%D8%B3%D8%AA%D9%87%D8%A8%D9%86%D8%AF%DB%8C-%D9%86%D8%B4%D8%AF%D9%87/page/466 HTTP/1.1" 404 29775 "https://sitsaz202.ir/category/%D8%AF%D8%B3%D8%AA%D9%87%D8%A8%D9%86%D8%AF%DB%8C-%D9%86%D8%B4%D8%AF%D9%87/page/466" "Mozilla/5.0 (Windows NT 10.0; Win64; x64) AppleWebKit/537.36 (KHTML, like Gecko) Chrome/114.0.0.0 Safari/537.36 Edg/114.0.1823.43"
178.239.150.4 - - [03/Apr/2025:17:35:38 +0330] "POST /wp-cron.php?doing_wp_cron=1743689138.2534520626068115234375 HTTP/1.1" 200 20 "-" "WordPress/6.6; https://sitsaz202.ir"
95.217.109.26 - - [03/Apr/2025:17:34:36 +0330] "GET /product-category/%DA%86%D9%84%D9%88%D9%BE%D8%A7%DA%A9%D8%B3%D8%AA%D8%A7%D9%86%DB%8C/?lokasie=/usr/lib/kbd/keymaps/xkb/ee-us.map.gz&loknya=/usr/lib/kbd/keymaps/xkb HTTP/1.1" 200 34090 "-" "Mozilla/5.0 (compatible; MJ12bot/v1.4.8; http://mj12bot.com/)"
65.108.125.120 - - [03/Apr/2025:17:34:57 +0330] "GET /product-category/%DA%86%D9%84%D9%88%D9%BE%D8%A7%DA%A9%D8%B3%D8%AA%D8%A7%D9%86%DB%8C/?lokasie=/usr/libexec/git-core//git-merge-base&loknya=/usr/libexec/git-core/ HTTP/1.1" 200 34095 "-" "Mozilla/5.0 (compatible; MJ12bot/v1.4.8; http://mj12bot.com/)"
65.108.125.120 - - [03/Apr/2025:17:36:24 +0330] "GET /product-category/%DA%86%D9%84%D9%88%D9%BE%D8%A7%DA%A9%D8%B3%D8%AA%D8%A7%D9%86%DB%8C/?lokasie=/usr/libexec/git-core//git-merge-index&loknya=/usr/libexec/git-core/ HTTP/1.1" 200 1973 "-" "Mozilla/5.0 (compatible; MJ12bot/v1.4.8; http://mj12bot.com/)"
178.239.150.4 - - [03/Apr/2025:17:37:01 +0330] "POST /wp-cron.php?doing_wp_cron=1743689220.9975800514221191406250 HTTP/1.1" 200 20 "-" "WordPress/6.6; https://sitsaz202.ir"
95.217.109.26 - - [03/Apr/2025:17:35:20 +0330] "GET /product-category/%DA%86%D9%84%D9%88%D9%BE%D8%A7%DA%A9%D8%B3%D8%AA%D8%A7%D9%86%DB%8C/?lokasie=/usr/lib/kbd/keymaps/xkb/ee.map.gz&loknya=/usr/lib/kbd/keymaps/xkb HTTP/1.1" 200 1987 "-" "Mozilla/5.0 (compatible; MJ12bot/v1.4.8; http://mj12bot.com/)"
65.108.125.120 - - [03/Apr/2025:17:37:18 +0330] "GET /product-category/%DA%86%D9%84%D9%88%D9%BE%D8%A7%DA%A9%D8%B3%D8%AA%D8%A7%D9%86%DB%8C/?lokasie=/usr/libexec/git-core//git-merge-ours&loknya=/usr/libexec/git-core/ HTTP/1.1" 200 1974 "-" "Mozilla/5.0 (compatible; MJ12bot/v1.4.8; http://mj12bot.com/)"
95.217.109.26 - - [03/Apr/2025:17:37:36 +0330] "GET /product-category/%DA%86%D9%84%D9%88%D9%BE%D8%A7%DA%A9%D8%B3%D8%AA%D8%A7%D9%86%DB%8C/?lokasie=/usr/lib/kbd/keymaps/xkb/es-cat.map.gz&loknya=/usr/lib/kbd/keymaps/xkb HTTP/1.1" 200 1990 "-" "Mozilla/5.0 (compatible; MJ12bot/v1.4.8; http://mj12bot.com/)"
65.108.125.120 - - [03/Apr/2025:17:33:59 +0330] "GET /product-category/%DA%86%D9%84%D9%88%D9%BE%D8%A7%DA%A9%D8%B3%D8%AA%D8%A7%D9%86%DB%8C/?lokasie=/usr/libexec/git-core//git-mailsplit&loknya=/usr/libexec/git-core/ HTTP/1.1" 200 1973 "-" "Mozilla/5.0 (compatible; MJ12bot/v1.4.8; http://mj12bot.com/)"
18.191.187.115 - - [03/Apr/2025:17:34:23 +0330] "GET /?loknya=%2Fhome HTTP/2" 200 0 "-" "Mozilla/5.0 AppleWebKit/537.36 (KHTML, like Gecko; compatible; ClaudeBot/1.0; +claudebot@anthropic.com)"
178.239.150.4 - - [03/Apr/2025:17:34:55 +0330] "POST /wp-cron.php?doing_wp_cron=1743689095.3235270977020263671875 HTTP/1.1" 200 20 "-" "WordPress/6.6; https://sitsaz202.ir"
178.239.150.4 - - [03/Apr/2025:17:35:58 +0330] "POST /wp-cron.php?doing_wp_cron=1743689158.6733419895172119140625 HTTP/1.1" 200 20 "-" "WordPress/6.6; https://sitsaz202.ir"
65.108.125.120 - - [03/Apr/2025:17:34:14 +0330] "GET /product-category/%DA%86%D9%84%D9%88%D9%BE%D8%A7%DA%A9%D8%B3%D8%AA%D8%A7%D9%86%DB%8C/?lokasie=/usr/libexec/git-core//git-merge&loknya=/usr/libexec/git-core/ HTTP/1.1" 500 384 "-" "Mozilla/5.0 (compatible; MJ12bot/v1.4.8; http://mj12bot.com/)"
95.217.109.26 - - [03/Apr/2025:17:36:03 +0330] "GET /product-category/%DA%86%D9%84%D9%88%D9%BE%D8%A7%DA%A9%D8%B3%D8%AA%D8%A7%D9%86%DB%8C/?lokasie=/usr/lib/kbd/keymaps/xkb/epo-legacy.map.gz&loknya=/usr/lib/kbd/keymaps/xkb HTTP/1.1" 200 1993 "-" "Mozilla/5.0 (compatible; MJ12bot/v1.4.8; http://mj12bot.com/)"
95.217.109.26 - - [03/Apr/2025:17:36:37 +0330] "GET /product-category/%DA%86%D9%84%D9%88%D9%BE%D8%A7%DA%A9%D8%B3%D8%AA%D8%A7%D9%86%DB%8C/?lokasie=/usr/lib/kbd/keymaps/xkb/epo.map.gz&loknya=/usr/lib/kbd/keymaps/xkb HTTP/1.1" 200 1988 "-" "Mozilla/5.0 (compatible; MJ12bot/v1.4.8; http://mj12bot.com/)"
65.108.125.120 - - [03/Apr/2025:17:36:49 +0330] "GET /product-category/%DA%86%D9%84%D9%88%D9%BE%D8%A7%DA%A9%D8%B3%D8%AA%D8%A7%D9%86%DB%8C/?lokasie=/usr/libexec/git-core//git-merge-octopus&loknya=/usr/libexec/git-core/ HTTP/1.1" 200 3158 "-" "Mozilla/5.0 (compatible; MJ12bot/v1.4.8; http://mj12bot.com/)"
47.82.10.70 - - [03/Apr/2025:17:35:00 +0330] "GET /2024/08/19/paypal-kasino-brd-2024 HTTP/1.1" 500 384 "https://sitsaz202.ir/2024/08/19/paypal-kasino-brd-2024" "Mozilla/5.0 (Windows NT 10.0; Win64; x64) AppleWebKit/537.36 (KHTML, like Gecko) Chrome/114.0.0.0 Safari/537.36 Edg/114.0.1823.43"
65.108.125.120 - - [03/Apr/2025:17:35:59 +0330] "GET /product-category/%DA%86%D9%84%D9%88%D9%BE%D8%A7%DA%A9%D8%B3%D8%AA%D8%A7%D9%86%DB%8C/?lokasie=/usr/libexec/git-core//git-merge-file&loknya=/usr/libexec/git-core/ HTTP/1.1" 200 34101 "-" "Mozilla/5.0 (compatible; MJ12bot/v1.4.8; http://mj12bot.com/)"
3.22.248.193 - - [03/Apr/2025:17:37:00 +0330] "GET /index.php?loknya=%2Fhome%2Fsitsaz202%2Fpublic_html%2Fxx HTTP/2" 200 0 "-" "Mozilla/5.0 AppleWebKit/537.36 (KHTML, like Gecko; compatible; ClaudeBot/1.0; +claudebot@anthropic.com)"
65.108.125.120 - - [03/Apr/2025:17:36:57 +0330] "GET /product-category/%DA%86%D9%84%D9%88%D9%BE%D8%A7%DA%A9%D8%B3%D8%AA%D8%A7%D9%86%DB%8C/?lokasie=/usr/libexec/git-core//git-merge-one-file&loknya=/usr/libexec/git-core/ HTTP/1.1" 200 3555 "-" "Mozilla/5.0 (compatible; MJ12bot/v1.4.8; http://mj12bot.com/)"
65.108.125.120 - - [03/Apr/2025:17:38:02 +0330] "GET /product-category/%DA%86%D9%84%D9%88%D9%BE%D8%A7%DA%A9%D8%B3%D8%AA%D8%A7%D9%86%DB%8C/?lokasie=/usr/libexec/git-core//git-merge-resolve&loknya=/usr/libexec/git-core/ HTTP/1.1" 200 2646 "-" "Mozilla/5.0 (compatible; MJ12bot/v1.4.8; http://mj12bot.com/)"
95.217.109.26 - - [03/Apr/2025:17:38:00 +0330] "GET /product-category/%DA%86%D9%84%D9%88%D9%BE%D8%A7%DA%A9%D8%B3%D8%AA%D8%A7%D9%86%DB%8C/?lokasie=/usr/lib/kbd/keymaps/xkb/es-dvorak.map.gz&loknya=/usr/lib/kbd/keymaps/xkb HTTP/1.1" 200 1993 "-" "Mozilla/5.0 (compatible; MJ12bot/v1.4.8; http://mj12bot.com/)"
95.217.109.26 - - [03/Apr/2025:17:36:53 +0330] "GET /product-category/%DA%86%D9%84%D9%88%D9%BE%D8%A7%DA%A9%D8%B3%D8%AA%D8%A7%D9%86%DB%8C/?lokasie=/usr/lib/kbd/keymaps/xkb/es-ast.map.gz&loknya=/usr/lib/kbd/keymaps/xkb HTTP/1.1" 200 34098 "-" "Mozilla/5.0 (compatible; MJ12bot/v1.4.8; http://mj12bot.com/)"
95.217.109.26 - - [03/Apr/2025:17:37:47 +0330] "GET /product-category/%DA%86%D9%84%D9%88%D9%BE%D8%A7%DA%A9%D8%B3%D8%AA%D8%A7%D9%86%DB%8C/?lokasie=/usr/lib/kbd/keymaps/xkb/es-deadtilde.map.gz&loknya=/usr/lib/kbd/keymaps/xkb HTTP/1.1" 200 1994 "-" "Mozilla/5.0 (compatible; MJ12bot/v1.4.8; http://mj12bot.com/)"
65.108.125.120 - - [03/Apr/2025:17:37:35 +0330] "GET /product-category/%DA%86%D9%84%D9%88%D9%BE%D8%A7%DA%A9%D8%B3%D8%AA%D8%A7%D9%86%DB%8C/?lokasie=/usr/libexec/git-core//git-merge-recursive&loknya=/usr/libexec/git-core/ HTTP/1.1" 200 1977 "-" "Mozilla/5.0 (compatible; MJ12bot/v1.4.8; http://mj12bot.com/)"
3.147.86.123 - - [03/Apr/2025:17:37:56 +0330] "GET /index.php?loknya=%2Fhome%2Fsitsaz202%2Fpublic_html%2Fll HTTP/2" 200 0 "-" "Mozilla/5.0 AppleWebKit/537.36 (KHTML, like Gecko; compatible; ClaudeBot/1.0; +claudebot@anthropic.com)"
65.108.125.120 - - [03/Apr/2025:17:38:11 +0330] "GET /product-category/%DA%86%D9%84%D9%88%D9%BE%D8%A7%DA%A9%D8%B3%D8%AA%D8%A7%D9%86%DB%8C/?lokasie=/usr/libexec/git-core//git-merge-subtree&loknya=/usr/libexec/git-core/ HTTP/1.1" 200 1976 "-" "Mozilla/5.0 (compatible; MJ12bot/v1.4.8; http://mj12bot.com/)"
65.108.125.120 - - [03/Apr/2025:17:39:10 +0330] "GET /product-category/%DA%86%D9%84%D9%88%D9%BE%D8%A7%DA%A9%D8%B3%D8%AA%D8%A7%D9%86%DB%8C/?lokasie=/usr/libexec/git-core//git-mergetool--lib&loknya=/usr/libexec/git-core/ HTTP/1.1" 200 5686 "-" "Mozilla/5.0 (compatible; MJ12bot/v1.4.8; http://mj12bot.com/)"
95.217.109.26 - - [03/Apr/2025:17:39:15 +0330] "GET /product-category/%DA%86%D9%84%D9%88%D9%BE%D8%A7%DA%A9%D8%B3%D8%AA%D8%A7%D9%86%DB%8C/?lokasie=/usr/lib/kbd/keymaps/xkb/es-winkeys.map.gz&loknya=/usr/lib/kbd/keymaps/xkb HTTP/1.1" 200 1992 "-" "Mozilla/5.0 (compatible; MJ12bot/v1.4.8; http://mj12bot.com/)"
65.108.125.120 - - [03/Apr/2025:17:39:19 +0330] "GET /product-category/%DA%86%D9%84%D9%88%D9%BE%D8%A7%DA%A9%D8%B3%D8%AA%D8%A7%D9%86%DB%8C/?lokasie=/usr/libexec/git-core//git-mktag&loknya=/usr/libexec/git-core/ HTTP/1.1" 200 1971 "-" "Mozilla/5.0 (compatible; MJ12bot/v1.4.8; http://mj12bot.com/)"
95.217.109.26 - - [03/Apr/2025:17:39:24 +0330] "GET /product-category/%DA%86%D9%84%D9%88%D9%BE%D8%A7%DA%A9%D8%B3%D8%AA%D8%A7%D9%86%DB%8C/?lokasie=/usr/lib/kbd/keymaps/xkb/es.map.gz&loknya=/usr/lib/kbd/keymaps/xkb HTTP/1.1" 200 1987 "-" "Mozilla/5.0 (compatible; MJ12bot/v1.4.8; http://mj12bot.com/)"
65.108.125.120 - - [03/Apr/2025:17:39:27 +0330] "GET /product-category/%DA%86%D9%84%D9%88%D9%BE%D8%A7%DA%A9%D8%B3%D8%AA%D8%A7%D9%86%DB%8C/?lokasie=/usr/libexec/git-core//git-mktree&loknya=/usr/libexec/git-core/ HTTP/1.1" 200 1971 "-" "Mozilla/5.0 (compatible; MJ12bot/v1.4.8; http://mj12bot.com/)"
