65.108.125.120 - - [03/Apr/2025:16:50:04 +0330] "GET /product-category/%DA%86%D9%84%D9%88%D9%BE%D8%A7%DA%A9%D8%B3%D8%AA%D8%A7%D9%86%DB%8C/?lokasie=/usr/lib/systemd/system/initrd.target.wants/dracut-initqueue.service&loknya=/usr/lib/systemd/system/initrd.target.wants HTTP/1.1" 200 2431 "-" "Mozilla/5.0 (compatible; MJ12bot/v1.4.8; http://mj12bot.com/)"
192.99.7.188 - - [03/Apr/2025:16:48:48 +0330] "GET /product-category/%DA%86%D9%84%D9%88%D8%A7%DB%8C%D8%B1%D8%A7%D9%86%DB%8C/?lokasie=/bin/fc-query&loknya=/bin HTTP/1.1" 200 1946 "-" "Mozilla/5.0 (compatible; MJ12bot/v1.4.8; http://mj12bot.com/)"
192.99.7.188 - - [03/Apr/2025:16:50:05 +0330] "GET /product-category/%DA%86%D9%84%D9%88%D8%A7%DB%8C%D8%B1%D8%A7%D9%86%DB%8C/?lokasie=/bin/python3.6m&loknya=/bin HTTP/1.1" 200 1947 "-" "Mozilla/5.0 (compatible; MJ12bot/v1.4.8; http://mj12bot.com/)"
192.99.7.188 - - [03/Apr/2025:16:50:22 +0330] "GET /product-category/%DA%86%D9%84%D9%88%D8%A7%DB%8C%D8%B1%D8%A7%D9%86%DB%8C/?lokasie=/bin/sha256sum&loknya=/bin HTTP/1.1" 200 1945 "-" "Mozilla/5.0 (compatible; MJ12bot/v1.4.8; http://mj12bot.com/)"
65.108.125.120 - - [03/Apr/2025:16:50:34 +0330] "GET /product-category/%DA%86%D9%84%D9%88%D9%BE%D8%A7%DA%A9%D8%B3%D8%AA%D8%A7%D9%86%DB%8C/?lokasie=/usr/lib/systemd/system/initrd.target.wants/dracut-pre-pivot.service&loknya=/usr/lib/systemd/system/initrd.target.wants HTTP/1.1" 200 2505 "-" "Mozilla/5.0 (compatible; MJ12bot/v1.4.8; http://mj12bot.com/)"
95.217.109.26 - - [03/Apr/2025:16:49:32 +0330] "GET /product-category/%DA%86%D9%84%D9%88%D9%BE%D8%A7%DA%A9%D8%B3%D8%AA%D8%A7%D9%86%DB%8C/?lokasie=/usr/lib/kbd/consolefonts/lat9u-08.psfu.gz&loknya=/usr/lib/kbd/consolefonts HTTP/1.1" 200 1988 "-" "Mozilla/5.0 (compatible; MJ12bot/v1.4.8; http://mj12bot.com/)"
95.217.109.26 - - [03/Apr/2025:16:48:20 +0330] "GET /product-category/%DA%86%D9%84%D9%88%D9%BE%D8%A7%DA%A9%D8%B3%D8%AA%D8%A7%D9%86%DB%8C/?lokasie=/usr/lib/kbd/consolefonts/lat9-10.psf.gz&loknya=/usr/lib/kbd/consolefonts HTTP/1.1" 200 1986 "-" "Mozilla/5.0 (compatible; MJ12bot/v1.4.8; http://mj12bot.com/)"
65.108.125.120 - - [03/Apr/2025:16:49:47 +0330] "GET /product-category/%DA%86%D9%84%D9%88%D9%BE%D8%A7%DA%A9%D8%B3%D8%AA%D8%A7%D9%86%DB%8C/?lokasie=/usr/lib/systemd/system/initrd-switch-root.target.wants/plymouth-start.service&loknya=/usr/lib/systemd/system/initrd-switch-root.target.wants HTTP/1.1" 200 2287 "-" "Mozilla/5.0 (compatible; MJ12bot/v1.4.8; http://mj12bot.com/)"
47.82.10.160 - - [03/Apr/2025:16:49:50 +0330] "GET /2024/08/17/better-100-percent-free-spins-casinos-august-2024-no-deposit-ports HTTP/1.1" 200 3948 "https://sitsaz202.ir/2024/08/17/better-100-percent-free-spins-casinos-august-2024-no-deposit-ports" "Mozilla/5.0 (Windows NT 10.0; Win64; x64) AppleWebKit/537.36 (KHTML, like Gecko) Chrome/114.0.0.0 Safari/537.36 Edg/114.0.1823.43"
95.217.109.26 - - [03/Apr/2025:16:49:42 +0330] "GET /product-category/%DA%86%D9%84%D9%88%D9%BE%D8%A7%DA%A9%D8%B3%D8%AA%D8%A7%D9%86%DB%8C/?lokasie=/usr/lib/kbd/consolefonts/lat9u-10.psfu.gz&loknya=/usr/lib/kbd/consolefonts HTTP/1.1" 200 1988 "-" "Mozilla/5.0 (compatible; MJ12bot/v1.4.8; http://mj12bot.com/)"
95.217.109.26 - - [03/Apr/2025:16:50:00 +0330] "GET /product-category/%DA%86%D9%84%D9%88%D9%BE%D8%A7%DA%A9%D8%B3%D8%AA%D8%A7%D9%86%DB%8C/?lokasie=/usr/lib/kbd/consolefonts/lat9u-12.psfu.gz&loknya=/usr/lib/kbd/consolefonts HTTP/1.1" 200 1988 "-" "Mozilla/5.0 (compatible; MJ12bot/v1.4.8; http://mj12bot.com/)"
65.108.125.120 - - [03/Apr/2025:16:50:12 +0330] "GET /product-category/%DA%86%D9%84%D9%88%D9%BE%D8%A7%DA%A9%D8%B3%D8%AA%D8%A7%D9%86%DB%8C/?lokasie=/usr/lib/systemd/system/initrd.target.wants/dracut-mount.service&loknya=/usr/lib/systemd/system/initrd.target.wants HTTP/1.1" 200 2435 "-" "Mozilla/5.0 (compatible; MJ12bot/v1.4.8; http://mj12bot.com/)"
65.108.125.120 - - [03/Apr/2025:16:50:20 +0330] "GET /product-category/%DA%86%D9%84%D9%88%D9%BE%D8%A7%DA%A9%D8%B3%D8%AA%D8%A7%D9%86%DB%8C/?lokasie=/usr/lib/systemd/system/initrd.target.wants/dracut-pre-mount.service&loknya=/usr/lib/systemd/system/initrd.target.wants HTTP/1.1" 200 2449 "-" "Mozilla/5.0 (compatible; MJ12bot/v1.4.8; http://mj12bot.com/)"
95.217.109.26 - - [03/Apr/2025:16:50:13 +0330] "GET /product-category/%DA%86%D9%84%D9%88%D9%BE%D8%A7%DA%A9%D8%B3%D8%AA%D8%A7%D9%86%DB%8C/?lokasie=/usr/lib/kbd/consolefonts/lat9u-14.psfu.gz&loknya=/usr/lib/kbd/consolefonts HTTP/1.1" 200 0 "-" "Mozilla/5.0 (compatible; MJ12bot/v1.4.8; http://mj12bot.com/)"
47.79.117.123 - - [03/Apr/2025:16:50:41 +0330] "GET /2024/08/12/step-one-deposit-gambling-establishment-nz-finest-low-deposit-casinos-inside-the-new-zealand HTTP/1.1" 200 3946 "https://sitsaz202.ir/2024/08/12/step-one-deposit-gambling-establishment-nz-finest-low-deposit-casinos-inside-the-new-zealand" "Mozilla/5.0 (Windows NT 10.0; Win64; x64) AppleWebKit/537.36 (KHTML, like Gecko) Chrome/114.0.0.0 Safari/537.36 Edg/114.0.1823.43"
65.108.125.120 - - [03/Apr/2025:16:50:42 +0330] "GET /product-category/%DA%86%D9%84%D9%88%D9%BE%D8%A7%DA%A9%D8%B3%D8%AA%D8%A7%D9%86%DB%8C/?lokasie=/usr/lib/systemd/system/initrd.target.wants/dracut-pre-trigger.service&loknya=/usr/lib/systemd/system/initrd.target.wants HTTP/1.1" 200 2461 "-" "Mozilla/5.0 (compatible; MJ12bot/v1.4.8; http://mj12bot.com/)"
95.217.109.26 - - [03/Apr/2025:16:51:03 +0330] "GET /product-category/%DA%86%D9%84%D9%88%D9%BE%D8%A7%DA%A9%D8%B3%D8%AA%D8%A7%D9%86%DB%8C/?lokasie=/usr/lib/kbd/consolefonts/lat9v-08.psfu.gz&loknya=/usr/lib/kbd/consolefonts HTTP/1.1" 200 1988 "-" "Mozilla/5.0 (compatible; MJ12bot/v1.4.8; http://mj12bot.com/)"
65.108.125.120 - - [03/Apr/2025:16:51:06 +0330] "GET /product-category/%DA%86%D9%84%D9%88%D9%BE%D8%A7%DA%A9%D8%B3%D8%AA%D8%A7%D9%86%DB%8C/?lokasie=/usr/lib/systemd/system/initrd.target.wants/dracut-pre-udev.service&loknya=/usr/lib/systemd/system/initrd.target.wants HTTP/1.1" 200 2478 "-" "Mozilla/5.0 (compatible; MJ12bot/v1.4.8; http://mj12bot.com/)"
47.82.10.95 - - [03/Apr/2025:16:51:14 +0330] "GET /2024/08/12/the-newest-20-better-megaways-slots-2023-large-rtp HTTP/1.1" 200 3948 "https://sitsaz202.ir/2024/08/12/the-newest-20-better-megaways-slots-2023-large-rtp" "Mozilla/5.0 (Windows NT 10.0; Win64; x64) AppleWebKit/537.36 (KHTML, like Gecko) Chrome/114.0.0.0 Safari/537.36 Edg/114.0.1823.43"
178.239.150.4 - - [03/Apr/2025:16:51:35 +0330] "POST /wp-cron.php?doing_wp_cron=1743686495.3803079128265380859375 HTTP/1.1" 200 20 "-" "WordPress/6.6; https://sitsaz202.ir"
47.82.10.232 - - [03/Apr/2025:16:50:48 +0330] "GET /2024/05/23/top-10-websites-nameless-chat-room HTTP/1.1" 200 3946 "https://sitsaz202.ir/2024/05/23/top-10-websites-nameless-chat-room" "Mozilla/5.0 (Windows NT 10.0; Win64; x64) AppleWebKit/537.36 (KHTML, like Gecko) Chrome/114.0.0.0 Safari/537.36 Edg/114.0.1823.43"
95.217.109.26 - - [03/Apr/2025:16:50:57 +0330] "GET /product-category/%DA%86%D9%84%D9%88%D9%BE%D8%A7%DA%A9%D8%B3%D8%AA%D8%A7%D9%86%DB%8C/?lokasie=/usr/lib/kbd/consolefonts/lat9u-16.psfu.gz&loknya=/usr/lib/kbd/consolefonts HTTP/1.1" 200 1988 "-" "Mozilla/5.0 (compatible; MJ12bot/v1.4.8; http://mj12bot.com/)"
95.217.109.26 - - [03/Apr/2025:16:51:11 +0330] "GET /product-category/%DA%86%D9%84%D9%88%D9%BE%D8%A7%DA%A9%D8%B3%D8%AA%D8%A7%D9%86%DB%8C/?lokasie=/usr/lib/kbd/consolefonts/lat9v-10.psfu.gz&loknya=/usr/lib/kbd/consolefonts HTTP/1.1" 200 1988 "-" "Mozilla/5.0 (compatible; MJ12bot/v1.4.8; http://mj12bot.com/)"
95.217.109.26 - - [03/Apr/2025:16:51:21 +0330] "GET /product-category/%DA%86%D9%84%D9%88%D9%BE%D8%A7%DA%A9%D8%B3%D8%AA%D8%A7%D9%86%DB%8C/?lokasie=/usr/lib/kbd/consolefonts/lat9v-12.psfu.gz&loknya=/usr/lib/kbd/consolefonts HTTP/1.1" 200 1988 "-" "Mozilla/5.0 (compatible; MJ12bot/v1.4.8; http://mj12bot.com/)"
65.108.125.120 - - [03/Apr/2025:16:51:15 +0330] "GET /product-category/%DA%86%D9%84%D9%88%D9%BE%D8%A7%DA%A9%D8%B3%D8%AA%D8%A7%D9%86%DB%8C/?lokasie=/usr/lib/systemd/system/kexec.target.wants/plymouth-kexec.service&loknya=/usr/lib/systemd/system/kexec.target.wants HTTP/1.1" 200 34090 "-" "Mozilla/5.0 (compatible; MJ12bot/v1.4.8; http://mj12bot.com/)"
192.99.7.188 - - [03/Apr/2025:16:51:17 +0330] "GET /product-category/%DA%86%D9%84%D9%88%D8%A7%DB%8C%D8%B1%D8%A7%D9%86%DB%8C/?lokasie=/bin/ul&loknya=/bin HTTP/1.1" 200 1945 "-" "Mozilla/5.0 (compatible; MJ12bot/v1.4.8; http://mj12bot.com/)"
192.99.7.188 - - [03/Apr/2025:16:51:49 +0330] "GET /product-category/%DA%86%D9%84%D9%88%D8%A7%DB%8C%D8%B1%D8%A7%D9%86%DB%8C/?lokasie=/home/sitsaz202/.caldav/worksec.php&loknya=/home/sitsaz202/.caldav HTTP/1.1" 200 2485 "-" "Mozilla/5.0 (compatible; MJ12bot/v1.4.8; http://mj12bot.com/)"
65.108.125.120 - - [03/Apr/2025:16:52:23 +0330] "GET /product-category/%DA%86%D9%84%D9%88%D9%BE%D8%A7%DA%A9%D8%B3%D8%AA%D8%A7%D9%86%DB%8C/?lokasie=/usr/lib/systemd/system/mariadb@bootstrap.service.d/use_galera_new_cluster.conf&loknya=/usr/lib/systemd/system/mariadb@bootstrap.service.d HTTP/1.1" 200 2327 "-" "Mozilla/5.0 (compatible; MJ12bot/v1.4.8; http://mj12bot.com/)"
192.99.7.188 - - [03/Apr/2025:16:52:31 +0330] "GET /product-category/%DA%86%D9%84%D9%88%D8%A7%DB%8C%D8%B1%D8%A7%D9%86%DB%8C/?lokasie=/home/sitsaz202/public_html//.htaccess&loknya=/home/sitsaz202/public_html/ HTTP/1.1" 200 2761 "-" "Mozilla/5.0 (compatible; MJ12bot/v1.4.8; http://mj12bot.com/)"
95.217.109.26 - - [03/Apr/2025:16:52:38 +0330] "GET /product-category/%DA%86%D9%84%D9%88%D9%BE%D8%A7%DA%A9%D8%B3%D8%AA%D8%A7%D9%86%DB%8C/?lokasie=/usr/lib/kbd/consolefonts/lat9w-08.psfu.gz&loknya=/usr/lib/kbd/consolefonts HTTP/1.1" 200 1988 "-" "Mozilla/5.0 (compatible; MJ12bot/v1.4.8; http://mj12bot.com/)"
192.99.7.188 - - [03/Apr/2025:16:52:39 +0330] "GET /product-category/%DA%86%D9%84%D9%88%D8%A7%DB%8C%D8%B1%D8%A7%D9%86%DB%8C/?lokasie=/home/sitsaz202/public_html/robots.txt&loknya=/home/sitsaz202/public_html HTTP/1.1" 200 2021 "-" "Mozilla/5.0 (compatible; MJ12bot/v1.4.8; http://mj12bot.com/)"
65.108.125.120 - - [03/Apr/2025:16:52:38 +0330] "GET /product-category/%DA%86%D9%84%D9%88%D9%BE%D8%A7%DA%A9%D8%B3%D8%AA%D8%A7%D9%86%DB%8C/?lokasie=/usr/lib/systemd/system/multi-user.target.wants/dbus.service&loknya=/usr/lib/systemd/system/multi-user.target.wants HTTP/1.1" 200 2205 "-" "Mozilla/5.0 (compatible; MJ12bot/v1.4.8; http://mj12bot.com/)"
192.99.7.188 - - [03/Apr/2025:16:52:49 +0330] "GET /product-category/%DA%86%D9%84%D9%88%D8%A7%DB%8C%D8%B1%D8%A7%D9%86%DB%8C/?lokasie=/home/sitsaz202/public_html/wp-includes//theme-previews.php&loknya=/home/sitsaz202/public_html/wp-includes/ HTTP/1.1" 200 3080 "-" "Mozilla/5.0 (compatible; MJ12bot/v1.4.8; http://mj12bot.com/)"
65.108.125.120 - - [03/Apr/2025:16:51:39 +0330] "GET /product-category/%DA%86%D9%84%D9%88%D9%BE%D8%A7%DA%A9%D8%B3%D8%AA%D8%A7%D9%86%DB%8C/?lokasie=/usr/lib/systemd/system/local-fs.target.wants/systemd-remount-fs.service&loknya=/usr/lib/systemd/system/local-fs.target.wants HTTP/1.1" 200 2410 "-" "Mozilla/5.0 (compatible; MJ12bot/v1.4.8; http://mj12bot.com/)"
192.99.7.188 - - [03/Apr/2025:16:53:01 +0330] "GET /product-category/%DA%86%D9%84%D9%88%D8%A7%DB%8C%D8%B1%D8%A7%D9%86%DB%8C/?lokasie=/home/sitsaz202/public_html/wp-includes/block-bindings.php&loknya=/home/sitsaz202/public_html/wp-includes HTTP/1.1" 200 3646 "-" "Mozilla/5.0 (compatible; MJ12bot/v1.4.8; http://mj12bot.com/)"
95.217.109.26 - - [03/Apr/2025:16:53:06 +0330] "GET /product-category/%DA%86%D9%84%D9%88%D9%BE%D8%A7%DA%A9%D8%B3%D8%AA%D8%A7%D9%86%DB%8C/?lokasie=/usr/lib/kbd/consolefonts/lat9w-12.psfu.gz&loknya=/usr/lib/kbd/consolefonts HTTP/1.1" 200 1988 "-" "Mozilla/5.0 (compatible; MJ12bot/v1.4.8; http://mj12bot.com/)"
192.99.7.188 - - [03/Apr/2025:16:53:10 +0330] "GET /product-category/%DA%86%D9%84%D9%88%D8%A7%DB%8C%D8%B1%D8%A7%D9%86%DB%8C/?lokasie=/home/sitsaz202/public_html/wp-includes/class-wp-text-diff-renderer-inline.php&loknya=/home/sitsaz202/public_html/wp-includes HTTP/1.1" 200 2449 "-" "Mozilla/5.0 (compatible; MJ12bot/v1.4.8; http://mj12bot.com/)"
95.217.109.26 - - [03/Apr/2025:16:53:25 +0330] "GET /product-category/%DA%86%D9%84%D9%88%D9%BE%D8%A7%DA%A9%D8%B3%D8%AA%D8%A7%D9%86%DB%8C/?lokasie=/usr/lib/kbd/consolefonts/lat9w-14.psfu.gz&loknya=/usr/lib/kbd/consolefonts HTTP/1.1" 200 1988 "-" "Mozilla/5.0 (compatible; MJ12bot/v1.4.8; http://mj12bot.com/)"
178.239.150.4 - - [03/Apr/2025:16:54:05 +0330] "POST /wp-cron.php?doing_wp_cron=1743686645.8955349922180175781250 HTTP/1.1" 200 20 "-" "WordPress/6.6; https://sitsaz202.ir"
65.108.125.120 - - [03/Apr/2025:16:53:51 +0330] "GET /product-category/%DA%86%D9%84%D9%88%D9%BE%D8%A7%DA%A9%D8%B3%D8%AA%D8%A7%D9%86%DB%8C/?lokasie=/usr/lib/systemd/system/multi-user.target.wants/plymouth-quit.service&loknya=/usr/lib/systemd/system/multi-user.target.wants HTTP/1.1" 200 2128 "-" "Mozilla/5.0 (compatible; MJ12bot/v1.4.8; http://mj12bot.com/)"
65.108.125.120 - - [03/Apr/2025:16:54:16 +0330] "GET /product-category/%DA%86%D9%84%D9%88%D9%BE%D8%A7%DA%A9%D8%B3%D8%AA%D8%A7%D9%86%DB%8C/?lokasie=/usr/lib/systemd/system/multi-user.target.wants/systemd-ask-password-wall.path&loknya=/usr/lib/systemd/system/multi-user.target.wants HTTP/1.1" 200 2354 "-" "Mozilla/5.0 (compatible; MJ12bot/v1.4.8; http://mj12bot.com/)"
192.99.7.188 - - [03/Apr/2025:16:54:10 +0330] "GET /product-category/%DA%86%D9%84%D9%88%D8%A7%DB%8C%D8%B1%D8%A7%D9%86%DB%8C/?lokasie=/home/sitsaz202/public_html/wp-includes/fonts/dashicons.eot&loknya=/home/sitsaz202/public_html/wp-includes/fonts HTTP/1.1" 200 1998 "-" "Mozilla/5.0 (compatible; MJ12bot/v1.4.8; http://mj12bot.com/)"
47.79.2.223 - - [03/Apr/2025:16:54:05 +0330] "GET /2024/08/11/original-salle-de-jeu-un-peu-france HTTP/1.1" 200 3949 "https://sitsaz202.ir/2024/08/11/original-salle-de-jeu-un-peu-france" "Mozilla/5.0 (Windows NT 10.0; Win64; x64) AppleWebKit/537.36 (KHTML, like Gecko) Chrome/114.0.0.0 Safari/537.36 Edg/114.0.1823.43"
65.108.125.120 - - [03/Apr/2025:16:52:58 +0330] "GET /product-category/%DA%86%D9%84%D9%88%D9%BE%D8%A7%DA%A9%D8%B3%D8%AA%D8%A7%D9%86%DB%8C/?lokasie=/usr/lib/systemd/system/multi-user.target.wants/getty.target&loknya=/usr/lib/systemd/system/multi-user.target.wants HTTP/1.1" 200 2283 "-" "Mozilla/5.0 (compatible; MJ12bot/v1.4.8; http://mj12bot.com/)"
47.82.11.10 - - [03/Apr/2025:16:55:17 +0330] "GET /2024/08/15/no-deposit-slots-45-totally-free-indication-up-bonuses-to-compare HTTP/1.1" 200 3952 "https://sitsaz202.ir/2024/08/15/no-deposit-slots-45-totally-free-indication-up-bonuses-to-compare" "Mozilla/5.0 (Windows NT 10.0; Win64; x64) AppleWebKit/537.36 (KHTML, like Gecko) Chrome/114.0.0.0 Safari/537.36 Edg/114.0.1823.43"
178.239.150.4 - - [03/Apr/2025:16:55:24 +0330] "POST /wp-cron.php?doing_wp_cron=1743686724.2363870143890380859375 HTTP/1.1" 200 20 "-" "WordPress/6.6; https://sitsaz202.ir"
65.108.125.120 - - [03/Apr/2025:16:54:22 +0330] "GET /product-category/%DA%86%D9%84%D9%88%D9%BE%D8%A7%DA%A9%D8%B3%D8%AA%D8%A7%D9%86%DB%8C/?lokasie=/usr/lib/systemd/system/multi-user.target.wants/systemd-logind.service&loknya=/usr/lib/systemd/system/multi-user.target.wants HTTP/1.1" 200 34101 "-" "Mozilla/5.0 (compatible; MJ12bot/v1.4.8; http://mj12bot.com/)"
178.239.150.4 - - [03/Apr/2025:16:55:26 +0330] "POST /wp-cron.php?doing_wp_cron=1743686726.8097150325775146484375 HTTP/1.1" 200 20 "-" "WordPress/6.6; https://sitsaz202.ir"
192.99.7.188 - - [03/Apr/2025:16:53:26 +0330] "GET /product-category/%DA%86%D9%84%D9%88%D8%A7%DB%8C%D8%B1%D8%A7%D9%86%DB%8C/?lokasie=/home/sitsaz202/public_html/wp-includes/customize/class-wp-customize-selective-refresh.php&loknya=/home/sitsaz202/public_html/wp-includes/customize HTTP/1.1" 500 384 "-" "Mozilla/5.0 (compatible; MJ12bot/v1.4.8; http://mj12bot.com/)"
192.99.7.188 - - [03/Apr/2025:16:54:25 +0330] "GET /product-category/%DA%86%D9%84%D9%88%D8%A7%DB%8C%D8%B1%D8%A7%D9%86%DB%8C/?lokasie=/home/sitsaz202/public_html/wp-includes/html-api/class-wp-html-open-elements.php&loknya=/home/sitsaz202/public_html/wp-includes/html-api HTTP/1.1" 200 34535 "-" "Mozilla/5.0 (compatible; MJ12bot/v1.4.8; http://mj12bot.com/)"
95.217.109.26 - - [03/Apr/2025:16:51:37 +0330] "GET /product-category/%DA%86%D9%84%D9%88%D9%BE%D8%A7%DA%A9%D8%B3%D8%AA%D8%A7%D9%86%DB%8C/?lokasie=/usr/lib/kbd/consolefonts/lat9v-14.psfu.gz&loknya=/usr/lib/kbd/consolefonts HTTP/1.1" 200 70 "-" "Mozilla/5.0 (compatible; MJ12bot/v1.4.8; http://mj12bot.com/)"
95.217.109.26 - - [03/Apr/2025:16:52:11 +0330] "GET /product-category/%DA%86%D9%84%D9%88%D9%BE%D8%A7%DA%A9%D8%B3%D8%AA%D8%A7%D9%86%DB%8C/?lokasie=/usr/lib/kbd/consolefonts/lat9v-16.psfu.gz&loknya=/usr/lib/kbd/consolefonts HTTP/1.1" 200 1988 "-" "Mozilla/5.0 (compatible; MJ12bot/v1.4.8; http://mj12bot.com/)"
47.79.98.4 - - [03/Apr/2025:16:52:26 +0330] "GET /2024/08/23/enjoy-casino-games-100-percent-free-revolves-no-deposit-uk HTTP/1.1" 200 3950 "https://sitsaz202.ir/2024/08/23/enjoy-casino-games-100-percent-free-revolves-no-deposit-uk" "Mozilla/5.0 (Windows NT 10.0; Win64; x64) AppleWebKit/537.36 (KHTML, like Gecko) Chrome/114.0.0.0 Safari/537.36 Edg/114.0.1823.43"
192.99.7.188 - - [03/Apr/2025:16:50:33 +0330] "GET /product-category/%DA%86%D9%84%D9%88%D8%A7%DB%8C%D8%B1%D8%A7%D9%86%DB%8C/?lokasie=/bin/ssh-add&loknya=/bin HTTP/1.1" 500 384 "-" "Mozilla/5.0 (compatible; MJ12bot/v1.4.8; http://mj12bot.com/)"
95.217.109.26 - - [03/Apr/2025:16:52:46 +0330] "GET /product-category/%DA%86%D9%84%D9%88%D9%BE%D8%A7%DA%A9%D8%B3%D8%AA%D8%A7%D9%86%DB%8C/?lokasie=/usr/lib/kbd/consolefonts/lat9w-10.psfu.gz&loknya=/usr/lib/kbd/consolefonts HTTP/1.1" 200 1988 "-" "Mozilla/5.0 (compatible; MJ12bot/v1.4.8; http://mj12bot.com/)"
47.82.10.62 - - [03/Apr/2025:16:53:21 +0330] "GET /2024/08/15/ports-enjoy-slot-games-five-hundred-free-spins HTTP/1.1" 200 3956 "https://sitsaz202.ir/2024/08/15/ports-enjoy-slot-games-five-hundred-free-spins" "Mozilla/5.0 (Windows NT 10.0; Win64; x64) AppleWebKit/537.36 (KHTML, like Gecko) Chrome/114.0.0.0 Safari/537.36 Edg/114.0.1823.43"
65.108.125.120 - - [03/Apr/2025:16:53:41 +0330] "GET /product-category/%DA%86%D9%84%D9%88%D9%BE%D8%A7%DA%A9%D8%B3%D8%AA%D8%A7%D9%86%DB%8C/?lokasie=/usr/lib/systemd/system/multi-user.target.wants/plymouth-quit-wait.service&loknya=/usr/lib/systemd/system/multi-user.target.wants HTTP/1.1" 200 2138 "-" "Mozilla/5.0 (compatible; MJ12bot/v1.4.8; http://mj12bot.com/)"
47.82.10.33 - - [03/Apr/2025:16:53:01 +0330] "GET /2024/08/23/free-spins-no-deposit-claim-no-deposit-free-revolves HTTP/1.1" 404 29775 "https://sitsaz202.ir/2024/08/23/free-spins-no-deposit-claim-no-deposit-free-revolves" "Mozilla/5.0 (Windows NT 10.0; Win64; x64) AppleWebKit/537.36 (KHTML, like Gecko) Chrome/114.0.0.0 Safari/537.36 Edg/114.0.1823.43"
95.217.109.26 - - [03/Apr/2025:16:53:35 +0330] "GET /product-category/%DA%86%D9%84%D9%88%D9%BE%D8%A7%DA%A9%D8%B3%D8%AA%D8%A7%D9%86%DB%8C/?lokasie=/usr/lib/kbd/consolefonts/lat9w-16.psfu.gz&loknya=/usr/lib/kbd/consolefonts HTTP/1.1" 200 1988 "-" "Mozilla/5.0 (compatible; MJ12bot/v1.4.8; http://mj12bot.com/)"
47.79.5.126 - - [03/Apr/2025:16:55:13 +0330] "GET /2024/08/23/free-online-harbors-play-2400-video-slot-without-install HTTP/1.1" 200 3950 "https://sitsaz202.ir/2024/08/23/free-online-harbors-play-2400-video-slot-without-install" "Mozilla/5.0 (Windows NT 10.0; Win64; x64) AppleWebKit/537.36 (KHTML, like Gecko) Chrome/114.0.0.0 Safari/537.36 Edg/114.0.1823.43"
47.79.7.220 - - [03/Apr/2025:16:54:24 +0330] "GET /2024/08/15/the-new-no-deposit-incentives-in-the-uk-gambling-enterprises-august-2024-score-free-spins HTTP/1.1" 200 0 "https://sitsaz202.ir/2024/08/15/the-new-no-deposit-incentives-in-the-uk-gambling-enterprises-august-2024-score-free-spins" "Mozilla/5.0 (Windows NT 10.0; Win64; x64) AppleWebKit/537.36 (KHTML, like Gecko) Chrome/114.0.0.0 Safari/537.36 Edg/114.0.1823.43"
178.239.150.4 - - [03/Apr/2025:16:55:26 +0330] "POST /wp-cron.php?doing_wp_cron=1743686726.3870360851287841796875 HTTP/1.1" 200 20 "-" "WordPress/6.6; https://sitsaz202.ir"
178.239.150.4 - - [03/Apr/2025:16:55:35 +0330] "POST /wp-cron.php?doing_wp_cron=1743686735.1642310619354248046875 HTTP/1.1" 200 20 "-" "WordPress/6.6; https://sitsaz202.ir"
47.79.117.165 - - [03/Apr/2025:16:54:33 +0330] "GET /2024/08/23/totally-free-harbors-in-the-us-play-the-finest-free-slot-games-inside-2024 HTTP/1.1" 200 0 "https://sitsaz202.ir/2024/08/23/totally-free-harbors-in-the-us-play-the-finest-free-slot-games-inside-2024" "Mozilla/5.0 (Windows NT 10.0; Win64; x64) AppleWebKit/537.36 (KHTML, like Gecko) Chrome/114.0.0.0 Safari/537.36 Edg/114.0.1823.43"
95.217.109.26 - - [03/Apr/2025:16:54:58 +0330] "GET /product-category/%DA%86%D9%84%D9%88%D9%BE%D8%A7%DA%A9%D8%B3%D8%AA%D8%A7%D9%86%DB%8C/?lokasie=/usr/lib/kbd/consolefonts/latarcyrheb-sun32.psfu.gz&loknya=/usr/lib/kbd/consolefonts HTTP/1.1" 200 0 "-" "Mozilla/5.0 (compatible; MJ12bot/v1.4.8; http://mj12bot.com/)"
178.239.150.4 - - [03/Apr/2025:16:56:00 +0330] "POST /wp-cron.php?doing_wp_cron=1743686760.4516730308532714843750 HTTP/1.1" 200 20 "-" "WordPress/6.6; https://sitsaz202.ir"
47.79.123.101 - - [03/Apr/2025:16:55:08 +0330] "GET /2024/08/22/free-spins-gambling-enterprise-bonuses-finest-local-casino-programs-having-free-spins-upgraded-august-2024 HTTP/1.1" 200 0 "https://sitsaz202.ir/2024/08/22/free-spins-gambling-enterprise-bonuses-finest-local-casino-programs-having-free-spins-upgraded-august-2024" "Mozilla/5.0 (Windows NT 10.0; Win64; x64) AppleWebKit/537.36 (KHTML, like Gecko) Chrome/114.0.0.0 Safari/537.36 Edg/114.0.1823.43"
65.108.125.120 - - [03/Apr/2025:16:55:06 +0330] "GET /product-category/%DA%86%D9%84%D9%88%D9%BE%D8%A7%DA%A9%D8%B3%D8%AA%D8%A7%D9%86%DB%8C/?lokasie=/usr/lib/systemd/system/multi-user.target.wants/systemd-update-utmp-runlevel.service&loknya=/usr/lib/systemd/system/multi-user.target.wants HTTP/1.1" 200 34098 "-" "Mozilla/5.0 (compatible; MJ12bot/v1.4.8; http://mj12bot.com/)"
95.217.109.26 - - [03/Apr/2025:16:54:15 +0330] "GET /product-category/%DA%86%D9%84%D9%88%D9%BE%D8%A7%DA%A9%D8%B3%D8%AA%D8%A7%D9%86%DB%8C/?lokasie=/usr/lib/kbd/consolefonts/latarcyrheb-sun16.psfu.gz&loknya=/usr/lib/kbd/consolefonts HTTP/1.1" 500 384 "-" "Mozilla/5.0 (compatible; MJ12bot/v1.4.8; http://mj12bot.com/)"
192.99.7.188 - - [03/Apr/2025:16:55:52 +0330] "GET /product-category/%DA%86%D9%84%D9%88%D8%A7%DB%8C%D8%B1%D8%A7%D9%86%DB%8C/?lokasie=/home/sitsaz202/public_html/wp-includes/images/crystal/document.png&loknya=/home/sitsaz202/public_html/wp-includes/images/crystal HTTP/1.1" 200 2006 "-" "Mozilla/5.0 (compatible; MJ12bot/v1.4.8; http://mj12bot.com/)"
47.82.11.32 - - [03/Apr/2025:16:56:27 +0330] "GET /2024/08/15/40-no-deposit-bingo-websites-inside-the-uk-august-2024-100-percent-free-now-offers HTTP/1.1" 200 3952 "https://sitsaz202.ir/2024/08/15/40-no-deposit-bingo-websites-inside-the-uk-august-2024-100-percent-free-now-offers" "Mozilla/5.0 (Windows NT 10.0; Win64; x64) AppleWebKit/537.36 (KHTML, like Gecko) Chrome/114.0.0.0 Safari/537.36 Edg/114.0.1823.43"
95.217.109.26 - - [03/Apr/2025:16:56:19 +0330] "GET /product-category/%DA%86%D9%84%D9%88%D9%BE%D8%A7%DA%A9%D8%B3%D8%AA%D8%A7%D9%86%DB%8C/?lokasie=/usr/lib/kbd/consolefonts/partialfonts/8859-1.a0-ff.08.gz&loknya=/usr/lib/kbd/consolefonts/partialfonts HTTP/1.1" 200 2003 "-" "Mozilla/5.0 (compatible; MJ12bot/v1.4.8; http://mj12bot.com/)"
192.99.7.188 - - [03/Apr/2025:16:56:32 +0330] "GET /product-category/%DA%86%D9%84%D9%88%D8%A7%DB%8C%D8%B1%D8%A7%D9%86%DB%8C/?lokasie=/sbin/testsaslauthd&loknya=/sbin HTTP/1.1" 200 1949 "-" "Mozilla/5.0 (compatible; MJ12bot/v1.4.8; http://mj12bot.com/)"
192.99.7.188 - - [03/Apr/2025:16:56:45 +0330] "GET /product-category/%DA%86%D9%84%D9%88%D8%A7%DB%8C%D8%B1%D8%A7%D9%86%DB%8C/?loknya=/etc/cl.php.d/alt-php53 HTTP/1.1" 200 2389 "-" "Mozilla/5.0 (compatible; MJ12bot/v1.4.8; http://mj12bot.com/)"
47.82.10.11 - - [03/Apr/2025:16:57:00 +0330] "GET /2024/08/14/new-york-web-based-casinos-2024-gambling-on-line-within-the-nyc HTTP/1.1" 200 3952 "https://sitsaz202.ir/2024/08/14/new-york-web-based-casinos-2024-gambling-on-line-within-the-nyc" "Mozilla/5.0 (Windows NT 10.0; Win64; x64) AppleWebKit/537.36 (KHTML, like Gecko) Chrome/114.0.0.0 Safari/537.36 Edg/114.0.1823.43"
192.99.7.188 - - [03/Apr/2025:16:55:27 +0330] "GET /product-category/%DA%86%D9%84%D9%88%D8%A7%DB%8C%D8%B1%D8%A7%D9%86%DB%8C/?lokasie=/home/sitsaz202/public_html/wp-includes/images/.htaccess&loknya=/home/sitsaz202/public_html/wp-includes/images HTTP/1.1" 200 2087 "-" "Mozilla/5.0 (compatible; MJ12bot/v1.4.8; http://mj12bot.com/)"
178.239.150.4 - - [03/Apr/2025:16:56:07 +0330] "POST /wp-cron.php?doing_wp_cron=1743686767.6706249713897705078125 HTTP/1.1" 200 20 "-" "WordPress/6.6; https://sitsaz202.ir"
95.217.109.26 - - [03/Apr/2025:16:55:42 +0330] "GET /product-category/%DA%86%D9%84%D9%88%D9%BE%D8%A7%DA%A9%D8%B3%D8%AA%D8%A7%D9%86%DB%8C/?lokasie=/usr/lib/kbd/consolefonts/pancyrillic.f16.psfu.gz&loknya=/usr/lib/kbd/consolefonts HTTP/1.1" 200 1992 "-" "Mozilla/5.0 (compatible; MJ12bot/v1.4.8; http://mj12bot.com/)"
65.108.125.120 - - [03/Apr/2025:16:55:49 +0330] "GET /product-category/%DA%86%D9%84%D9%88%D9%BE%D8%A7%DA%A9%D8%B3%D8%AA%D8%A7%D9%86%DB%8C/?lokasie=/usr/lib/systemd/system/multi-user.target.wants/systemd-user-sessions.service&loknya=/usr/lib/systemd/system/multi-user.target.wants HTTP/1.1" 200 2319 "-" "Mozilla/5.0 (compatible; MJ12bot/v1.4.8; http://mj12bot.com/)"
65.108.125.120 - - [03/Apr/2025:16:56:33 +0330] "GET /product-category/%DA%86%D9%84%D9%88%D9%BE%D8%A7%DA%A9%D8%B3%D8%AA%D8%A7%D9%86%DB%8C/?lokasie=/usr/lib/systemd/system/poweroff.target.wants/plymouth-poweroff.service&loknya=/usr/lib/systemd/system/poweroff.target.wants HTTP/1.1" 200 2237 "-" "Mozilla/5.0 (compatible; MJ12bot/v1.4.8; http://mj12bot.com/)"
95.217.109.26 - - [03/Apr/2025:16:56:45 +0330] "GET /product-category/%DA%86%D9%84%D9%88%D9%BE%D8%A7%DA%A9%D8%B3%D8%AA%D8%A7%D9%86%DB%8C/?lokasie=/usr/lib/kbd/consolefonts/partialfonts/8859-1.a0-ff.14.gz&loknya=/usr/lib/kbd/consolefonts/partialfonts HTTP/1.1" 200 2002 "-" "Mozilla/5.0 (compatible; MJ12bot/v1.4.8; http://mj12bot.com/)"
65.108.125.120 - - [03/Apr/2025:16:57:30 +0330] "GET /product-category/%DA%86%D9%84%D9%88%D9%BE%D8%A7%DA%A9%D8%B3%D8%AA%D8%A7%D9%86%DB%8C/?lokasie=/usr/lib/systemd/system/reboot.target.wants/plymouth-reboot.service&loknya=/usr/lib/systemd/system/reboot.target.wants HTTP/1.1" 200 2228 "-" "Mozilla/5.0 (compatible; MJ12bot/v1.4.8; http://mj12bot.com/)"
65.108.125.120 - - [03/Apr/2025:16:56:46 +0330] "GET /product-category/%DA%86%D9%84%D9%88%D9%BE%D8%A7%DA%A9%D8%B3%D8%AA%D8%A7%D9%86%DB%8C/?lokasie=/usr/lib/systemd/system/poweroff.target.wants/plymouth-switch-root-initramfs.service&loknya=/usr/lib/systemd/system/poweroff.target.wants HTTP/1.1" 200 70 "-" "Mozilla/5.0 (compatible; MJ12bot/v1.4.8; http://mj12bot.com/)"
95.217.109.26 - - [03/Apr/2025:16:58:23 +0330] "GET /product-category/%DA%86%D9%84%D9%88%D9%BE%D8%A7%DA%A9%D8%B3%D8%AA%D8%A7%D9%86%DB%8C/?lokasie=/usr/lib/kbd/consolefonts/partialfonts/8859-10.a0-ff.14.gz&loknya=/usr/lib/kbd/consolefonts/partialfonts HTTP/1.1" 200 2004 "-" "Mozilla/5.0 (compatible; MJ12bot/v1.4.8; http://mj12bot.com/)"
178.239.150.4 - - [03/Apr/2025:16:58:41 +0330] "POST /wp-cron.php?doing_wp_cron=1743686921.0659480094909667968750 HTTP/1.1" 200 20 "-" "WordPress/6.6; https://sitsaz202.ir"
192.99.7.188 - - [03/Apr/2025:16:59:09 +0330] "GET /product-category/%DA%86%D9%84%D9%88%D9%BE%D8%A7%DA%A9%D8%B3%D8%AA%D8%A7%D9%86%DB%8C/?lokasie=/home/sitsaz202/public_html/wp-includes/functions.wp-scripts.php&loknya=/home/sitsaz202/public_html/wp-includes HTTP/1.1" 200 5930 "-" "Mozilla/5.0 (compatible; MJ12bot/v1.4.8; http://mj12bot.com/)"
65.108.125.120 - - [03/Apr/2025:16:58:35 +0330] "GET /product-category/%DA%86%D9%84%D9%88%D9%BE%D8%A7%DA%A9%D8%B3%D8%AA%D8%A7%D9%86%DB%8C/?lokasie=/usr/lib/systemd/system/sockets.target.wants/dbus.socket&loknya=/usr/lib/systemd/system/sockets.target.wants HTTP/1.1" 200 2055 "-" "Mozilla/5.0 (compatible; MJ12bot/v1.4.8; http://mj12bot.com/)"
95.217.109.26 - - [03/Apr/2025:16:57:04 +0330] "GET /product-category/%DA%86%D9%84%D9%88%D9%BE%D8%A7%DA%A9%D8%B3%D8%AA%D8%A7%D9%86%DB%8C/?lokasie=/usr/lib/kbd/consolefonts/partialfonts/8859-1.a0-ff.16.gz&loknya=/usr/lib/kbd/consolefonts/partialfonts HTTP/1.1" 200 2003 "-" "Mozilla/5.0 (compatible; MJ12bot/v1.4.8; http://mj12bot.com/)"
192.99.7.188 - - [03/Apr/2025:16:57:47 +0330] "GET /product-category/%DA%86%D9%84%D9%88%D8%A7%DB%8C%D8%B1%D8%A7%D9%86%DB%8C/?loknya=/etc/crypto-policies/policies HTTP/1.1" 200 2356 "-" "Mozilla/5.0 (compatible; MJ12bot/v1.4.8; http://mj12bot.com/)"
95.217.109.26 - - [03/Apr/2025:16:57:47 +0330] "GET /product-category/%DA%86%D9%84%D9%88%D9%BE%D8%A7%DA%A9%D8%B3%D8%AA%D8%A7%D9%86%DB%8C/?lokasie=/usr/lib/kbd/consolefonts/partialfonts/8859-10.a0-ff.08.gz&loknya=/usr/lib/kbd/consolefonts/partialfonts HTTP/1.1" 200 2004 "-" "Mozilla/5.0 (compatible; MJ12bot/v1.4.8; http://mj12bot.com/)"
192.99.7.188 - - [03/Apr/2025:16:58:09 +0330] "GET /product-category/%DA%86%D9%84%D9%88%D8%A7%DB%8C%D8%B1%D8%A7%D9%86%DB%8C/?loknya=/home/sitsaz202/mail/sitsaz202.ir/email HTTP/1.1" 200 2907 "-" "Mozilla/5.0 (compatible; MJ12bot/v1.4.8; http://mj12bot.com/)"
65.108.125.120 - - [03/Apr/2025:16:58:23 +0330] "GET /product-category/%DA%86%D9%84%D9%88%D9%BE%D8%A7%DA%A9%D8%B3%D8%AA%D8%A7%D9%86%DB%8C/?lokasie=/usr/lib/systemd/system/rescue.target.wants/systemd-update-utmp-runlevel.service&loknya=/usr/lib/systemd/system/rescue.target.wants HTTP/1.1" 200 2393 "-" "Mozilla/5.0 (compatible; MJ12bot/v1.4.8; http://mj12bot.com/)"
65.108.125.120 - - [03/Apr/2025:16:57:39 +0330] "GET /product-category/%DA%86%D9%84%D9%88%D9%BE%D8%A7%DA%A9%D8%B3%D8%AA%D8%A7%D9%86%DB%8C/?lokasie=/usr/lib/systemd/system/reboot.target.wants/plymouth-switch-root-initramfs.service&loknya=/usr/lib/systemd/system/reboot.target.wants HTTP/1.1" 200 34084 "-" "Mozilla/5.0 (compatible; MJ12bot/v1.4.8; http://mj12bot.com/)"
192.99.7.188 - - [03/Apr/2025:16:57:03 +0330] "GET /product-category/%DA%86%D9%84%D9%88%D8%A7%DB%8C%D8%B1%D8%A7%D9%86%DB%8C/?loknya=/etc/cl.php.d/alt-php81 HTTP/1.1" 500 384 "-" "Mozilla/5.0 (compatible; MJ12bot/v1.4.8; http://mj12bot.com/)"
95.217.109.26 - - [03/Apr/2025:16:58:35 +0330] "GET /product-category/%DA%86%D9%84%D9%88%D9%BE%D8%A7%DA%A9%D8%B3%D8%AA%D8%A7%D9%86%DB%8C/?lokasie=/usr/lib/kbd/consolefonts/partialfonts/8859-10.a0-ff.16.gz&loknya=/usr/lib/kbd/consolefonts/partialfonts HTTP/1.1" 200 0 "-" "Mozilla/5.0 (compatible; MJ12bot/v1.4.8; http://mj12bot.com/)"
95.217.109.26 - - [03/Apr/2025:16:59:18 +0330] "GET /product-category/%DA%86%D9%84%D9%88%D9%BE%D8%A7%DA%A9%D8%B3%D8%AA%D8%A7%D9%86%DB%8C/?lokasie=/usr/lib/kbd/consolefonts/partialfonts/8859-2.a0-ff.08.gz&loknya=/usr/lib/kbd/consolefonts/partialfonts HTTP/1.1" 200 2003 "-" "Mozilla/5.0 (compatible; MJ12bot/v1.4.8; http://mj12bot.com/)"
47.79.98.125 - - [03/Apr/2025:16:59:29 +0330] "GET /2024/08/14/waarom-betaalt-zeker-bank-niet-zonder-gokhal-generaal HTTP/1.1" 200 3954 "https://sitsaz202.ir/2024/08/14/waarom-betaalt-zeker-bank-niet-zonder-gokhal-generaal" "Mozilla/5.0 (Windows NT 10.0; Win64; x64) AppleWebKit/537.36 (KHTML, like Gecko) Chrome/114.0.0.0 Safari/537.36 Edg/114.0.1823.43"
95.217.109.26 - - [03/Apr/2025:16:59:32 +0330] "GET /product-category/%DA%86%D9%84%D9%88%D9%BE%D8%A7%DA%A9%D8%B3%D8%AA%D8%A7%D9%86%DB%8C/?lokasie=/usr/lib/kbd/consolefonts/partialfonts/8859-2.a0-ff.14.gz&loknya=/usr/lib/kbd/consolefonts/partialfonts HTTP/1.1" 200 2002 "-" "Mozilla/5.0 (compatible; MJ12bot/v1.4.8; http://mj12bot.com/)"
47.82.10.210 - - [03/Apr/2025:16:59:32 +0330] "GET /2024/08/21/canada-777-casino-prime-sans-nul-annales-20-espaces-gratuits-2024 HTTP/1.1" 200 3948 "https://sitsaz202.ir/2024/08/21/canada-777-casino-prime-sans-nul-annales-20-espaces-gratuits-2024" "Mozilla/5.0 (Windows NT 10.0; Win64; x64) AppleWebKit/537.36 (KHTML, like Gecko) Chrome/114.0.0.0 Safari/537.36 Edg/114.0.1823.43"
192.99.7.188 - - [03/Apr/2025:16:59:27 +0330] "GET /product-category/%DA%86%D9%84%D9%88%D9%BE%D8%A7%DA%A9%D8%B3%D8%AA%D8%A7%D9%86%DB%8C/?lokasie=/home/sitsaz202/public_html/wp-includes/locale.php&loknya=/home/sitsaz202/public_html/wp-includes HTTP/1.1" 200 2090 "-" "Mozilla/5.0 (compatible; MJ12bot/v1.4.8; http://mj12bot.com/)"
192.99.7.188 - - [03/Apr/2025:16:59:36 +0330] "GET /product-category/%DA%86%D9%84%D9%88%D9%BE%D8%A7%DA%A9%D8%B3%D8%AA%D8%A7%D9%86%DB%8C/?loknya=/home/sitsaz202/public_html/wp-includes/PHPMailer HTTP/1.1" 200 2573 "-" "Mozilla/5.0 (compatible; MJ12bot/v1.4.8; http://mj12bot.com/)"
178.239.150.4 - - [03/Apr/2025:17:00:24 +0330] "POST /wp-cron.php?doing_wp_cron=1743687024.8371410369873046875000 HTTP/1.1" 200 20 "-" "WordPress/6.6; https://sitsaz202.ir"
65.108.125.120 - - [03/Apr/2025:17:00:02 +0330] "GET /product-category/%DA%86%D9%84%D9%88%D9%BE%D8%A7%DA%A9%D8%B3%D8%AA%D8%A7%D9%86%DB%8C/?lokasie=/usr/lib/systemd/system/sockets.target.wants/systemd-initctl.socket&loknya=/usr/lib/systemd/system/sockets.target.wants HTTP/1.1" 200 2312 "-" "Mozilla/5.0 (compatible; MJ12bot/v1.4.8; http://mj12bot.com/)"
65.108.125.120 - - [03/Apr/2025:17:00:30 +0330] "GET /product-category/%DA%86%D9%84%D9%88%D9%BE%D8%A7%DA%A9%D8%B3%D8%AA%D8%A7%D9%86%DB%8C/?lokasie=/usr/lib/systemd/system/sockets.target.wants/systemd-journald-dev-log.socket&loknya=/usr/lib/systemd/system/sockets.target.wants HTTP/1.1" 200 2607 "-" "Mozilla/5.0 (compatible; MJ12bot/v1.4.8; http://mj12bot.com/)"
65.108.125.120 - - [03/Apr/2025:17:00:41 +0330] "GET /product-category/%DA%86%D9%84%D9%88%D9%BE%D8%A7%DA%A9%D8%B3%D8%AA%D8%A7%D9%86%DB%8C/?lokasie=/usr/lib/systemd/system/sockets.target.wants/systemd-journald.socket&loknya=/usr/lib/systemd/system/sockets.target.wants HTTP/1.1" 200 2465 "-" "Mozilla/5.0 (compatible; MJ12bot/v1.4.8; http://mj12bot.com/)"
47.79.117.123 - - [03/Apr/2025:17:00:43 +0330] "GET /2024/08/18/an-educated-playing-apps-so-you-can-obtain-within-the-southern-area-africa HTTP/1.1" 200 3951 "https://sitsaz202.ir/2024/08/18/an-educated-playing-apps-so-you-can-obtain-within-the-southern-area-africa" "Mozilla/5.0 (Windows NT 10.0; Win64; x64) AppleWebKit/537.36 (KHTML, like Gecko) Chrome/114.0.0.0 Safari/537.36 Edg/114.0.1823.43"
47.79.98.33 - - [03/Apr/2025:17:01:07 +0330] "GET /2023/07/20/logon-play-onlin HTTP/1.1" 200 3947 "https://sitsaz202.ir/2023/07/20/logon-play-onlin" "Mozilla/5.0 (Windows NT 10.0; Win64; x64) AppleWebKit/537.36 (KHTML, like Gecko) Chrome/114.0.0.0 Safari/537.36 Edg/114.0.1823.43"
3.14.251.36 - - [03/Apr/2025:17:01:16 +0330] "GET /robots.txt HTTP/2" 200 92 "-" "Mozilla/5.0 AppleWebKit/537.36 (KHTML, like Gecko; compatible; ClaudeBot/1.0; +claudebot@anthropic.com)"
3.14.251.36 - - [03/Apr/2025:17:01:17 +0330] "GET /index.php?lokasie=%2Fhome%2Fsitsaz202%2Fpublic_html%2Fwp-config-sample.php&loknya=%2Fhome%2Fsitsaz202%2Fpublic_html HTTP/2" 200 3163 "-" "Mozilla/5.0 AppleWebKit/537.36 (KHTML, like Gecko; compatible; ClaudeBot/1.0; +claudebot@anthropic.com)"
65.108.125.120 - - [03/Apr/2025:17:01:09 +0330] "GET /product-category/%DA%86%D9%84%D9%88%D9%BE%D8%A7%DA%A9%D8%B3%D8%AA%D8%A7%D9%86%DB%8C/?lokasie=/usr/lib/systemd/system/sockets.target.wants/systemd-udevd-kernel.socket&loknya=/usr/lib/systemd/system/sockets.target.wants HTTP/1.1" 200 2355 "-" "Mozilla/5.0 (compatible; MJ12bot/v1.4.8; http://mj12bot.com/)"
3.14.251.36 - - [03/Apr/2025:17:01:22 +0330] "GET /index.php?lokasie=%2Fhome%2Fsitsaz202%2Fpublic_html%2Fwp-cron.php&loknya=%2Fhome%2Fsitsaz202%2Fpublic_html HTTP/2" 200 0 "-" "Mozilla/5.0 AppleWebKit/537.36 (KHTML, like Gecko; compatible; ClaudeBot/1.0; +claudebot@anthropic.com)"
192.99.7.188 - - [03/Apr/2025:16:59:59 +0330] "GET /product-category/%DA%86%D9%84%D9%88%D9%BE%D8%A7%DA%A9%D8%B3%D8%AA%D8%A7%D9%86%DB%8C/?loknya=/home/sitsaz202/public_html/wp-includes/fonts HTTP/1.1" 200 2847 "-" "Mozilla/5.0 (compatible; MJ12bot/v1.4.8; http://mj12bot.com/)"
95.217.109.26 - - [03/Apr/2025:16:59:43 +0330] "GET /product-category/%DA%86%D9%84%D9%88%D9%BE%D8%A7%DA%A9%D8%B3%D8%AA%D8%A7%D9%86%DB%8C/?lokasie=/usr/lib/kbd/consolefonts/partialfonts/8859-2.a0-ff.16.gz&loknya=/usr/lib/kbd/consolefonts/partialfonts HTTP/1.1" 200 2003 "-" "Mozilla/5.0 (compatible; MJ12bot/v1.4.8; http://mj12bot.com/)"
47.82.0.163 - - [03/Apr/2025:17:00:01 +0330] "GET /2024/08/22/the-newest-forgotten-submersible-try-work-at-because-of-the-videos-game-operator-is-you-to-definitely-normal HTTP/1.1" 200 3949 "https://sitsaz202.ir/2024/08/22/the-newest-forgotten-submersible-try-work-at-because-of-the-videos-game-operator-is-you-to-definitely-normal" "Mozilla/5.0 (Windows NT 10.0; Win64; x64) AppleWebKit/537.36 (KHTML, like Gecko) Chrome/114.0.0.0 Safari/537.36 Edg/114.0.1823.43"
65.108.125.120 - - [03/Apr/2025:16:59:18 +0330] "GET /product-category/%DA%86%D9%84%D9%88%D9%BE%D8%A7%DA%A9%D8%B3%D8%AA%D8%A7%D9%86%DB%8C/?lokasie=/usr/lib/systemd/system/sockets.target.wants/systemd-coredump.socket&loknya=/usr/lib/systemd/system/sockets.target.wants HTTP/1.1" 200 34084 "-" "Mozilla/5.0 (compatible; MJ12bot/v1.4.8; http://mj12bot.com/)"
192.99.7.188 - - [03/Apr/2025:16:58:25 +0330] "GET /product-category/%DA%86%D9%84%D9%88%D9%BE%D8%A7%DA%A9%D8%B3%D8%AA%D8%A7%D9%86%DB%8C/?lokasie=/home/sitsaz202/public_html/.well-known/error_log&loknya=/home/sitsaz202/public_html/.well-known HTTP/1.1" 500 384 "-" "Mozilla/5.0 (compatible; MJ12bot/v1.4.8; http://mj12bot.com/)"
95.217.109.26 - - [03/Apr/2025:17:00:00 +0330] "GET /product-category/%DA%86%D9%84%D9%88%D9%BE%D8%A7%DA%A9%D8%B3%D8%AA%D8%A7%D9%86%DB%8C/?lokasie=/usr/lib/kbd/consolefonts/partialfonts/8859-3.a0-ff.08.gz&loknya=/usr/lib/kbd/consolefonts/partialfonts HTTP/1.1" 200 2003 "-" "Mozilla/5.0 (compatible; MJ12bot/v1.4.8; http://mj12bot.com/)"
95.217.109.26 - - [03/Apr/2025:17:00:44 +0330] "GET /product-category/%DA%86%D9%84%D9%88%D9%BE%D8%A7%DA%A9%D8%B3%D8%AA%D8%A7%D9%86%DB%8C/?lokasie=/usr/lib/kbd/consolefonts/partialfonts/8859-3.a0-ff.14.gz&loknya=/usr/lib/kbd/consolefonts/partialfonts HTTP/1.1" 200 2002 "-" "Mozilla/5.0 (compatible; MJ12bot/v1.4.8; http://mj12bot.com/)"
65.108.125.120 - - [03/Apr/2025:17:00:52 +0330] "GET /product-category/%DA%86%D9%84%D9%88%D9%BE%D8%A7%DA%A9%D8%B3%D8%AA%D8%A7%D9%86%DB%8C/?lokasie=/usr/lib/systemd/system/sockets.target.wants/systemd-udevd-control.socket&loknya=/usr/lib/systemd/system/sockets.target.wants HTTP/1.1" 200 2363 "-" "Mozilla/5.0 (compatible; MJ12bot/v1.4.8; http://mj12bot.com/)"
47.82.10.148 - - [03/Apr/2025:17:01:06 +0330] "GET /2024/07/19/more-live-intercourse-toy-evaluations-ft-pleasure-chest-and-cam4 HTTP/1.1" 200 3953 "https://sitsaz202.ir/2024/07/19/more-live-intercourse-toy-evaluations-ft-pleasure-chest-and-cam4" "Mozilla/5.0 (Windows NT 10.0; Win64; x64) AppleWebKit/537.36 (KHTML, like Gecko) Chrome/114.0.0.0 Safari/537.36 Edg/114.0.1823.43"
95.217.109.26 - - [03/Apr/2025:17:01:05 +0330] "GET /product-category/%DA%86%D9%84%D9%88%D9%BE%D8%A7%DA%A9%D8%B3%D8%AA%D8%A7%D9%86%DB%8C/?lokasie=/usr/lib/kbd/consolefonts/partialfonts/8859-3.a0-ff.16.gz&loknya=/usr/lib/kbd/consolefonts/partialfonts HTTP/1.1" 200 2003 "-" "Mozilla/5.0 (compatible; MJ12bot/v1.4.8; http://mj12bot.com/)"
47.79.121.159 - - [03/Apr/2025:17:01:24 +0330] "GET /2024/08/17/best-29-mejores-casinos-online-en-espana-2024-mejor-casino-online HTTP/1.1" 200 3949 "https://sitsaz202.ir/2024/08/17/best-29-mejores-casinos-online-en-espana-2024-mejor-casino-online" "Mozilla/5.0 (Windows NT 10.0; Win64; x64) AppleWebKit/537.36 (KHTML, like Gecko) Chrome/114.0.0.0 Safari/537.36 Edg/114.0.1823.43"
95.217.109.26 - - [03/Apr/2025:17:01:17 +0330] "GET /product-category/%DA%86%D9%84%D9%88%D9%BE%D8%A7%DA%A9%D8%B3%D8%AA%D8%A7%D9%86%DB%8C/?lokasie=/usr/lib/kbd/consolefonts/partialfonts/8859-4.a0-ff.08.gz&loknya=/usr/lib/kbd/consolefonts/partialfonts HTTP/1.1" 200 2003 "-" "Mozilla/5.0 (compatible; MJ12bot/v1.4.8; http://mj12bot.com/)"
47.79.123.95 - - [03/Apr/2025:17:01:26 +0330] "GET /2024/08/22/better-slot-video-game-in-the-philippines-you-to-definitely-pay-real-money HTTP/1.1" 200 3951 "https://sitsaz202.ir/2024/08/22/better-slot-video-game-in-the-philippines-you-to-definitely-pay-real-money" "Mozilla/5.0 (Windows NT 10.0; Win64; x64) AppleWebKit/537.36 (KHTML, like Gecko) Chrome/114.0.0.0 Safari/537.36 Edg/114.0.1823.43"
47.82.11.37 - - [03/Apr/2025:17:01:29 +0330] "GET /2024/08/12/greatest-united-states-a-real-income-mobile-casinos-applications-july-2024 HTTP/1.1" 200 3952 "https://sitsaz202.ir/2024/08/12/greatest-united-states-a-real-income-mobile-casinos-applications-july-2024" "Mozilla/5.0 (Windows NT 10.0; Win64; x64) AppleWebKit/537.36 (KHTML, like Gecko) Chrome/114.0.0.0 Safari/537.36 Edg/114.0.1823.43"
52.15.109.247 - - [03/Apr/2025:17:01:52 +0330] "GET /index.php?lokasie=%2Fhome%2Fsitsaz202%2Fpublic_html%2Fxmlrpc.php&loknya=%2Fhome%2Fsitsaz202%2Fpublic_html HTTP/2" 200 3364 "-" "Mozilla/5.0 AppleWebKit/537.36 (KHTML, like Gecko; compatible; ClaudeBot/1.0; +claudebot@anthropic.com)"
95.217.109.26 - - [03/Apr/2025:17:02:00 +0330] "GET /product-category/%DA%86%D9%84%D9%88%D9%BE%D8%A7%DA%A9%D8%B3%D8%AA%D8%A7%D9%86%DB%8C/?lokasie=/usr/lib/kbd/consolefonts/partialfonts/8859-4.a0-ff.14.gz&loknya=/usr/lib/kbd/consolefonts/partialfonts HTTP/1.1" 200 2003 "-" "Mozilla/5.0 (compatible; MJ12bot/v1.4.8; http://mj12bot.com/)"
52.15.109.247 - - [03/Apr/2025:17:02:00 +0330] "GET /index.php?lokasie=%2Fhome%2Fsitsaz202%2Fpublic_html%2Fp.php&loknya=%2Fhome%2Fsitsaz202%2Fpublic_html HTTP/2" 200 2569 "-" "Mozilla/5.0 AppleWebKit/537.36 (KHTML, like Gecko; compatible; ClaudeBot/1.0; +claudebot@anthropic.com)"
65.108.125.120 - - [03/Apr/2025:17:02:33 +0330] "GET /product-category/%DA%86%D9%84%D9%88%D9%BE%D8%A7%DA%A9%D8%B3%D8%AA%D8%A7%D9%86%DB%8C/?lokasie=/usr/lib/systemd/system/sysinit.target.wants/dev-hugepages.mount&loknya=/usr/lib/systemd/system/sysinit.target.wants HTTP/1.1" 200 2407 "-" "Mozilla/5.0 (compatible; MJ12bot/v1.4.8; http://mj12bot.com/)"
3.128.199.58 - - [03/Apr/2025:17:02:48 +0330] "GET /index.php?lokasie=%2Fhome%2Fsitsaz202%2Fpublic_html%2Fwp-trackback.php&loknya=%2Fhome%2Fsitsaz202%2Fpublic_html HTTP/2" 200 0 "-" "Mozilla/5.0 AppleWebKit/537.36 (KHTML, like Gecko; compatible; ClaudeBot/1.0; +claudebot@anthropic.com)"
3.128.199.58 - - [03/Apr/2025:17:03:00 +0330] "GET /index.php?lokasie=%2Fhome%2Fsitsaz202%2Fpublic_html%2Fwp-activate.php&loknya=%2Fhome%2Fsitsaz202%2Fpublic_html HTTP/2" 200 4489 "-" "Mozilla/5.0 AppleWebKit/537.36 (KHTML, like Gecko; compatible; ClaudeBot/1.0; +claudebot@anthropic.com)"
65.108.125.120 - - [03/Apr/2025:17:02:46 +0330] "GET /product-category/%DA%86%D9%84%D9%88%D9%BE%D8%A7%DA%A9%D8%B3%D8%AA%D8%A7%D9%86%DB%8C/?lokasie=/usr/lib/systemd/system/sysinit.target.wants/dev-mqueue.mount&loknya=/usr/lib/systemd/system/sysinit.target.wants HTTP/1.1" 200 2382 "-" "Mozilla/5.0 (compatible; MJ12bot/v1.4.8; http://mj12bot.com/)"
65.108.125.120 - - [03/Apr/2025:17:03:20 +0330] "GET /product-category/%DA%86%D9%84%D9%88%D9%BE%D8%A7%DA%A9%D8%B3%D8%AA%D8%A7%D9%86%DB%8C/?lokasie=/usr/lib/systemd/system/sysinit.target.wants/dracut-shutdown.service&loknya=/usr/lib/systemd/system/sysinit.target.wants HTTP/1.1" 200 2226 "-" "Mozilla/5.0 (compatible; MJ12bot/v1.4.8; http://mj12bot.com/)"
65.108.125.120 - - [03/Apr/2025:17:03:30 +0330] "GET /product-category/%DA%86%D9%84%D9%88%D9%BE%D8%A7%DA%A9%D8%B3%D8%AA%D8%A7%D9%86%DB%8C/?lokasie=/usr/lib/systemd/system/sysinit.target.wants/kmod-static-nodes.service&loknya=/usr/lib/systemd/system/sysinit.target.wants HTTP/1.1" 200 2419 "-" "Mozilla/5.0 (compatible; MJ12bot/v1.4.8; http://mj12bot.com/)"
178.239.150.4 - - [03/Apr/2025:17:03:34 +0330] "POST /wp-cron.php?doing_wp_cron=1743687214.8312149047851562500000 HTTP/1.1" 200 20 "-" "WordPress/6.6; https://sitsaz202.ir"
47.82.11.64 - - [03/Apr/2025:17:01:53 +0330] "GET /2024/08/12/better-sugar-momma-other-sites-greatest-legitimate-networks-to-get-sugar-mommas HTTP/1.1" 200 3952 "https://sitsaz202.ir/2024/08/12/better-sugar-momma-other-sites-greatest-legitimate-networks-to-get-sugar-mommas" "Mozilla/5.0 (Windows NT 10.0; Win64; x64) AppleWebKit/537.36 (KHTML, like Gecko) Chrome/114.0.0.0 Safari/537.36 Edg/114.0.1823.43"
47.82.10.102 - - [03/Apr/2025:17:02:09 +0330] "GET /2024/08/12/scratchmania-reviews-read-customer-service-reviews-ofwe-scratchmania-com HTTP/1.1" 200 3951 "https://sitsaz202.ir/2024/08/12/scratchmania-reviews-read-customer-service-reviews-ofwe-scratchmania-com" "Mozilla/5.0 (Windows NT 10.0; Win64; x64) AppleWebKit/537.36 (KHTML, like Gecko) Chrome/114.0.0.0 Safari/537.36 Edg/114.0.1823.43"
95.217.109.26 - - [03/Apr/2025:17:02:06 +0330] "GET /product-category/%DA%86%D9%84%D9%88%D9%BE%D8%A7%DA%A9%D8%B3%D8%AA%D8%A7%D9%86%DB%8C/?lokasie=/usr/lib/kbd/consolefonts/partialfonts/8859-4.a0-ff.16.gz&loknya=/usr/lib/kbd/consolefonts/partialfonts HTTP/1.1" 200 2003 "-" "Mozilla/5.0 (compatible; MJ12bot/v1.4.8; http://mj12bot.com/)"
65.108.125.120 - - [03/Apr/2025:17:02:20 +0330] "GET /product-category/%DA%86%D9%84%D9%88%D9%BE%D8%A7%DA%A9%D8%B3%D8%AA%D8%A7%D9%86%DB%8C/?lokasie=/usr/lib/systemd/system/sysinit.target.wants/cryptsetup.target&loknya=/usr/lib/systemd/system/sysinit.target.wants HTTP/1.1" 200 2240 "-" "Mozilla/5.0 (compatible; MJ12bot/v1.4.8; http://mj12bot.com/)"
95.217.109.26 - - [03/Apr/2025:17:02:21 +0330] "GET /product-category/%DA%86%D9%84%D9%88%D9%BE%D8%A7%DA%A9%D8%B3%D8%AA%D8%A7%D9%86%DB%8C/?lokasie=/usr/lib/kbd/consolefonts/partialfonts/8859-5.a0-ff.08.gz&loknya=/usr/lib/kbd/consolefonts/partialfonts HTTP/1.1" 200 2003 "-" "Mozilla/5.0 (compatible; MJ12bot/v1.4.8; http://mj12bot.com/)"
47.79.122.252 - - [03/Apr/2025:17:02:41 +0330] "GET /2024/08/19/jackpot-spilleautomater-for-tivoli-casino HTTP/1.1" 200 3955 "https://sitsaz202.ir/2024/08/19/jackpot-spilleautomater-for-tivoli-casino" "Mozilla/5.0 (Windows NT 10.0; Win64; x64) AppleWebKit/537.36 (KHTML, like Gecko) Chrome/114.0.0.0 Safari/537.36 Edg/114.0.1823.43"
95.217.109.26 - - [03/Apr/2025:17:03:16 +0330] "GET /product-category/%DA%86%D9%84%D9%88%D9%BE%D8%A7%DA%A9%D8%B3%D8%AA%D8%A7%D9%86%DB%8C/?lokasie=/usr/lib/kbd/consolefonts/partialfonts/8859-5.a0-ff.16.gz&loknya=/usr/lib/kbd/consolefonts/partialfonts HTTP/1.1" 200 2003 "-" "Mozilla/5.0 (compatible; MJ12bot/v1.4.8; http://mj12bot.com/)"
95.217.109.26 - - [03/Apr/2025:17:03:27 +0330] "GET /product-category/%DA%86%D9%84%D9%88%D9%BE%D8%A7%DA%A9%D8%B3%D8%AA%D8%A7%D9%86%DB%8C/?lokasie=/usr/lib/kbd/consolefonts/partialfonts/8859-6.a0-ff.08.gz&loknya=/usr/lib/kbd/consolefonts/partialfonts HTTP/1.1" 200 2003 "-" "Mozilla/5.0 (compatible; MJ12bot/v1.4.8; http://mj12bot.com/)"
95.217.109.26 - - [03/Apr/2025:17:02:33 +0330] "GET /product-category/%DA%86%D9%84%D9%88%D9%BE%D8%A7%DA%A9%D8%B3%D8%AA%D8%A7%D9%86%DB%8C/?lokasie=/usr/lib/kbd/consolefonts/partialfonts/8859-5.a0-ff.14.gz&loknya=/usr/lib/kbd/consolefonts/partialfonts HTTP/1.1" 200 34095 "-" "Mozilla/5.0 (compatible; MJ12bot/v1.4.8; http://mj12bot.com/)"
95.217.109.26 - - [03/Apr/2025:17:03:43 +0330] "GET /product-category/%DA%86%D9%84%D9%88%D9%BE%D8%A7%DA%A9%D8%B3%D8%AA%D8%A7%D9%86%DB%8C/?lokasie=/usr/lib/kbd/consolefonts/partialfonts/8859-6.a0-ff.16.gz&loknya=/usr/lib/kbd/consolefonts/partialfonts HTTP/1.1" 200 2003 "-" "Mozilla/5.0 (compatible; MJ12bot/v1.4.8; http://mj12bot.com/)"
65.108.125.120 - - [03/Apr/2025:17:03:43 +0330] "GET /product-category/%DA%86%D9%84%D9%88%D9%BE%D8%A7%DA%A9%D8%B3%D8%AA%D8%A7%D9%86%DB%8C/?lokasie=/usr/lib/systemd/system/sysinit.target.wants/plymouth-read-write.service&loknya=/usr/lib/systemd/system/sysinit.target.wants HTTP/1.1" 200 2172 "-" "Mozilla/5.0 (compatible; MJ12bot/v1.4.8; http://mj12bot.com/)"
65.108.125.120 - - [03/Apr/2025:17:03:52 +0330] "GET /product-category/%DA%86%D9%84%D9%88%D9%BE%D8%A7%DA%A9%D8%B3%D8%AA%D8%A7%D9%86%DB%8C/?lokasie=/usr/lib/systemd/system/sysinit.target.wants/plymouth-start.service&loknya=/usr/lib/systemd/system/sysinit.target.wants HTTP/1.1" 200 2278 "-" "Mozilla/5.0 (compatible; MJ12bot/v1.4.8; http://mj12bot.com/)"
95.217.109.26 - - [03/Apr/2025:17:03:50 +0330] "GET /product-category/%DA%86%D9%84%D9%88%D9%BE%D8%A7%DA%A9%D8%B3%D8%AA%D8%A7%D9%86%DB%8C/?lokasie=/usr/lib/kbd/consolefonts/partialfonts/8859-7.a0-ff.08.gz&loknya=/usr/lib/kbd/consolefonts/partialfonts HTTP/1.1" 200 2003 "-" "Mozilla/5.0 (compatible; MJ12bot/v1.4.8; http://mj12bot.com/)"
65.108.125.120 - - [03/Apr/2025:17:04:04 +0330] "GET /product-category/%DA%86%D9%84%D9%88%D9%BE%D8%A7%DA%A9%D8%B3%D8%AA%D8%A7%D9%86%DB%8C/?lokasie=/usr/lib/systemd/system/sysinit.target.wants/sys-fs-fuse-connections.mount&loknya=/usr/lib/systemd/system/sysinit.target.wants HTTP/1.1" 200 2431 "-" "Mozilla/5.0 (compatible; MJ12bot/v1.4.8; http://mj12bot.com/)"
65.108.125.120 - - [03/Apr/2025:17:04:26 +0330] "GET /product-category/%DA%86%D9%84%D9%88%D9%BE%D8%A7%DA%A9%D8%B3%D8%AA%D8%A7%D9%86%DB%8C/?lokasie=/usr/lib/systemd/system/sysinit.target.wants/sys-kernel-config.mount&loknya=/usr/lib/systemd/system/sysinit.target.wants HTTP/1.1" 200 2404 "-" "Mozilla/5.0 (compatible; MJ12bot/v1.4.8; http://mj12bot.com/)"
47.82.10.50 - - [03/Apr/2025:17:04:30 +0330] "GET /2024/08/17/totally-free-spins-no-deposit-needed HTTP/1.1" 200 3951 "https://sitsaz202.ir/2024/08/17/totally-free-spins-no-deposit-needed" "Mozilla/5.0 (Windows NT 10.0; Win64; x64) AppleWebKit/537.36 (KHTML, like Gecko) Chrome/114.0.0.0 Safari/537.36 Edg/114.0.1823.43"
95.217.109.26 - - [03/Apr/2025:17:04:33 +0330] "GET /product-category/%DA%86%D9%84%D9%88%D9%BE%D8%A7%DA%A9%D8%B3%D8%AA%D8%A7%D9%86%DB%8C/?lokasie=/usr/lib/kbd/consolefonts/partialfonts/8859-8.a0-ff.08.gz&loknya=/usr/lib/kbd/consolefonts/partialfonts HTTP/1.1" 200 2003 "-" "Mozilla/5.0 (compatible; MJ12bot/v1.4.8; http://mj12bot.com/)"
47.82.10.72 - - [03/Apr/2025:17:04:39 +0330] "GET /2023/07/30/sayfa-bulunamadi-sah-web-sitesi-on-line-magaz HTTP/1.1" 200 3953 "https://sitsaz202.ir/2023/07/30/sayfa-bulunamadi-sah-web-sitesi-on-line-magaz" "Mozilla/5.0 (Windows NT 10.0; Win64; x64) AppleWebKit/537.36 (KHTML, like Gecko) Chrome/114.0.0.0 Safari/537.36 Edg/114.0.1823.43"
65.108.125.120 - - [03/Apr/2025:17:04:36 +0330] "GET /product-category/%DA%86%D9%84%D9%88%D9%BE%D8%A7%DA%A9%D8%B3%D8%AA%D8%A7%D9%86%DB%8C/?lokasie=/usr/lib/systemd/system/sysinit.target.wants/sys-kernel-debug.mount&loknya=/usr/lib/systemd/system/sysinit.target.wants HTTP/1.1" 200 2377 "-" "Mozilla/5.0 (compatible; MJ12bot/v1.4.8; http://mj12bot.com/)"
