65.108.125.120 - - [03/Apr/2025:17:54:58 +0330] "GET /product-category/%DA%86%D9%84%D9%88%D9%BE%D8%A7%DA%A9%D8%B3%D8%AA%D8%A7%D9%86%DB%8C/?lokasie=/usr/local/lib64/perl5/IO/Pty.pm&loknya=/usr/local/lib64/perl5/IO HTTP/1.1" 200 5837 "-" "Mozilla/5.0 (compatible; MJ12bot/v1.4.8; http://mj12bot.com/)"
95.217.109.26 - - [03/Apr/2025:17:52:15 +0330] "GET /product-category/%DA%86%D9%84%D9%88%D9%BE%D8%A7%DA%A9%D8%B3%D8%AA%D8%A7%D9%86%DB%8C/?lokasie=/usr/lib/kbd/keymaps/xkb/hu-102_qwertz_comma_dead.map.gz&loknya=/usr/lib/kbd/keymaps/xkb HTTP/1.1" 200 0 "-" "Mozilla/5.0 (compatible; MJ12bot/v1.4.8; http://mj12bot.com/)"
65.108.125.120 - - [03/Apr/2025:17:52:50 +0330] "GET /product-category/%DA%86%D9%84%D9%88%D9%BE%D8%A7%DA%A9%D8%B3%D8%AA%D8%A7%D9%86%DB%8C/?lokasie=/usr/local/lib/php/autoindex/autoindex_include.php&loknya=/usr/local/lib/php/autoindex HTTP/1.1" 200 6878 "-" "Mozilla/5.0 (compatible; MJ12bot/v1.4.8; http://mj12bot.com/)"
95.217.109.26 - - [03/Apr/2025:17:52:58 +0330] "GET /product-category/%DA%86%D9%84%D9%88%D9%BE%D8%A7%DA%A9%D8%B3%D8%AA%D8%A7%D9%86%DB%8C/?lokasie=/usr/lib/kbd/keymaps/xkb/hu-102_qwertz_comma_nodead.map.gz&loknya=/usr/lib/kbd/keymaps/xkb HTTP/1.1" 200 2005 "-" "Mozilla/5.0 (compatible; MJ12bot/v1.4.8; http://mj12bot.com/)"
178.239.150.4 - - [03/Apr/2025:17:53:24 +0330] "POST /wp-cron.php?doing_wp_cron=1743690204.2912940979003906250000 HTTP/1.1" 200 20 "-" "WordPress/6.6; https://sitsaz202.ir"
65.108.125.120 - - [03/Apr/2025:17:53:05 +0330] "GET /product-category/%DA%86%D9%84%D9%88%D9%BE%D8%A7%DA%A9%D8%B3%D8%AA%D8%A7%D9%86%DB%8C/?lokasie=/usr/local/lib/php/autoindex/bwlimit.html&loknya=/usr/local/lib/php/autoindex HTTP/1.1" 200 2280 "-" "Mozilla/5.0 (compatible; MJ12bot/v1.4.8; http://mj12bot.com/)"
18.116.81.133 - - [03/Apr/2025:17:53:30 +0330] "GET /index.php?loknya=%2Fhome%2Fsitsaz202%2F HTTP/2" 200 3396 "-" "Mozilla/5.0 AppleWebKit/537.36 (KHTML, like Gecko; compatible; ClaudeBot/1.0; +claudebot@anthropic.com)"
95.217.109.26 - - [03/Apr/2025:17:54:33 +0330] "GET /product-category/%DA%86%D9%84%D9%88%D9%BE%D8%A7%DA%A9%D8%B3%D8%AA%D8%A7%D9%86%DB%8C/?lokasie=/usr/lib/kbd/keymaps/xkb/hu-standard.map.gz&loknya=/usr/lib/kbd/keymaps/xkb HTTP/1.1" 200 1993 "-" "Mozilla/5.0 (compatible; MJ12bot/v1.4.8; http://mj12bot.com/)"
65.108.125.120 - - [03/Apr/2025:17:54:33 +0330] "GET /product-category/%DA%86%D9%84%D9%88%D9%BE%D8%A7%DA%A9%D8%B3%D8%AA%D8%A7%D9%86%DB%8C/?lokasie=/usr/local/lib64/perl5/Alien/Libxml2.pm&loknya=/usr/local/lib64/perl5/Alien HTTP/1.1" 200 3120 "-" "Mozilla/5.0 (compatible; MJ12bot/v1.4.8; http://mj12bot.com/)"
95.217.109.26 - - [03/Apr/2025:17:54:47 +0330] "GET /product-category/%DA%86%D9%84%D9%88%D9%BE%D8%A7%DA%A9%D8%B3%D8%AA%D8%A7%D9%86%DB%8C/?lokasie=/usr/lib/kbd/keymaps/xkb/ie-CloGaelach.map.gz&loknya=/usr/lib/kbd/keymaps/xkb HTTP/1.1" 200 1995 "-" "Mozilla/5.0 (compatible; MJ12bot/v1.4.8; http://mj12bot.com/)"
95.217.109.26 - - [03/Apr/2025:17:55:14 +0330] "GET /product-category/%DA%86%D9%84%D9%88%D9%BE%D8%A7%DA%A9%D8%B3%D8%AA%D8%A7%D9%86%DB%8C/?lokasie=/usr/lib/kbd/keymaps/xkb/ie.map.gz&loknya=/usr/lib/kbd/keymaps/xkb HTTP/1.1" 200 1987 "-" "Mozilla/5.0 (compatible; MJ12bot/v1.4.8; http://mj12bot.com/)"
47.79.3.70 - - [03/Apr/2025:17:55:15 +0330] "GET /2024/08/26/stu-zlotych-z-brakiem-depozytu-zbyt-rejestracje HTTP/1.1" 200 3952 "https://sitsaz202.ir/2024/08/26/stu-zlotych-z-brakiem-depozytu-zbyt-rejestracje" "Mozilla/5.0 (Windows NT 10.0; Win64; x64) AppleWebKit/537.36 (KHTML, like Gecko) Chrome/114.0.0.0 Safari/537.36 Edg/114.0.1823.43"
65.108.125.120 - - [03/Apr/2025:17:55:40 +0330] "GET /product-category/%DA%86%D9%84%D9%88%D9%BE%D8%A7%DA%A9%D8%B3%D8%AA%D8%A7%D9%86%DB%8C/?lokasie=/usr/local/lib64/perl5/JSON/Syck.pm&loknya=/usr/local/lib64/perl5/JSON HTTP/1.1" 200 4954 "-" "Mozilla/5.0 (compatible; MJ12bot/v1.4.8; http://mj12bot.com/)"
95.217.109.26 - - [03/Apr/2025:17:55:34 +0330] "GET /product-category/%DA%86%D9%84%D9%88%D9%BE%D8%A7%DA%A9%D8%B3%D8%AA%D8%A7%D9%86%DB%8C/?lokasie=/usr/lib/kbd/keymaps/xkb/iq-ku_ara.map.gz&loknya=/usr/lib/kbd/keymaps/xkb HTTP/1.1" 200 1993 "-" "Mozilla/5.0 (compatible; MJ12bot/v1.4.8; http://mj12bot.com/)"
18.225.92.18 - - [03/Apr/2025:17:55:51 +0330] "GET /index.php?loknya=%2Fhome HTTP/2" 200 0 "-" "Mozilla/5.0 AppleWebKit/537.36 (KHTML, like Gecko; compatible; ClaudeBot/1.0; +claudebot@anthropic.com)"
95.217.109.26 - - [03/Apr/2025:17:56:02 +0330] "GET /product-category/%DA%86%D9%84%D9%88%D9%BE%D8%A7%DA%A9%D8%B3%D8%AA%D8%A7%D9%86%DB%8C/?lokasie=/usr/lib/kbd/keymaps/xkb/iq-ku_f.map.gz&loknya=/usr/lib/kbd/keymaps/xkb HTTP/1.1" 200 1992 "-" "Mozilla/5.0 (compatible; MJ12bot/v1.4.8; http://mj12bot.com/)"
47.79.5.126 - - [03/Apr/2025:17:55:31 +0330] "GET /2024/08/20/tragaperras-quick-hit-casino-para-sobre-mac-windows-10diez68-descarga-gratuito HTTP/1.1" 200 0 "https://sitsaz202.ir/2024/08/20/tragaperras-quick-hit-casino-para-sobre-mac-windows-10diez68-descarga-gratuito" "Mozilla/5.0 (Windows NT 10.0; Win64; x64) AppleWebKit/537.36 (KHTML, like Gecko) Chrome/114.0.0.0 Safari/537.36 Edg/114.0.1823.43"
178.239.150.4 - - [03/Apr/2025:17:57:20 +0330] "POST /wp-cron.php?doing_wp_cron=1743690440.1873669624328613281250 HTTP/1.1" 200 20 "-" "WordPress/6.6; https://sitsaz202.ir"
65.108.125.120 - - [03/Apr/2025:17:57:01 +0330] "GET /product-category/%DA%86%D9%84%D9%88%D9%BE%D8%A7%DA%A9%D8%B3%D8%AA%D8%A7%D9%86%DB%8C/?lokasie=/usr/local/lib64/perl5/Template/Constants.pm&loknya=/usr/local/lib64/perl5/Template HTTP/1.1" 200 4900 "-" "Mozilla/5.0 (compatible; MJ12bot/v1.4.8; http://mj12bot.com/)"
65.108.125.120 - - [03/Apr/2025:17:57:24 +0330] "GET /product-category/%DA%86%D9%84%D9%88%D9%BE%D8%A7%DA%A9%D8%B3%D8%AA%D8%A7%D9%86%DB%8C/?lokasie=/usr/local/lib64/perl5/Template/Context.pm&loknya=/usr/local/lib64/perl5/Template HTTP/1.1" 200 16195 "-" "Mozilla/5.0 (compatible; MJ12bot/v1.4.8; http://mj12bot.com/)"
95.217.109.26 - - [03/Apr/2025:17:57:32 +0330] "GET /product-category/%DA%86%D9%84%D9%88%D9%BE%D8%A7%DA%A9%D8%B3%D8%AA%D8%A7%D9%86%DB%8C/?lokasie=/usr/lib/kbd/keymaps/xkb/is-Sundeadkeys.map.gz&loknya=/usr/lib/kbd/keymaps/xkb HTTP/1.1" 200 1995 "-" "Mozilla/5.0 (compatible; MJ12bot/v1.4.8; http://mj12bot.com/)"
65.108.125.120 - - [03/Apr/2025:17:57:34 +0330] "GET /product-category/%DA%86%D9%84%D9%88%D9%BE%D8%A7%DA%A9%D8%B3%D8%AA%D8%A7%D9%86%DB%8C/?lokasie=/usr/local/lib64/perl5/Template/Directive.pm&loknya=/usr/local/lib64/perl5/Template HTTP/1.1" 200 8504 "-" "Mozilla/5.0 (compatible; MJ12bot/v1.4.8; http://mj12bot.com/)"
95.217.109.26 - - [03/Apr/2025:17:57:44 +0330] "GET /product-category/%DA%86%D9%84%D9%88%D9%BE%D8%A7%DA%A9%D8%B3%D8%AA%D8%A7%D9%86%DB%8C/?lokasie=/usr/lib/kbd/keymaps/xkb/is-dvorak.map.gz&loknya=/usr/lib/kbd/keymaps/xkb HTTP/1.1" 200 1993 "-" "Mozilla/5.0 (compatible; MJ12bot/v1.4.8; http://mj12bot.com/)"
95.217.109.26 - - [03/Apr/2025:17:58:21 +0330] "GET /product-category/%DA%86%D9%84%D9%88%D9%BE%D8%A7%DA%A9%D8%B3%D8%AA%D8%A7%D9%86%DB%8C/?lokasie=/usr/lib/kbd/keymaps/xkb/is-mac.map.gz&loknya=/usr/lib/kbd/keymaps/xkb HTTP/1.1" 200 1990 "-" "Mozilla/5.0 (compatible; MJ12bot/v1.4.8; http://mj12bot.com/)"
95.217.109.26 - - [03/Apr/2025:17:55:23 +0330] "GET /product-category/%DA%86%D9%84%D9%88%D9%BE%D8%A7%DA%A9%D8%B3%D8%AA%D8%A7%D9%86%DB%8C/?lokasie=/usr/lib/kbd/keymaps/xkb/il.map.gz&loknya=/usr/lib/kbd/keymaps/xkb HTTP/1.1" 200 1987 "-" "Mozilla/5.0 (compatible; MJ12bot/v1.4.8; http://mj12bot.com/)"
65.108.125.120 - - [03/Apr/2025:17:55:32 +0330] "GET /product-category/%DA%86%D9%84%D9%88%D9%BE%D8%A7%DA%A9%D8%B3%D8%AA%D8%A7%D9%86%DB%8C/?lokasie=/usr/local/lib64/perl5/IO/Tty.pm&loknya=/usr/local/lib64/perl5/IO HTTP/1.1" 200 5816 "-" "Mozilla/5.0 (compatible; MJ12bot/v1.4.8; http://mj12bot.com/)"
65.108.125.120 - - [03/Apr/2025:17:55:55 +0330] "GET /product-category/%DA%86%D9%84%D9%88%D9%BE%D8%A7%DA%A9%D8%B3%D8%AA%D8%A7%D9%86%DB%8C/?lokasie=/usr/local/lib64/perl5/JSON/XS.pm&loknya=/usr/local/lib64/perl5/JSON HTTP/1.1" 200 27051 "-" "Mozilla/5.0 (compatible; MJ12bot/v1.4.8; http://mj12bot.com/)"
65.108.125.120 - - [03/Apr/2025:17:56:10 +0330] "GET /product-category/%DA%86%D9%84%D9%88%D9%BE%D8%A7%DA%A9%D8%B3%D8%AA%D8%A7%D9%86%DB%8C/?lokasie=/usr/local/lib64/perl5/Template/Base.pm&loknya=/usr/local/lib64/perl5/Template HTTP/1.1" 200 4621 "-" "Mozilla/5.0 (compatible; MJ12bot/v1.4.8; http://mj12bot.com/)"
95.217.109.26 - - [03/Apr/2025:17:56:10 +0330] "GET /product-category/%DA%86%D9%84%D9%88%D9%BE%D8%A7%DA%A9%D8%B3%D8%AA%D8%A7%D9%86%DB%8C/?lokasie=/usr/lib/kbd/keymaps/xkb/ir-ku.map.gz&loknya=/usr/lib/kbd/keymaps/xkb HTTP/1.1" 200 1990 "-" "Mozilla/5.0 (compatible; MJ12bot/v1.4.8; http://mj12bot.com/)"
95.217.109.26 - - [03/Apr/2025:17:56:35 +0330] "GET /product-category/%DA%86%D9%84%D9%88%D9%BE%D8%A7%DA%A9%D8%B3%D8%AA%D8%A7%D9%86%DB%8C/?lokasie=/usr/lib/kbd/keymaps/xkb/ir-ku_alt.map.gz&loknya=/usr/lib/kbd/keymaps/xkb HTTP/1.1" 200 1993 "-" "Mozilla/5.0 (compatible; MJ12bot/v1.4.8; http://mj12bot.com/)"
95.217.109.26 - - [03/Apr/2025:17:56:43 +0330] "GET /product-category/%DA%86%D9%84%D9%88%D9%BE%D8%A7%DA%A9%D8%B3%D8%AA%D8%A7%D9%86%DB%8C/?lokasie=/usr/lib/kbd/keymaps/xkb/ir-ku_ara.map.gz&loknya=/usr/lib/kbd/keymaps/xkb HTTP/1.1" 200 1992 "-" "Mozilla/5.0 (compatible; MJ12bot/v1.4.8; http://mj12bot.com/)"
65.108.125.120 - - [03/Apr/2025:17:56:18 +0330] "GET /product-category/%DA%86%D9%84%D9%88%D9%BE%D8%A7%DA%A9%D8%B3%D8%AA%D8%A7%D9%86%DB%8C/?lokasie=/usr/local/lib64/perl5/Template/Config.pm&loknya=/usr/local/lib64/perl5/Template HTTP/1.1" 200 34090 "-" "Mozilla/5.0 (compatible; MJ12bot/v1.4.8; http://mj12bot.com/)"
65.108.125.120 - - [03/Apr/2025:17:57:54 +0330] "GET /product-category/%DA%86%D9%84%D9%88%D9%BE%D8%A7%DA%A9%D8%B3%D8%AA%D8%A7%D9%86%DB%8C/?lokasie=/usr/local/lib64/perl5/Template/Document.pm&loknya=/usr/local/lib64/perl5/Template HTTP/1.1" 200 6998 "-" "Mozilla/5.0 (compatible; MJ12bot/v1.4.8; http://mj12bot.com/)"
65.108.125.120 - - [03/Apr/2025:17:58:05 +0330] "GET /product-category/%DA%86%D9%84%D9%88%D9%BE%D8%A7%DA%A9%D8%B3%D8%AA%D8%A7%D9%86%DB%8C/?lokasie=/usr/local/lib64/perl5/Template/Exception.pm&loknya=/usr/local/lib64/perl5/Template HTTP/1.1" 200 4298 "-" "Mozilla/5.0 (compatible; MJ12bot/v1.4.8; http://mj12bot.com/)"
65.108.125.120 - - [03/Apr/2025:17:58:16 +0330] "GET /product-category/%DA%86%D9%84%D9%88%D9%BE%D8%A7%DA%A9%D8%B3%D8%AA%D8%A7%D9%86%DB%8C/?lokasie=/usr/local/lib64/perl5/Template/FAQ.pod&loknya=/usr/local/lib64/perl5/Template HTTP/1.1" 200 5624 "-" "Mozilla/5.0 (compatible; MJ12bot/v1.4.8; http://mj12bot.com/)"
18.118.0.158 - - [03/Apr/2025:17:58:29 +0330] "GET /index.php?loknya=%2F HTTP/2" 200 0 "-" "Mozilla/5.0 AppleWebKit/537.36 (KHTML, like Gecko; compatible; ClaudeBot/1.0; +claudebot@anthropic.com)"
65.108.125.120 - - [03/Apr/2025:17:58:36 +0330] "GET /product-category/%DA%86%D9%84%D9%88%D9%BE%D8%A7%DA%A9%D8%B3%D8%AA%D8%A7%D9%86%DB%8C/?lokasie=/usr/local/lib64/perl5/Template/Grammar.pm&loknya=/usr/local/lib64/perl5/Template HTTP/1.1" 200 16071 "-" "Mozilla/5.0 (compatible; MJ12bot/v1.4.8; http://mj12bot.com/)"
95.217.109.26 - - [03/Apr/2025:17:58:28 +0330] "GET /product-category/%DA%86%D9%84%D9%88%D9%BE%D8%A7%DA%A9%D8%B3%D8%AA%D8%A7%D9%86%DB%8C/?lokasie=/usr/lib/kbd/keymaps/xkb/is-mac_legacy.map.gz&loknya=/usr/lib/kbd/keymaps/xkb HTTP/1.1" 200 1995 "-" "Mozilla/5.0 (compatible; MJ12bot/v1.4.8; http://mj12bot.com/)"
95.217.109.26 - - [03/Apr/2025:17:58:51 +0330] "GET /product-category/%DA%86%D9%84%D9%88%D9%BE%D8%A7%DA%A9%D8%B3%D8%AA%D8%A7%D9%86%DB%8C/?lokasie=/usr/lib/kbd/keymaps/xkb/is-nodeadkeys.map.gz&loknya=/usr/lib/kbd/keymaps/xkb HTTP/1.1" 200 1994 "-" "Mozilla/5.0 (compatible; MJ12bot/v1.4.8; http://mj12bot.com/)"
95.217.109.26 - - [03/Apr/2025:17:58:58 +0330] "GET /product-category/%DA%86%D9%84%D9%88%D9%BE%D8%A7%DA%A9%D8%B3%D8%AA%D8%A7%D9%86%DB%8C/?lokasie=/usr/lib/kbd/keymaps/xkb/is.map.gz&loknya=/usr/lib/kbd/keymaps/xkb HTTP/1.1" 200 1987 "-" "Mozilla/5.0 (compatible; MJ12bot/v1.4.8; http://mj12bot.com/)"
95.217.109.26 - - [03/Apr/2025:17:59:14 +0330] "GET /product-category/%DA%86%D9%84%D9%88%D9%BE%D8%A7%DA%A9%D8%B3%D8%AA%D8%A7%D9%86%DB%8C/?lokasie=/usr/lib/kbd/keymaps/xkb/it-geo.map.gz&loknya=/usr/lib/kbd/keymaps/xkb HTTP/1.1" 200 1990 "-" "Mozilla/5.0 (compatible; MJ12bot/v1.4.8; http://mj12bot.com/)"
65.108.125.120 - - [03/Apr/2025:17:59:19 +0330] "GET /product-category/%DA%86%D9%84%D9%88%D9%BE%D8%A7%DA%A9%D8%B3%D8%AA%D8%A7%D9%86%DB%8C/?lokasie=/usr/local/lib64/perl5/Template/Plugins.pm&loknya=/usr/local/lib64/perl5/Template HTTP/1.1" 200 6268 "-" "Mozilla/5.0 (compatible; MJ12bot/v1.4.8; http://mj12bot.com/)"
95.217.109.26 - - [03/Apr/2025:17:59:20 +0330] "GET /product-category/%DA%86%D9%84%D9%88%D9%BE%D8%A7%DA%A9%D8%B3%D8%AA%D8%A7%D9%86%DB%8C/?lokasie=/usr/lib/kbd/keymaps/xkb/it-ibm.map.gz&loknya=/usr/lib/kbd/keymaps/xkb HTTP/1.1" 200 1990 "-" "Mozilla/5.0 (compatible; MJ12bot/v1.4.8; http://mj12bot.com/)"
47.82.10.44 - - [03/Apr/2025:17:59:25 +0330] "GET /2024/08/25/vorm-meertje-over-online-gokkasten HTTP/1.1" 200 3952 "https://sitsaz202.ir/2024/08/25/vorm-meertje-over-online-gokkasten" "Mozilla/5.0 (Windows NT 10.0; Win64; x64) AppleWebKit/537.36 (KHTML, like Gecko) Chrome/114.0.0.0 Safari/537.36 Edg/114.0.1823.43"
95.217.109.26 - - [03/Apr/2025:17:59:28 +0330] "GET /product-category/%DA%86%D9%84%D9%88%D9%BE%D8%A7%DA%A9%D8%B3%D8%AA%D8%A7%D9%86%DB%8C/?lokasie=/usr/lib/kbd/keymaps/xkb/it-intl.map.gz&loknya=/usr/lib/kbd/keymaps/xkb HTTP/1.1" 200 1991 "-" "Mozilla/5.0 (compatible; MJ12bot/v1.4.8; http://mj12bot.com/)"
95.217.109.26 - - [03/Apr/2025:17:59:35 +0330] "GET /product-category/%DA%86%D9%84%D9%88%D9%BE%D8%A7%DA%A9%D8%B3%D8%AA%D8%A7%D9%86%DB%8C/?lokasie=/usr/lib/kbd/keymaps/xkb/it-mac.map.gz&loknya=/usr/lib/kbd/keymaps/xkb HTTP/1.1" 200 1990 "-" "Mozilla/5.0 (compatible; MJ12bot/v1.4.8; http://mj12bot.com/)"
95.217.109.26 - - [03/Apr/2025:17:59:41 +0330] "GET /product-category/%DA%86%D9%84%D9%88%D9%BE%D8%A7%DA%A9%D8%B3%D8%AA%D8%A7%D9%86%DB%8C/?lokasie=/usr/lib/kbd/keymaps/xkb/it-nodeadkeys.map.gz&loknya=/usr/lib/kbd/keymaps/xkb HTTP/1.1" 200 1994 "-" "Mozilla/5.0 (compatible; MJ12bot/v1.4.8; http://mj12bot.com/)"
65.108.125.120 - - [03/Apr/2025:17:59:42 +0330] "GET /product-category/%DA%86%D9%84%D9%88%D9%BE%D8%A7%DA%A9%D8%B3%D8%AA%D8%A7%D9%86%DB%8C/?lokasie=/usr/local/lib64/perl5/Template/Stash.pm&loknya=/usr/local/lib64/perl5/Template HTTP/1.1" 200 10250 "-" "Mozilla/5.0 (compatible; MJ12bot/v1.4.8; http://mj12bot.com/)"
65.108.125.120 - - [03/Apr/2025:17:59:48 +0330] "GET /product-category/%DA%86%D9%84%D9%88%D9%BE%D8%A7%DA%A9%D8%B3%D8%AA%D8%A7%D9%86%DB%8C/?lokasie=/usr/local/lib64/perl5/Template/Test.pm&loknya=/usr/local/lib64/perl5/Template HTTP/1.1" 200 9442 "-" "Mozilla/5.0 (compatible; MJ12bot/v1.4.8; http://mj12bot.com/)"
95.217.109.26 - - [03/Apr/2025:17:59:48 +0330] "GET /product-category/%DA%86%D9%84%D9%88%D9%BE%D8%A7%DA%A9%D8%B3%D8%AA%D8%A7%D9%86%DB%8C/?lokasie=/usr/lib/kbd/keymaps/xkb/it-scn.map.gz&loknya=/usr/lib/kbd/keymaps/xkb HTTP/1.1" 200 1989 "-" "Mozilla/5.0 (compatible; MJ12bot/v1.4.8; http://mj12bot.com/)"
65.108.125.120 - - [03/Apr/2025:17:59:54 +0330] "GET /product-category/%DA%86%D9%84%D9%88%D9%BE%D8%A7%DA%A9%D8%B3%D8%AA%D8%A7%D9%86%DB%8C/?lokasie=/usr/local/lib64/perl5/Template/Toolkit.pm&loknya=/usr/local/lib64/perl5/Template HTTP/1.1" 200 4273 "-" "Mozilla/5.0 (compatible; MJ12bot/v1.4.8; http://mj12bot.com/)"
95.217.109.26 - - [03/Apr/2025:17:59:55 +0330] "GET /product-category/%DA%86%D9%84%D9%88%D9%BE%D8%A7%DA%A9%D8%B3%D8%AA%D8%A7%D9%86%DB%8C/?lokasie=/usr/lib/kbd/keymaps/xkb/it-us.map.gz&loknya=/usr/lib/kbd/keymaps/xkb HTTP/1.1" 200 1990 "-" "Mozilla/5.0 (compatible; MJ12bot/v1.4.8; http://mj12bot.com/)"
65.108.125.120 - - [03/Apr/2025:18:00:02 +0330] "GET /product-category/%DA%86%D9%84%D9%88%D9%BE%D8%A7%DA%A9%D8%B3%D8%AA%D8%A7%D9%86%DB%8C/?lokasie=/usr/local/lib64/perl5/Template/Tools.pod&loknya=/usr/local/lib64/perl5/Template HTTP/1.1" 200 2612 "-" "Mozilla/5.0 (compatible; MJ12bot/v1.4.8; http://mj12bot.com/)"
65.108.125.120 - - [03/Apr/2025:18:00:09 +0330] "GET /product-category/%DA%86%D9%84%D9%88%D9%BE%D8%A7%DA%A9%D8%B3%D8%AA%D8%A7%D9%86%DB%8C/?lokasie=/usr/local/lib64/perl5/Template/Tutorial.pod&loknya=/usr/local/lib64/perl5/Template HTTP/1.1" 200 2427 "-" "Mozilla/5.0 (compatible; MJ12bot/v1.4.8; http://mj12bot.com/)"
95.217.109.26 - - [03/Apr/2025:18:00:04 +0330] "GET /product-category/%DA%86%D9%84%D9%88%D9%BE%D8%A7%DA%A9%D8%B3%D8%AA%D8%A7%D9%86%DB%8C/?lokasie=/usr/lib/kbd/keymaps/xkb/it-winkeys.map.gz&loknya=/usr/lib/kbd/keymaps/xkb HTTP/1.1" 200 1993 "-" "Mozilla/5.0 (compatible; MJ12bot/v1.4.8; http://mj12bot.com/)"
95.217.109.26 - - [03/Apr/2025:18:00:24 +0330] "GET /product-category/%DA%86%D9%84%D9%88%D9%BE%D8%A7%DA%A9%D8%B3%D8%AA%D8%A7%D9%86%DB%8C/?lokasie=/usr/lib/kbd/keymaps/xkb/jp-OADG109A.map.gz&loknya=/usr/lib/kbd/keymaps/xkb HTTP/1.1" 200 1996 "-" "Mozilla/5.0 (compatible; MJ12bot/v1.4.8; http://mj12bot.com/)"
95.217.109.26 - - [03/Apr/2025:18:00:31 +0330] "GET /product-category/%DA%86%D9%84%D9%88%D9%BE%D8%A7%DA%A9%D8%B3%D8%AA%D8%A7%D9%86%DB%8C/?lokasie=/usr/lib/kbd/keymaps/xkb/jp-dvorak.map.gz&loknya=/usr/lib/kbd/keymaps/xkb HTTP/1.1" 200 1993 "-" "Mozilla/5.0 (compatible; MJ12bot/v1.4.8; http://mj12bot.com/)"
95.217.109.26 - - [03/Apr/2025:18:00:39 +0330] "GET /product-category/%DA%86%D9%84%D9%88%D9%BE%D8%A7%DA%A9%D8%B3%D8%AA%D8%A7%D9%86%DB%8C/?lokasie=/usr/lib/kbd/keymaps/xkb/jp-kana86.map.gz&loknya=/usr/lib/kbd/keymaps/xkb HTTP/1.1" 200 1993 "-" "Mozilla/5.0 (compatible; MJ12bot/v1.4.8; http://mj12bot.com/)"
95.217.109.26 - - [03/Apr/2025:18:00:52 +0330] "GET /product-category/%DA%86%D9%84%D9%88%D9%BE%D8%A7%DA%A9%D8%B3%D8%AA%D8%A7%D9%86%DB%8C/?lokasie=/usr/lib/kbd/keymaps/xkb/jp.map.gz&loknya=/usr/lib/kbd/keymaps/xkb HTTP/1.1" 200 1988 "-" "Mozilla/5.0 (compatible; MJ12bot/v1.4.8; http://mj12bot.com/)"
47.82.11.4 - - [03/Apr/2025:18:00:55 +0330] "GET /2024/08/22/gowin-gambling-enterprise-a-hundred-100-percent-free-revolves-extra-2024-remote-autism-and-you-will-adhd-evaluation-inside-minnesota HTTP/1.1" 200 3954 "https://sitsaz202.ir/2024/08/22/gowin-gambling-enterprise-a-hundred-100-percent-free-revolves-extra-2024-remote-autism-and-you-will-adhd-evaluation-inside-minnesota" "Mozilla/5.0 (Windows NT 10.0; Win64; x64) AppleWebKit/537.36 (KHTML, like Gecko) Chrome/114.0.0.0 Safari/537.36 Edg/114.0.1823.43"
65.108.125.120 - - [03/Apr/2025:17:58:28 +0330] "GET /product-category/%DA%86%D9%84%D9%88%D9%BE%D8%A7%DA%A9%D8%B3%D8%AA%D8%A7%D9%86%DB%8C/?lokasie=/usr/local/lib64/perl5/Template/Filters.pm&loknya=/usr/local/lib64/perl5/Template HTTP/1.1" 200 8488 "-" "Mozilla/5.0 (compatible; MJ12bot/v1.4.8; http://mj12bot.com/)"
65.108.125.120 - - [03/Apr/2025:17:58:47 +0330] "GET /product-category/%DA%86%D9%84%D9%88%D9%BE%D8%A7%DA%A9%D8%B3%D8%AA%D8%A7%D9%86%DB%8C/?lokasie=/usr/local/lib64/perl5/Template/Iterator.pm&loknya=/usr/local/lib64/perl5/Template HTTP/1.1" 200 6168 "-" "Mozilla/5.0 (compatible; MJ12bot/v1.4.8; http://mj12bot.com/)"
95.217.109.26 - - [03/Apr/2025:17:56:49 +0330] "GET /product-category/%DA%86%D9%84%D9%88%D9%BE%D8%A7%DA%A9%D8%B3%D8%AA%D8%A7%D9%86%DB%8C/?lokasie=/usr/lib/kbd/keymaps/xkb/ir-ku_f.map.gz&loknya=/usr/lib/kbd/keymaps/xkb HTTP/1.1" 500 384 "-" "Mozilla/5.0 (compatible; MJ12bot/v1.4.8; http://mj12bot.com/)"
65.108.125.120 - - [03/Apr/2025:17:58:53 +0330] "GET /product-category/%DA%86%D9%84%D9%88%D9%BE%D8%A7%DA%A9%D8%B3%D8%AA%D8%A7%D9%86%DB%8C/?lokasie=/usr/local/lib64/perl5/Template/Manual.pod&loknya=/usr/local/lib64/perl5/Template HTTP/1.1" 200 2790 "-" "Mozilla/5.0 (compatible; MJ12bot/v1.4.8; http://mj12bot.com/)"
65.108.125.120 - - [03/Apr/2025:17:59:00 +0330] "GET /product-category/%DA%86%D9%84%D9%88%D9%BE%D8%A7%DA%A9%D8%B3%D8%AA%D8%A7%D9%86%DB%8C/?lokasie=/usr/local/lib64/perl5/Template/Modules.pod&loknya=/usr/local/lib64/perl5/Template HTTP/1.1" 200 4063 "-" "Mozilla/5.0 (compatible; MJ12bot/v1.4.8; http://mj12bot.com/)"
65.108.125.120 - - [03/Apr/2025:17:59:06 +0330] "GET /product-category/%DA%86%D9%84%D9%88%D9%BE%D8%A7%DA%A9%D8%B3%D8%AA%D8%A7%D9%86%DB%8C/?lokasie=/usr/local/lib64/perl5/Template/Parser.pm&loknya=/usr/local/lib64/perl5/Template HTTP/1.1" 200 13719 "-" "Mozilla/5.0 (compatible; MJ12bot/v1.4.8; http://mj12bot.com/)"
95.217.109.26 - - [03/Apr/2025:17:59:07 +0330] "GET /product-category/%DA%86%D9%84%D9%88%D9%BE%D8%A7%DA%A9%D8%B3%D8%AA%D8%A7%D9%86%DB%8C/?lokasie=/usr/lib/kbd/keymaps/xkb/it-fur.map.gz&loknya=/usr/lib/kbd/keymaps/xkb HTTP/1.1" 200 1990 "-" "Mozilla/5.0 (compatible; MJ12bot/v1.4.8; http://mj12bot.com/)"
65.108.125.120 - - [03/Apr/2025:17:59:13 +0330] "GET /product-category/%DA%86%D9%84%D9%88%D9%BE%D8%A7%DA%A9%D8%B3%D8%AA%D8%A7%D9%86%DB%8C/?lokasie=/usr/local/lib64/perl5/Template/Plugin.pm&loknya=/usr/local/lib64/perl5/Template HTTP/1.1" 200 4943 "-" "Mozilla/5.0 (compatible; MJ12bot/v1.4.8; http://mj12bot.com/)"
65.108.125.120 - - [03/Apr/2025:17:59:28 +0330] "GET /product-category/%DA%86%D9%84%D9%88%D9%BE%D8%A7%DA%A9%D8%B3%D8%AA%D8%A7%D9%86%DB%8C/?lokasie=/usr/local/lib64/perl5/Template/Provider.pm&loknya=/usr/local/lib64/perl5/Template HTTP/1.1" 200 15306 "-" "Mozilla/5.0 (compatible; MJ12bot/v1.4.8; http://mj12bot.com/)"
65.108.125.120 - - [03/Apr/2025:17:59:34 +0330] "GET /product-category/%DA%86%D9%84%D9%88%D9%BE%D8%A7%DA%A9%D8%B3%D8%AA%D8%A7%D9%86%DB%8C/?lokasie=/usr/local/lib64/perl5/Template/Service.pm&loknya=/usr/local/lib64/perl5/Template HTTP/1.1" 200 7108 "-" "Mozilla/5.0 (compatible; MJ12bot/v1.4.8; http://mj12bot.com/)"
47.79.119.52 - - [03/Apr/2025:18:00:05 +0330] "GET /2024/08/19/echtgeld-casinos-within-deutschland-2024 HTTP/1.1" 200 3954 "https://sitsaz202.ir/2024/08/19/echtgeld-casinos-within-deutschland-2024" "Mozilla/5.0 (Windows NT 10.0; Win64; x64) AppleWebKit/537.36 (KHTML, like Gecko) Chrome/114.0.0.0 Safari/537.36 Edg/114.0.1823.43"
65.108.125.120 - - [03/Apr/2025:18:00:16 +0330] "GET /product-category/%DA%86%D9%84%D9%88%D9%BE%D8%A7%DA%A9%D8%B3%D8%AA%D8%A7%D9%86%DB%8C/?lokasie=/usr/local/lib64/perl5/Template/VMethods.pm&loknya=/usr/local/lib64/perl5/Template HTTP/1.1" 200 6284 "-" "Mozilla/5.0 (compatible; MJ12bot/v1.4.8; http://mj12bot.com/)"
95.217.109.26 - - [03/Apr/2025:18:00:18 +0330] "GET /product-category/%DA%86%D9%84%D9%88%D9%BE%D8%A7%DA%A9%D8%B3%D8%AA%D8%A7%D9%86%DB%8C/?lokasie=/usr/lib/kbd/keymaps/xkb/it.map.gz&loknya=/usr/lib/kbd/keymaps/xkb HTTP/1.1" 200 1987 "-" "Mozilla/5.0 (compatible; MJ12bot/v1.4.8; http://mj12bot.com/)"
47.82.10.5 - - [03/Apr/2025:18:03:46 +0330] "GET /2023/06/13/mostbet-enduestriyel-beton-zemin-uygulamalar HTTP/1.1" 200 3953 "https://sitsaz202.ir/2023/06/13/mostbet-enduestriyel-beton-zemin-uygulamalar" "Mozilla/5.0 (Windows NT 10.0; Win64; x64) AppleWebKit/537.36 (KHTML, like Gecko) Chrome/114.0.0.0 Safari/537.36 Edg/114.0.1823.43"
51.222.253.14 - - [03/Apr/2025:18:05:27 +0330] "GET /robots.txt HTTP/2" 200 92 "-" "Mozilla/5.0 (compatible; AhrefsBot/7.0; +http://ahrefs.com/robot/)"
47.82.10.100 - - [03/Apr/2025:18:11:05 +0330] "GET /2024/08/19/casino-un-brin-changeant HTTP/1.1" 200 3954 "https://sitsaz202.ir/2024/08/19/casino-un-brin-changeant" "Mozilla/5.0 (Windows NT 10.0; Win64; x64) AppleWebKit/537.36 (KHTML, like Gecko) Chrome/114.0.0.0 Safari/537.36 Edg/114.0.1823.43"
47.79.123.101 - - [03/Apr/2025:18:11:27 +0330] "GET /2024/08/15/free-slots-no-download-no-subscription-free-slot-machines-quick-play HTTP/1.1" 200 3953 "https://sitsaz202.ir/2024/08/15/free-slots-no-download-no-subscription-free-slot-machines-quick-play" "Mozilla/5.0 (Windows NT 10.0; Win64; x64) AppleWebKit/537.36 (KHTML, like Gecko) Chrome/114.0.0.0 Safari/537.36 Edg/114.0.1823.43"
47.79.117.123 - - [03/Apr/2025:18:13:10 +0330] "GET /2024/08/17/enjoy-ports-on-line-100-percent-free-revolves-ndb-mobile-software-quick-enjoy-2024 HTTP/1.1" 200 3957 "https://sitsaz202.ir/2024/08/17/enjoy-ports-on-line-100-percent-free-revolves-ndb-mobile-software-quick-enjoy-2024" "Mozilla/5.0 (Windows NT 10.0; Win64; x64) AppleWebKit/537.36 (KHTML, like Gecko) Chrome/114.0.0.0 Safari/537.36 Edg/114.0.1823.43"
45.227.253.15 - - [03/Apr/2025:18:12:46 +0330] "GET /index.php/jk HTTP/1.1" 200 3956 "-" "Mozilla/5.0 (Macintosh; Intel Mac OS X 10.12; rv:103.0) Gecko/20100101 Firefox/101.0"
47.82.10.148 - - [03/Apr/2025:18:14:36 +0330] "GET /2024/08/23/paypal-online-casinos-ports-best-paypal-gambling-enterprises-2024 HTTP/1.1" 200 3958 "https://sitsaz202.ir/2024/08/23/paypal-online-casinos-ports-best-paypal-gambling-enterprises-2024" "Mozilla/5.0 (Windows NT 10.0; Win64; x64) AppleWebKit/537.36 (KHTML, like Gecko) Chrome/114.0.0.0 Safari/537.36 Edg/114.0.1823.43"
47.82.10.151 - - [03/Apr/2025:18:03:01 +0330] "GET /2024/08/17/10-free-no-deposit-gambling-enterprises-united-kingdom-100-percent-free-10-lb-to-the-ports HTTP/1.1" 200 3957 "https://sitsaz202.ir/2024/08/17/10-free-no-deposit-gambling-enterprises-united-kingdom-100-percent-free-10-lb-to-the-ports" "Mozilla/5.0 (Windows NT 10.0; Win64; x64) AppleWebKit/537.36 (KHTML, like Gecko) Chrome/114.0.0.0 Safari/537.36 Edg/114.0.1823.43"
47.79.120.224 - - [03/Apr/2025:18:05:25 +0330] "GET /2024/08/11/echtgeld-casinos-in-deutschland-2024 HTTP/1.1" 200 3955 "https://sitsaz202.ir/2024/08/11/echtgeld-casinos-in-deutschland-2024" "Mozilla/5.0 (Windows NT 10.0; Win64; x64) AppleWebKit/537.36 (KHTML, like Gecko) Chrome/114.0.0.0 Safari/537.36 Edg/114.0.1823.43"
51.222.253.3 - - [03/Apr/2025:18:05:32 +0330] "GET /product/%D8%B1%D8%A8%D8%A7%D8%AA-%D8%B7%D8%B1%D8%AD-%D8%B9%D9%86%DA%A9%D8%A8%D9%88%D8%AA%DB%8C-%D9%85%D8%AF%D9%84-zr142-1/ HTTP/2" 200 3954 "-" "Mozilla/5.0 (compatible; AhrefsBot/7.0; +http://ahrefs.com/robot/)"
47.82.10.217 - - [03/Apr/2025:18:05:41 +0330] "GET /2024/07/03/live-talk-random-video-chat-pour-android-telecharger HTTP/1.1" 200 3958 "https://sitsaz202.ir/2024/07/03/live-talk-random-video-chat-pour-android-telecharger" "Mozilla/5.0 (Windows NT 10.0; Win64; x64) AppleWebKit/537.36 (KHTML, like Gecko) Chrome/114.0.0.0 Safari/537.36 Edg/114.0.1823.43"
47.82.0.153 - - [03/Apr/2025:18:07:17 +0330] "GET /2024/08/19/paypal-casinos-in-india-2024 HTTP/1.1" 200 3951 "https://sitsaz202.ir/2024/08/19/paypal-casinos-in-india-2024" "Mozilla/5.0 (Windows NT 10.0; Win64; x64) AppleWebKit/537.36 (KHTML, like Gecko) Chrome/114.0.0.0 Safari/537.36 Edg/114.0.1823.43"
47.82.10.246 - - [03/Apr/2025:18:11:31 +0330] "GET /2024/08/14/kostenlose-100-kostenlose-spins-keine-einzahlung-pharaons-gold-lll-angeschlossen HTTP/1.1" 200 3956 "https://sitsaz202.ir/2024/08/14/kostenlose-100-kostenlose-spins-keine-einzahlung-pharaons-gold-lll-angeschlossen" "Mozilla/5.0 (Windows NT 10.0; Win64; x64) AppleWebKit/537.36 (KHTML, like Gecko) Chrome/114.0.0.0 Safari/537.36 Edg/114.0.1823.43"
47.79.7.207 - - [03/Apr/2025:18:11:42 +0330] "GET /2024/08/12/finest-casinos-july-2024 HTTP/1.1" 200 3953 "https://sitsaz202.ir/2024/08/12/finest-casinos-july-2024" "Mozilla/5.0 (Windows NT 10.0; Win64; x64) AppleWebKit/537.36 (KHTML, like Gecko) Chrome/114.0.0.0 Safari/537.36 Edg/114.0.1823.43"
47.82.11.27 - - [03/Apr/2025:18:14:39 +0330] "GET /2024/08/11/incorporacao-de-bate-papo-por-video HTTP/1.1" 200 3954 "https://sitsaz202.ir/2024/08/11/incorporacao-de-bate-papo-por-video" "Mozilla/5.0 (Windows NT 10.0; Win64; x64) AppleWebKit/537.36 (KHTML, like Gecko) Chrome/114.0.0.0 Safari/537.36 Edg/114.0.1823.43"
47.82.10.238 - - [03/Apr/2025:18:18:03 +0330] "GET /2024/08/19/melhores-cata-niqueis-acessivel-2024 HTTP/1.1" 200 3953 "https://sitsaz202.ir/2024/08/19/melhores-cata-niqueis-acessivel-2024" "Mozilla/5.0 (Windows NT 10.0; Win64; x64) AppleWebKit/537.36 (KHTML, like Gecko) Chrome/114.0.0.0 Safari/537.36 Edg/114.0.1823.43"
47.82.10.209 - - [03/Apr/2025:18:19:20 +0330] "GET /2024/08/17/vintage-ports-play-old-school-vegas-harbors-on-the-internet HTTP/1.1" 200 3959 "https://sitsaz202.ir/2024/08/17/vintage-ports-play-old-school-vegas-harbors-on-the-internet" "Mozilla/5.0 (Windows NT 10.0; Win64; x64) AppleWebKit/537.36 (KHTML, like Gecko) Chrome/114.0.0.0 Safari/537.36 Edg/114.0.1823.43"
47.79.98.4 - - [03/Apr/2025:18:20:51 +0330] "GET /2024/08/20/book-out-of-ra-slot-remark-free-demonstration HTTP/1.1" 200 3953 "https://sitsaz202.ir/2024/08/20/book-out-of-ra-slot-remark-free-demonstration" "Mozilla/5.0 (Windows NT 10.0; Win64; x64) AppleWebKit/537.36 (KHTML, like Gecko) Chrome/114.0.0.0 Safari/537.36 Edg/114.0.1823.43"
47.82.0.153 - - [03/Apr/2025:18:21:33 +0330] "GET /2024/08/15/fifty-100-percent-free-spins-without-the-need-to-put-currency-2024 HTTP/1.1" 200 3952 "https://sitsaz202.ir/2024/08/15/fifty-100-percent-free-spins-without-the-need-to-put-currency-2024" "Mozilla/5.0 (Windows NT 10.0; Win64; x64) AppleWebKit/537.36 (KHTML, like Gecko) Chrome/114.0.0.0 Safari/537.36 Edg/114.0.1823.43"
47.79.120.246 - - [03/Apr/2025:18:23:44 +0330] "GET /2024/08/14/neue-angeschlossen-casinos-inoffizieller-mitarbeiter-juno-2024-brd-inoffizieller-mitarbeiter-kollation HTTP/1.1" 200 3954 "https://sitsaz202.ir/2024/08/14/neue-angeschlossen-casinos-inoffizieller-mitarbeiter-juno-2024-brd-inoffizieller-mitarbeiter-kollation" "Mozilla/5.0 (Windows NT 10.0; Win64; x64) AppleWebKit/537.36 (KHTML, like Gecko) Chrome/114.0.0.0 Safari/537.36 Edg/114.0.1823.43"
47.79.1.234 - - [03/Apr/2025:18:27:25 +0330] "GET /2024/08/22/cleopatra-jogue-e-caca-dinheiro-acostumado HTTP/1.1" 200 0 "https://sitsaz202.ir/2024/08/22/cleopatra-jogue-e-caca-dinheiro-acostumado" "Mozilla/5.0 (Windows NT 10.0; Win64; x64) AppleWebKit/537.36 (KHTML, like Gecko) Chrome/114.0.0.0 Safari/537.36 Edg/114.0.1823.43"
47.79.2.223 - - [03/Apr/2025:18:28:50 +0330] "GET /2024/08/14/best-mobile-casinos-in-america-to-own-july-2024 HTTP/1.1" 200 3954 "https://sitsaz202.ir/2024/08/14/best-mobile-casinos-in-america-to-own-july-2024" "Mozilla/5.0 (Windows NT 10.0; Win64; x64) AppleWebKit/537.36 (KHTML, like Gecko) Chrome/114.0.0.0 Safari/537.36 Edg/114.0.1823.43"
47.79.3.70 - - [03/Apr/2025:18:15:57 +0330] "GET /2024/08/11/was-man-von-hier-aus-sehen-kann-film HTTP/1.1" 200 3954 "https://sitsaz202.ir/2024/08/11/was-man-von-hier-aus-sehen-kann-film" "Mozilla/5.0 (Windows NT 10.0; Win64; x64) AppleWebKit/537.36 (KHTML, like Gecko) Chrome/114.0.0.0 Safari/537.36 Edg/114.0.1823.43"
47.79.123.95 - - [03/Apr/2025:18:15:34 +0330] "GET /2024/08/13/the-newest-mobile-casinos-2024-greatest-the-fresh-mobile-casino-sites-from-the-uk HTTP/1.1" 200 3954 "https://sitsaz202.ir/2024/08/13/the-newest-mobile-casinos-2024-greatest-the-fresh-mobile-casino-sites-from-the-uk" "Mozilla/5.0 (Windows NT 10.0; Win64; x64) AppleWebKit/537.36 (KHTML, like Gecko) Chrome/114.0.0.0 Safari/537.36 Edg/114.0.1823.43"
47.82.10.11 - - [03/Apr/2025:18:17:17 +0330] "GET /2024/08/24/slot-machines-toutefois-de-a-lot-of-harbors-a-escolha-jogue-gratis HTTP/1.1" 200 3953 "https://sitsaz202.ir/2024/08/24/slot-machines-toutefois-de-a-lot-of-harbors-a-escolha-jogue-gratis" "Mozilla/5.0 (Windows NT 10.0; Win64; x64) AppleWebKit/537.36 (KHTML, like Gecko) Chrome/114.0.0.0 Safari/537.36 Edg/114.0.1823.43"
47.79.123.182 - - [03/Apr/2025:18:17:21 +0330] "GET /2024/08/20/fantasia-2020-opinion-feels-very-good-boy HTTP/1.1" 200 3954 "https://sitsaz202.ir/2024/08/20/fantasia-2020-opinion-feels-very-good-boy" "Mozilla/5.0 (Windows NT 10.0; Win64; x64) AppleWebKit/537.36 (KHTML, like Gecko) Chrome/114.0.0.0 Safari/537.36 Edg/114.0.1823.43"
47.79.98.33 - - [03/Apr/2025:18:18:57 +0330] "GET /2024/08/23/rome-and-egypt-position-opinion-2024-play-today-earn-real-money HTTP/1.1" 200 3953 "https://sitsaz202.ir/2024/08/23/rome-and-egypt-position-opinion-2024-play-today-earn-real-money" "Mozilla/5.0 (Windows NT 10.0; Win64; x64) AppleWebKit/537.36 (KHTML, like Gecko) Chrome/114.0.0.0 Safari/537.36 Edg/114.0.1823.43"
47.79.117.165 - - [03/Apr/2025:18:24:18 +0330] "GET /2024/03/28/an-introduction-to-ai-brokers-synthetic HTTP/1.1" 200 3954 "https://sitsaz202.ir/2024/03/28/an-introduction-to-ai-brokers-synthetic" "Mozilla/5.0 (Windows NT 10.0; Win64; x64) AppleWebKit/537.36 (KHTML, like Gecko) Chrome/114.0.0.0 Safari/537.36 Edg/114.0.1823.43"
47.82.11.86 - - [03/Apr/2025:18:25:04 +0330] "GET /2024/08/17/reel-queen-casino-slot-games-a-totally-free-novomatic-online-casino-video-game HTTP/1.1" 200 3952 "https://sitsaz202.ir/2024/08/17/reel-queen-casino-slot-games-a-totally-free-novomatic-online-casino-video-game" "Mozilla/5.0 (Windows NT 10.0; Win64; x64) AppleWebKit/537.36 (KHTML, like Gecko) Chrome/114.0.0.0 Safari/537.36 Edg/114.0.1823.43"
47.79.2.223 - - [03/Apr/2025:18:31:09 +0330] "GET /2024/08/15/free-spins-no-deposit-claim-better-100-percent-free-revolves-incentives-within-the-2024 HTTP/1.1" 200 3959 "https://sitsaz202.ir/2024/08/15/free-spins-no-deposit-claim-better-100-percent-free-revolves-incentives-within-the-2024" "Mozilla/5.0 (Windows NT 10.0; Win64; x64) AppleWebKit/537.36 (KHTML, like Gecko) Chrome/114.0.0.0 Safari/537.36 Edg/114.0.1823.43"
47.79.98.30 - - [03/Apr/2025:18:31:59 +0330] "GET /2024/08/11/enjoy-thunderstruck-slot-100percent-free-or-which-have-a-real-income HTTP/1.1" 200 3956 "https://sitsaz202.ir/2024/08/11/enjoy-thunderstruck-slot-100percent-free-or-which-have-a-real-income" "Mozilla/5.0 (Windows NT 10.0; Win64; x64) AppleWebKit/537.36 (KHTML, like Gecko) Chrome/114.0.0.0 Safari/537.36 Edg/114.0.1823.43"
47.82.10.120 - - [03/Apr/2025:18:34:54 +0330] "GET /2024/08/17/best-ports-sites-us-2024-gamble-online-slots-the-real-deal-money HTTP/1.1" 200 3955 "https://sitsaz202.ir/2024/08/17/best-ports-sites-us-2024-gamble-online-slots-the-real-deal-money" "Mozilla/5.0 (Windows NT 10.0; Win64; x64) AppleWebKit/537.36 (KHTML, like Gecko) Chrome/114.0.0.0 Safari/537.36 Edg/114.0.1823.43"
37.187.27.125 - - [03/Apr/2025:18:36:45 +0330] "GET /robots.txt HTTP/1.1" 200 92 "-" "Mozilla/5.0 (compatible; MJ12bot/v1.4.8; http://mj12bot.com/)"
37.187.27.125 - - [03/Apr/2025:18:36:49 +0330] "GET /product-category/%DA%86%D9%84%D9%88%D9%BE%D8%A7%DA%A9%D8%B3%D8%AA%D8%A7%D9%86%DB%8C/?lokasie=/usr/include/linux/netfilter//xt_RATEEST.h&loknya=/usr/include/linux/netfilter/ HTTP/1.1" 200 2221 "-" "Mozilla/5.0 (compatible; MJ12bot/v1.4.8; http://mj12bot.com/)"
37.187.27.125 - - [03/Apr/2025:18:37:01 +0330] "GET /product-category/%DA%86%D9%84%D9%88%D9%BE%D8%A7%DA%A9%D8%B3%D8%AA%D8%A7%D9%86%DB%8C/?lokasie=/usr/include/linux/netfilter//xt_SECMARK.h&loknya=/usr/include/linux/netfilter/ HTTP/1.1" 200 2313 "-" "Mozilla/5.0 (compatible; MJ12bot/v1.4.8; http://mj12bot.com/)"
37.187.27.125 - - [03/Apr/2025:18:37:54 +0330] "GET /product-category/%DA%86%D9%84%D9%88%D9%BE%D8%A7%DA%A9%D8%B3%D8%AA%D8%A7%D9%86%DB%8C/?lokasie=/usr/include/linux/netfilter//xt_TCPMSS.h&loknya=/usr/include/linux/netfilter/ HTTP/1.1" 200 2137 "-" "Mozilla/5.0 (compatible; MJ12bot/v1.4.8; http://mj12bot.com/)"
37.187.27.125 - - [03/Apr/2025:18:37:09 +0330] "GET /product-category/%DA%86%D9%84%D9%88%D9%BE%D8%A7%DA%A9%D8%B3%D8%AA%D8%A7%D9%86%DB%8C/?lokasie=/usr/include/linux/netfilter//xt_SYNPROXY.h&loknya=/usr/include/linux/netfilter/ HTTP/1.1" 200 2202 "-" "Mozilla/5.0 (compatible; MJ12bot/v1.4.8; http://mj12bot.com/)"
195.191.219.130 - - [03/Apr/2025:18:38:11 +0330] "GET /robots.txt HTTP/1.1" 200 92 "-" "Mozilla/5.0 (compatible; MJ12bot/v2.0.0; http://mj12bot.com/)"
37.187.27.125 - - [03/Apr/2025:18:38:08 +0330] "GET /product-category/%DA%86%D9%84%D9%88%D9%BE%D8%A7%DA%A9%D8%B3%D8%AA%D8%A7%D9%86%DB%8C/?lokasie=/usr/include/linux/netfilter//xt_TCPOPTSTRIP.h&loknya=/usr/include/linux/netfilter/ HTTP/1.1" 200 2210 "-" "Mozilla/5.0 (compatible; MJ12bot/v1.4.8; http://mj12bot.com/)"
195.191.219.130 - - [03/Apr/2025:18:38:11 +0330] "GET /product-category/%DA%86%D9%84%D9%88%D9%BE%D8%A7%DA%A9%D8%B3%D8%AA%D8%A7%D9%86%DB%8C/?lokasie=/usr/local/lib64/perl5/Template/View.pm&loknya=/usr/local/lib64/perl5/Template HTTP/1.1" 200 8880 "-" "Mozilla/5.0 (compatible; MJ12bot/v2.0.0; http://mj12bot.com/)"
37.187.27.125 - - [03/Apr/2025:18:38:16 +0330] "GET /product-category/%DA%86%D9%84%D9%88%D9%BE%D8%A7%DA%A9%D8%B3%D8%AA%D8%A7%D9%86%DB%8C/?lokasie=/usr/include/linux/netfilter//xt_TEE.h&loknya=/usr/include/linux/netfilter/ HTTP/1.1" 200 2192 "-" "Mozilla/5.0 (compatible; MJ12bot/v1.4.8; http://mj12bot.com/)"
37.187.27.125 - - [03/Apr/2025:18:38:29 +0330] "GET /product-category/%DA%86%D9%84%D9%88%D9%BE%D8%A7%DA%A9%D8%B3%D8%AA%D8%A7%D9%86%DB%8C/?lokasie=/usr/include/linux/netfilter//xt_TPROXY.h&loknya=/usr/include/linux/netfilter/ HTTP/1.1" 200 2272 "-" "Mozilla/5.0 (compatible; MJ12bot/v1.4.8; http://mj12bot.com/)"
195.191.219.130 - - [03/Apr/2025:18:38:20 +0330] "GET /product-category/%DA%86%D9%84%D9%88%D9%BE%D8%A7%DA%A9%D8%B3%D8%AA%D8%A7%D9%86%DB%8C/?lokasie=/usr/local/lib64/perl5/XML/LibXML.pm&loknya=/usr/local/lib64/perl5/XML HTTP/1.1" 200 16243 "-" "Mozilla/5.0 (compatible; MJ12bot/v2.0.0; http://mj12bot.com/)"
37.187.27.125 - - [03/Apr/2025:18:38:39 +0330] "GET /product-category/%DA%86%D9%84%D9%88%D9%BE%D8%A7%DA%A9%D8%B3%D8%AA%D8%A7%D9%86%DB%8C/?lokasie=/usr/include/linux/netfilter//xt_addrtype.h&loknya=/usr/include/linux/netfilter/ HTTP/1.1" 200 2433 "-" "Mozilla/5.0 (compatible; MJ12bot/v1.4.8; http://mj12bot.com/)"
195.191.219.130 - - [03/Apr/2025:18:38:41 +0330] "GET /product-category/%DA%86%D9%84%D9%88%D9%BE%D8%A7%DA%A9%D8%B3%D8%AA%D8%A7%D9%86%DB%8C/?lokasie=/usr/local/lib64/perl5/XML/LibXML.pod&loknya=/usr/local/lib64/perl5/XML HTTP/1.1" 200 7679 "-" "Mozilla/5.0 (compatible; MJ12bot/v2.0.0; http://mj12bot.com/)"
37.187.27.125 - - [03/Apr/2025:18:38:49 +0330] "GET /product-category/%DA%86%D9%84%D9%88%D9%BE%D8%A7%DA%A9%D8%B3%D8%AA%D8%A7%D9%86%DB%8C/?lokasie=/usr/include/linux/netfilter//xt_bpf.h&loknya=/usr/include/linux/netfilter/ HTTP/1.1" 200 2352 "-" "Mozilla/5.0 (compatible; MJ12bot/v1.4.8; http://mj12bot.com/)"
37.187.27.125 - - [03/Apr/2025:18:39:05 +0330] "GET /product-category/%DA%86%D9%84%D9%88%D9%BE%D8%A7%DA%A9%D8%B3%D8%AA%D8%A7%D9%86%DB%8C/?lokasie=/usr/include/linux/netfilter//xt_cgroup.h&loknya=/usr/include/linux/netfilter/ HTTP/1.1" 200 2236 "-" "Mozilla/5.0 (compatible; MJ12bot/v1.4.8; http://mj12bot.com/)"
195.191.219.130 - - [03/Apr/2025:18:39:05 +0330] "GET /product-category/%DA%86%D9%84%D9%88%D9%BE%D8%A7%DA%A9%D8%B3%D8%AA%D8%A7%D9%86%DB%8C/?lokasie=/usr/local/lib64/perl5/XML/Parser.pm&loknya=/usr/local/lib64/perl5/XML HTTP/1.1" 200 0 "-" "Mozilla/5.0 (compatible; MJ12bot/v2.0.0; http://mj12bot.com/)"
195.191.219.130 - - [03/Apr/2025:18:39:28 +0330] "GET /product-category/%DA%86%D9%84%D9%88%D9%BE%D8%A7%DA%A9%D8%B3%D8%AA%D8%A7%D9%86%DB%8C/?lokasie=/usr/local/lib64/perl5/YAML/Syck.pm&loknya=/usr/local/lib64/perl5/YAML HTTP/1.1" 200 6138 "-" "Mozilla/5.0 (compatible; MJ12bot/v2.0.0; http://mj12bot.com/)"
195.191.219.130 - - [03/Apr/2025:18:39:42 +0330] "GET /product-category/%DA%86%D9%84%D9%88%D9%BE%D8%A7%DA%A9%D8%B3%D8%AA%D8%A7%D9%86%DB%8C/?lokasie=/usr/local/lib64/perl5/common/sense.pod&loknya=/usr/local/lib64/perl5/common HTTP/1.1" 200 9151 "-" "Mozilla/5.0 (compatible; MJ12bot/v2.0.0; http://mj12bot.com/)"
47.79.0.5 - - [03/Apr/2025:18:33:47 +0330] "GET /2024/08/19/5-put-casino-canada-150-free-spins-to-own-5 HTTP/1.1" 200 3955 "https://sitsaz202.ir/2024/08/19/5-put-casino-canada-150-free-spins-to-own-5" "Mozilla/5.0 (Windows NT 10.0; Win64; x64) AppleWebKit/537.36 (KHTML, like Gecko) Chrome/114.0.0.0 Safari/537.36 Edg/114.0.1823.43"
47.82.9.7 - - [03/Apr/2025:18:35:56 +0330] "GET /2024/08/19/caca-niqueis-acostumado-jogue-slots-online-sem-comer-2024 HTTP/1.1" 200 3955 "https://sitsaz202.ir/2024/08/19/caca-niqueis-acostumado-jogue-slots-online-sem-comer-2024" "Mozilla/5.0 (Windows NT 10.0; Win64; x64) AppleWebKit/537.36 (KHTML, like Gecko) Chrome/114.0.0.0 Safari/537.36 Edg/114.0.1823.43"
47.79.119.52 - - [03/Apr/2025:18:37:14 +0330] "GET /2024/08/13/the-new-bad-guys-truck-sam-rockwell-voices-a-conniving-wolf HTTP/1.1" 200 3959 "https://sitsaz202.ir/2024/08/13/the-new-bad-guys-truck-sam-rockwell-voices-a-conniving-wolf" "Mozilla/5.0 (Windows NT 10.0; Win64; x64) AppleWebKit/537.36 (KHTML, like Gecko) Chrome/114.0.0.0 Safari/537.36 Edg/114.0.1823.43"
37.187.27.125 - - [03/Apr/2025:18:40:07 +0330] "GET /product-category/%DA%86%D9%84%D9%88%D9%BE%D8%A7%DA%A9%D8%B3%D8%AA%D8%A7%D9%86%DB%8C/?lokasie=/usr/include/linux/netfilter//xt_comment.h&loknya=/usr/include/linux/netfilter/ HTTP/1.1" 200 2118 "-" "Mozilla/5.0 (compatible; MJ12bot/v1.4.8; http://mj12bot.com/)"
47.82.0.163 - - [03/Apr/2025:18:40:58 +0330] "GET /2024/08/07/how-to-try-out-roulette-step-by-step-guid HTTP/1.1" 200 3954 "https://sitsaz202.ir/2024/08/07/how-to-try-out-roulette-step-by-step-guid" "Mozilla/5.0 (Windows NT 10.0; Win64; x64) AppleWebKit/537.36 (KHTML, like Gecko) Chrome/114.0.0.0 Safari/537.36 Edg/114.0.1823.43"
37.187.27.125 - - [03/Apr/2025:18:40:26 +0330] "GET /product-category/%DA%86%D9%84%D9%88%D9%BE%D8%A7%DA%A9%D8%B3%D8%AA%D8%A7%D9%86%DB%8C/?lokasie=/usr/include/linux/netfilter//xt_connbytes.h&loknya=/usr/include/linux/netfilter/ HTTP/1.1" 200 2249 "-" "Mozilla/5.0 (compatible; MJ12bot/v1.4.8; http://mj12bot.com/)"
37.187.27.125 - - [03/Apr/2025:18:41:08 +0330] "GET /product-category/%DA%86%D9%84%D9%88%D9%BE%D8%A7%DA%A9%D8%B3%D8%AA%D8%A7%D9%86%DB%8C/?lokasie=/usr/include/linux/netfilter//xt_connlabel.h&loknya=/usr/include/linux/netfilter/ HTTP/1.1" 200 2189 "-" "Mozilla/5.0 (compatible; MJ12bot/v1.4.8; http://mj12bot.com/)"
37.187.27.125 - - [03/Apr/2025:18:39:23 +0330] "GET /product-category/%DA%86%D9%84%D9%88%D9%BE%D8%A7%DA%A9%D8%B3%D8%AA%D8%A7%D9%86%DB%8C/?lokasie=/usr/include/linux/netfilter//xt_cluster.h&loknya=/usr/include/linux/netfilter/ HTTP/1.1" 200 2202 "-" "Mozilla/5.0 (compatible; MJ12bot/v1.4.8; http://mj12bot.com/)"
178.239.150.4 - - [03/Apr/2025:18:42:18 +0330] "POST /wp-cron.php?doing_wp_cron=1743693138.0320971012115478515625 HTTP/1.1" 200 20 "-" "WordPress/6.6; https://sitsaz202.ir"
178.239.150.4 - - [03/Apr/2025:18:42:18 +0330] "POST /wp-cron.php?doing_wp_cron=1743693138.0953650474548339843750 HTTP/1.1" 200 20 "-" "WordPress/6.6; https://sitsaz202.ir"
37.187.27.125 - - [03/Apr/2025:18:41:16 +0330] "GET /product-category/%DA%86%D9%84%D9%88%D9%BE%D8%A7%DA%A9%D8%B3%D8%AA%D8%A7%D9%86%DB%8C/?lokasie=/usr/include/linux/netfilter//xt_connlimit.h&loknya=/usr/include/linux/netfilter/ HTTP/1.1" 200 34098 "-" "Mozilla/5.0 (compatible; MJ12bot/v1.4.8; http://mj12bot.com/)"
37.187.27.125 - - [03/Apr/2025:18:42:44 +0330] "GET /product-category/%DA%86%D9%84%D9%88%D9%BE%D8%A7%DA%A9%D8%B3%D8%AA%D8%A7%D9%86%DB%8C/?lokasie=/usr/include/linux/netfilter//xt_conntrack.h&loknya=/usr/include/linux/netfilter/ HTTP/1.1" 200 2639 "-" "Mozilla/5.0 (compatible; MJ12bot/v1.4.8; http://mj12bot.com/)"
37.187.27.125 - - [03/Apr/2025:18:42:53 +0330] "GET /product-category/%DA%86%D9%84%D9%88%D9%BE%D8%A7%DA%A9%D8%B3%D8%AA%D8%A7%D9%86%DB%8C/?lokasie=/usr/include/linux/netfilter//xt_cpu.h&loknya=/usr/include/linux/netfilter/ HTTP/1.1" 200 2119 "-" "Mozilla/5.0 (compatible; MJ12bot/v1.4.8; http://mj12bot.com/)"
37.187.27.125 - - [03/Apr/2025:18:42:00 +0330] "GET /product-category/%DA%86%D9%84%D9%88%D9%BE%D8%A7%DA%A9%D8%B3%D8%AA%D8%A7%D9%86%DB%8C/?lokasie=/usr/include/linux/netfilter//xt_connmark.h&loknya=/usr/include/linux/netfilter/ HTTP/1.1" 200 34085 "-" "Mozilla/5.0 (compatible; MJ12bot/v1.4.8; http://mj12bot.com/)"
47.79.119.20 - - [03/Apr/2025:18:43:04 +0330] "GET /2024/08/17/gamble-ports-on-line-victory-real-money-better-real-cash-position-game HTTP/1.1" 200 3949 "https://sitsaz202.ir/2024/08/17/gamble-ports-on-line-victory-real-money-better-real-cash-position-game" "Mozilla/5.0 (Windows NT 10.0; Win64; x64) AppleWebKit/537.36 (KHTML, like Gecko) Chrome/114.0.0.0 Safari/537.36 Edg/114.0.1823.43"
37.187.27.125 - - [03/Apr/2025:18:43:03 +0330] "GET /product-category/%DA%86%D9%84%D9%88%D9%BE%D8%A7%DA%A9%D8%B3%D8%AA%D8%A7%D9%86%DB%8C/?lokasie=/usr/include/linux/netfilter//xt_dccp.h&loknya=/usr/include/linux/netfilter/ HTTP/1.1" 200 2232 "-" "Mozilla/5.0 (compatible; MJ12bot/v1.4.8; http://mj12bot.com/)"
37.187.27.125 - - [03/Apr/2025:18:43:11 +0330] "GET /product-category/%DA%86%D9%84%D9%88%D9%BE%D8%A7%DA%A9%D8%B3%D8%AA%D8%A7%D9%86%DB%8C/?lokasie=/usr/include/linux/netfilter//xt_devgroup.h&loknya=/usr/include/linux/netfilter/ HTTP/1.1" 200 2199 "-" "Mozilla/5.0 (compatible; MJ12bot/v1.4.8; http://mj12bot.com/)"
37.187.27.125 - - [03/Apr/2025:18:43:20 +0330] "GET /product-category/%DA%86%D9%84%D9%88%D9%BE%D8%A7%DA%A9%D8%B3%D8%AA%D8%A7%D9%86%DB%8C/?lokasie=/usr/include/linux/netfilter//xt_dscp.h&loknya=/usr/include/linux/netfilter/ HTTP/1.1" 200 2373 "-" "Mozilla/5.0 (compatible; MJ12bot/v1.4.8; http://mj12bot.com/)"
37.187.27.125 - - [03/Apr/2025:18:43:26 +0330] "GET /product-category/%DA%86%D9%84%D9%88%D9%BE%D8%A7%DA%A9%D8%B3%D8%AA%D8%A7%D9%86%DB%8C/?lokasie=/usr/include/linux/netfilter//xt_ecn.h&loknya=/usr/include/linux/netfilter/ HTTP/1.1" 200 2387 "-" "Mozilla/5.0 (compatible; MJ12bot/v1.4.8; http://mj12bot.com/)"
37.187.27.125 - - [03/Apr/2025:18:43:34 +0330] "GET /product-category/%DA%86%D9%84%D9%88%D9%BE%D8%A7%DA%A9%D8%B3%D8%AA%D8%A7%D9%86%DB%8C/?lokasie=/usr/include/linux/netfilter//xt_esp.h&loknya=/usr/include/linux/netfilter/ HTTP/1.1" 200 2230 "-" "Mozilla/5.0 (compatible; MJ12bot/v1.4.8; http://mj12bot.com/)"
37.187.27.125 - - [03/Apr/2025:18:43:43 +0330] "GET /product-category/%DA%86%D9%84%D9%88%D9%BE%D8%A7%DA%A9%D8%B3%D8%AA%D8%A7%D9%86%DB%8C/?lokasie=/usr/include/linux/netfilter//xt_hashlimit.h&loknya=/usr/include/linux/netfilter/ HTTP/1.1" 200 2809 "-" "Mozilla/5.0 (compatible; MJ12bot/v1.4.8; http://mj12bot.com/)"
37.187.27.125 - - [03/Apr/2025:18:43:51 +0330] "GET /product-category/%DA%86%D9%84%D9%88%D9%BE%D8%A7%DA%A9%D8%B3%D8%AA%D8%A7%D9%86%DB%8C/?lokasie=/usr/include/linux/netfilter//xt_helper.h&loknya=/usr/include/linux/netfilter/ HTTP/1.1" 200 2115 "-" "Mozilla/5.0 (compatible; MJ12bot/v1.4.8; http://mj12bot.com/)"
37.187.27.125 - - [03/Apr/2025:18:43:59 +0330] "GET /product-category/%DA%86%D9%84%D9%88%D9%BE%D8%A7%DA%A9%D8%B3%D8%AA%D8%A7%D9%86%DB%8C/?lokasie=/usr/include/linux/netfilter//xt_ipcomp.h&loknya=/usr/include/linux/netfilter/ HTTP/1.1" 200 2257 "-" "Mozilla/5.0 (compatible; MJ12bot/v1.4.8; http://mj12bot.com/)"
37.187.27.125 - - [03/Apr/2025:18:44:07 +0330] "GET /product-category/%DA%86%D9%84%D9%88%D9%BE%D8%A7%DA%A9%D8%B3%D8%AA%D8%A7%D9%86%DB%8C/?lokasie=/usr/include/linux/netfilter//xt_iprange.h&loknya=/usr/include/linux/netfilter/ HTTP/1.1" 200 2279 "-" "Mozilla/5.0 (compatible; MJ12bot/v1.4.8; http://mj12bot.com/)"
37.187.27.125 - - [03/Apr/2025:18:44:18 +0330] "GET /product-category/%DA%86%D9%84%D9%88%D9%BE%D8%A7%DA%A9%D8%B3%D8%AA%D8%A7%D9%86%DB%8C/?lokasie=/usr/include/linux/netfilter//xt_ipvs.h&loknya=/usr/include/linux/netfilter/ HTTP/1.1" 200 2328 "-" "Mozilla/5.0 (compatible; MJ12bot/v1.4.8; http://mj12bot.com/)"
37.187.27.125 - - [03/Apr/2025:18:44:30 +0330] "GET /product-category/%DA%86%D9%84%D9%88%D9%BE%D8%A7%DA%A9%D8%B3%D8%AA%D8%A7%D9%86%DB%8C/?lokasie=/usr/include/linux/netfilter//xt_l2tp.h&loknya=/usr/include/linux/netfilter/ HTTP/1.1" 200 2314 "-" "Mozilla/5.0 (compatible; MJ12bot/v1.4.8; http://mj12bot.com/)"
37.187.27.125 - - [03/Apr/2025:18:45:13 +0330] "GET /product-category/%DA%86%D9%84%D9%88%D9%BE%D8%A7%DA%A9%D8%B3%D8%AA%D8%A7%D9%86%DB%8C/?lokasie=/usr/include/linux/netfilter//xt_length.h&loknya=/usr/include/linux/netfilter/ HTTP/1.1" 200 2129 "-" "Mozilla/5.0 (compatible; MJ12bot/v1.4.8; http://mj12bot.com/)"
37.187.27.125 - - [03/Apr/2025:18:45:19 +0330] "GET /product-category/%DA%86%D9%84%D9%88%D9%BE%D8%A7%DA%A9%D8%B3%D8%AA%D8%A7%D9%86%DB%8C/?lokasie=/usr/include/linux/netfilter//xt_limit.h&loknya=/usr/include/linux/netfilter/ HTTP/1.1" 200 2367 "-" "Mozilla/5.0 (compatible; MJ12bot/v1.4.8; http://mj12bot.com/)"
37.187.27.125 - - [03/Apr/2025:18:45:32 +0330] "GET /product-category/%DA%86%D9%84%D9%88%D9%BE%D8%A7%DA%A9%D8%B3%D8%AA%D8%A7%D9%86%DB%8C/?lokasie=/usr/include/linux/netfilter//xt_mac.h&loknya=/usr/include/linux/netfilter/ HTTP/1.1" 200 2142 "-" "Mozilla/5.0 (compatible; MJ12bot/v1.4.8; http://mj12bot.com/)"
37.187.27.125 - - [03/Apr/2025:18:45:48 +0330] "GET /product-category/%DA%86%D9%84%D9%88%D9%BE%D8%A7%DA%A9%D8%B3%D8%AA%D8%A7%D9%86%DB%8C/?lokasie=/usr/include/linux/netfilter//xt_mark.h&loknya=/usr/include/linux/netfilter/ HTTP/1.1" 200 2136 "-" "Mozilla/5.0 (compatible; MJ12bot/v1.4.8; http://mj12bot.com/)"
37.187.27.125 - - [03/Apr/2025:18:45:55 +0330] "GET /product-category/%DA%86%D9%84%D9%88%D9%BE%D8%A7%DA%A9%D8%B3%D8%AA%D8%A7%D9%86%DB%8C/?lokasie=/usr/include/linux/netfilter//xt_multiport.h&loknya=/usr/include/linux/netfilter/ HTTP/1.1" 200 2287 "-" "Mozilla/5.0 (compatible; MJ12bot/v1.4.8; http://mj12bot.com/)"
37.187.27.125 - - [03/Apr/2025:18:46:04 +0330] "GET /product-category/%DA%86%D9%84%D9%88%D9%BE%D8%A7%DA%A9%D8%B3%D8%AA%D8%A7%D9%86%DB%8C/?lokasie=/usr/include/linux/netfilter//xt_nfacct.h&loknya=/usr/include/linux/netfilter/ HTTP/1.1" 200 2159 "-" "Mozilla/5.0 (compatible; MJ12bot/v1.4.8; http://mj12bot.com/)"
37.187.27.125 - - [03/Apr/2025:18:46:15 +0330] "GET /product-category/%DA%86%D9%84%D9%88%D9%BE%D8%A7%DA%A9%D8%B3%D8%AA%D8%A7%D9%86%DB%8C/?lokasie=/usr/include/linux/netfilter//xt_osf.h&loknya=/usr/include/linux/netfilter/ HTTP/1.1" 200 2820 "-" "Mozilla/5.0 (compatible; MJ12bot/v1.4.8; http://mj12bot.com/)"
37.187.27.125 - - [03/Apr/2025:18:46:23 +0330] "GET /product-category/%DA%86%D9%84%D9%88%D9%BE%D8%A7%DA%A9%D8%B3%D8%AA%D8%A7%D9%86%DB%8C/?lokasie=/usr/include/linux/netfilter//xt_owner.h&loknya=/usr/include/linux/netfilter/ HTTP/1.1" 200 2212 "-" "Mozilla/5.0 (compatible; MJ12bot/v1.4.8; http://mj12bot.com/)"
37.187.27.125 - - [03/Apr/2025:18:46:30 +0330] "GET /product-category/%DA%86%D9%84%D9%88%D9%BE%D8%A7%DA%A9%D8%B3%D8%AA%D8%A7%D9%86%DB%8C/?lokasie=/usr/include/linux/netfilter//xt_physdev.h&loknya=/usr/include/linux/netfilter/ HTTP/1.1" 200 2236 "-" "Mozilla/5.0 (compatible; MJ12bot/v1.4.8; http://mj12bot.com/)"
37.187.27.125 - - [03/Apr/2025:18:46:37 +0330] "GET /product-category/%DA%86%D9%84%D9%88%D9%BE%D8%A7%DA%A9%D8%B3%D8%AA%D8%A7%D9%86%DB%8C/?lokasie=/usr/include/linux/netfilter//xt_pkttype.h&loknya=/usr/include/linux/netfilter/ HTTP/1.1" 200 2106 "-" "Mozilla/5.0 (compatible; MJ12bot/v1.4.8; http://mj12bot.com/)"
