217.182.195.176 - - [03/Apr/2025:14:48:49 +0330] "GET /product-category/%DA%86%D9%84%D9%88%D9%BE%D8%A7%DA%A9%D8%B3%D8%AA%D8%A7%D9%86%DB%8C/?lokasie=/usr/lib/python3.6/site-packages/requests_toolbelt/streaming_iterator.py&loknya=/usr/lib/python3.6/site-packages/requests_toolbelt HTTP/1.1" 200 3471 "-" "Mozilla/5.0 (compatible; MJ12bot/v1.4.8; http://mj12bot.com/)"
217.182.195.176 - - [03/Apr/2025:14:48:57 +0330] "GET /product-category/%DA%86%D9%84%D9%88%D9%BE%D8%A7%DA%A9%D8%B3%D8%AA%D8%A7%D9%86%DB%8C/?lokasie=/usr/lib/python3.6/site-packages/rhn/SSL.py&loknya=/usr/lib/python3.6/site-packages/rhn HTTP/1.1" 200 5412 "-" "Mozilla/5.0 (compatible; MJ12bot/v1.4.8; http://mj12bot.com/)"
47.79.123.95 - - [03/Apr/2025:14:49:29 +0330] "GET /2024/08/15/wings-of-the-phoenix-slot-machine HTTP/1.1" 200 3946 "https://sitsaz202.ir/2024/08/15/wings-of-the-phoenix-slot-machine" "Mozilla/5.0 (Windows NT 10.0; Win64; x64) AppleWebKit/537.36 (KHTML, like Gecko) Chrome/114.0.0.0 Safari/537.36 Edg/114.0.1823.43"
217.182.195.176 - - [03/Apr/2025:14:49:55 +0330] "GET /product-category/%DA%86%D9%84%D9%88%D9%BE%D8%A7%DA%A9%D8%B3%D8%AA%D8%A7%D9%86%DB%8C/?lokasie=/usr/lib/python3.6/site-packages/rhn/UserDictCase.py&loknya=/usr/lib/python3.6/site-packages/rhn HTTP/1.1" 200 3187 "-" "Mozilla/5.0 (compatible; MJ12bot/v1.4.8; http://mj12bot.com/)"
217.182.195.176 - - [03/Apr/2025:14:49:11 +0330] "GET /product-category/%DA%86%D9%84%D9%88%D9%BE%D8%A7%DA%A9%D8%B3%D8%AA%D8%A7%D9%86%DB%8C/?lokasie=/usr/lib/python3.6/site-packages/rhn/SmartIO.py&loknya=/usr/lib/python3.6/site-packages/rhn HTTP/1.1" 200 2891 "-" "Mozilla/5.0 (compatible; MJ12bot/v1.4.8; http://mj12bot.com/)"
217.182.195.176 - - [03/Apr/2025:14:50:05 +0330] "GET /product-category/%DA%86%D9%84%D9%88%D9%BE%D8%A7%DA%A9%D8%B3%D8%AA%D8%A7%D9%86%DB%8C/?lokasie=/usr/lib/python3.6/site-packages/rhn/__init__.py&loknya=/usr/lib/python3.6/site-packages/rhn HTTP/1.1" 200 2090 "-" "Mozilla/5.0 (compatible; MJ12bot/v1.4.8; http://mj12bot.com/)"
217.182.195.176 - - [03/Apr/2025:14:50:13 +0330] "GET /product-category/%DA%86%D9%84%D9%88%D9%BE%D8%A7%DA%A9%D8%B3%D8%AA%D8%A7%D9%86%DB%8C/?lokasie=/usr/lib/python3.6/site-packages/rhn/connections.py&loknya=/usr/lib/python3.6/site-packages/rhn HTTP/1.1" 200 4633 "-" "Mozilla/5.0 (compatible; MJ12bot/v1.4.8; http://mj12bot.com/)"
217.182.195.176 - - [03/Apr/2025:14:50:24 +0330] "GET /product-category/%DA%86%D9%84%D9%88%D9%BE%D8%A7%DA%A9%D8%B3%D8%AA%D8%A7%D9%86%DB%8C/?lokasie=/usr/lib/python3.6/site-packages/rhn/i18n.py&loknya=/usr/lib/python3.6/site-packages/rhn HTTP/1.1" 200 2624 "-" "Mozilla/5.0 (compatible; MJ12bot/v1.4.8; http://mj12bot.com/)"
217.182.195.176 - - [03/Apr/2025:14:50:31 +0330] "GET /product-category/%DA%86%D9%84%D9%88%D9%BE%D8%A7%DA%A9%D8%B3%D8%AA%D8%A7%D9%86%DB%8C/?lokasie=/usr/lib/python3.6/site-packages/rhn/nonblocking.py&loknya=/usr/lib/python3.6/site-packages/rhn HTTP/1.1" 200 2768 "-" "Mozilla/5.0 (compatible; MJ12bot/v1.4.8; http://mj12bot.com/)"
217.182.195.176 - - [03/Apr/2025:14:50:38 +0330] "GET /product-category/%DA%86%D9%84%D9%88%D9%BE%D8%A7%DA%A9%D8%B3%D8%AA%D8%A7%D9%86%DB%8C/?lokasie=/usr/lib/python3.6/site-packages/rhn/rhnLockfile.py&loknya=/usr/lib/python3.6/site-packages/rhn HTTP/1.1" 200 3407 "-" "Mozilla/5.0 (compatible; MJ12bot/v1.4.8; http://mj12bot.com/)"
217.182.195.176 - - [03/Apr/2025:14:50:44 +0330] "GET /product-category/%DA%86%D9%84%D9%88%D9%BE%D8%A7%DA%A9%D8%B3%D8%AA%D8%A7%D9%86%DB%8C/?lokasie=/usr/lib/python3.6/site-packages/rhn/rpclib.py&loknya=/usr/lib/python3.6/site-packages/rhn HTTP/1.1" 200 8910 "-" "Mozilla/5.0 (compatible; MJ12bot/v1.4.8; http://mj12bot.com/)"
47.79.5.126 - - [03/Apr/2025:14:50:48 +0330] "GET /2024/08/26/diamond-arrow-2024-enjoy-that-it-slot-right-here-free-now HTTP/1.1" 200 3952 "https://sitsaz202.ir/2024/08/26/diamond-arrow-2024-enjoy-that-it-slot-right-here-free-now" "Mozilla/5.0 (Windows NT 10.0; Win64; x64) AppleWebKit/537.36 (KHTML, like Gecko) Chrome/114.0.0.0 Safari/537.36 Edg/114.0.1823.43"
217.182.195.176 - - [03/Apr/2025:14:50:51 +0330] "GET /product-category/%DA%86%D9%84%D9%88%D9%BE%D8%A7%DA%A9%D8%B3%D8%AA%D8%A7%D9%86%DB%8C/?lokasie=/usr/lib/python3.6/site-packages/rhn/tb.py&loknya=/usr/lib/python3.6/site-packages/rhn HTTP/1.1" 200 2474 "-" "Mozilla/5.0 (compatible; MJ12bot/v1.4.8; http://mj12bot.com/)"
47.79.98.4 - - [03/Apr/2025:14:50:54 +0330] "GET /2024/08/19/erreichbar-casinos-uber-paypal-2024-jedoch-unter-allen-umstanden-schlichtweg-einlosen HTTP/1.1" 200 3949 "https://sitsaz202.ir/2024/08/19/erreichbar-casinos-uber-paypal-2024-jedoch-unter-allen-umstanden-schlichtweg-einlosen" "Mozilla/5.0 (Windows NT 10.0; Win64; x64) AppleWebKit/537.36 (KHTML, like Gecko) Chrome/114.0.0.0 Safari/537.36 Edg/114.0.1823.43"
217.182.195.176 - - [03/Apr/2025:14:51:03 +0330] "GET /product-category/%DA%86%D9%84%D9%88%D9%BE%D8%A7%DA%A9%D8%B3%D8%AA%D8%A7%D9%86%DB%8C/?lokasie=/usr/lib/python3.6/site-packages/rhn/transports.py&loknya=/usr/lib/python3.6/site-packages/rhn HTTP/1.1" 200 10381 "-" "Mozilla/5.0 (compatible; MJ12bot/v1.4.8; http://mj12bot.com/)"
47.82.10.228 - - [03/Apr/2025:14:43:49 +0330] "GET /2024/08/19/shrimp-coconut-curry-menu-20-time-creating-bodi HTTP/1.1" 200 3950 "https://sitsaz202.ir/2024/08/19/shrimp-coconut-curry-menu-20-time-creating-bodi" "Mozilla/5.0 (Windows NT 10.0; Win64; x64) AppleWebKit/537.36 (KHTML, like Gecko) Chrome/114.0.0.0 Safari/537.36 Edg/114.0.1823.43"
47.79.5.125 - - [03/Apr/2025:14:44:12 +0330] "GET /2024/08/19/erreichbar-spielbank-uber-handyrechnung-retournieren-confoederatio-helvetica-2024 HTTP/1.1" 200 3951 "https://sitsaz202.ir/2024/08/19/erreichbar-spielbank-uber-handyrechnung-retournieren-confoederatio-helvetica-2024" "Mozilla/5.0 (Windows NT 10.0; Win64; x64) AppleWebKit/537.36 (KHTML, like Gecko) Chrome/114.0.0.0 Safari/537.36 Edg/114.0.1823.43"
47.82.10.175 - - [03/Apr/2025:14:44:16 +0330] "GET /2024/08/09/here-is-a-method-that-is-helping-join-the-winning-league-at-mostbet-casino HTTP/1.1" 200 3953 "https://sitsaz202.ir/2024/08/09/here-is-a-method-that-is-helping-join-the-winning-league-at-mostbet-casino" "Mozilla/5.0 (Windows NT 10.0; Win64; x64) AppleWebKit/537.36 (KHTML, like Gecko) Chrome/114.0.0.0 Safari/537.36 Edg/114.0.1823.43"
47.79.98.89 - - [03/Apr/2025:14:45:43 +0330] "GET /2024/08/17/kansas-casinos-a-real-income-games-oh-on-the-web-real-money-online-game-gambling-enterprises HTTP/1.1" 200 3955 "https://sitsaz202.ir/2024/08/17/kansas-casinos-a-real-income-games-oh-on-the-web-real-money-online-game-gambling-enterprises" "Mozilla/5.0 (Windows NT 10.0; Win64; x64) AppleWebKit/537.36 (KHTML, like Gecko) Chrome/114.0.0.0 Safari/537.36 Edg/114.0.1823.43"
178.239.150.4 - - [03/Apr/2025:14:45:50 +0330] "POST /wp-cron.php?doing_wp_cron=1743678950.5546150207519531250000 HTTP/1.1" 200 20 "-" "WordPress/6.6; https://sitsaz202.ir"
47.79.98.230 - - [03/Apr/2025:14:46:27 +0330] "GET /2024/04/03/obuchenie-foreks-kak-nauchit%D1%8Csja-zarabatyvat%D1%8C-i HTTP/1.1" 200 3949 "https://sitsaz202.ir/2024/04/03/obuchenie-foreks-kak-nauchit%D1%8Csja-zarabatyvat%D1%8C-i" "Mozilla/5.0 (Windows NT 10.0; Win64; x64) AppleWebKit/537.36 (KHTML, like Gecko) Chrome/114.0.0.0 Safari/537.36 Edg/114.0.1823.43"
47.79.119.20 - - [03/Apr/2025:14:47:42 +0330] "GET /2023/02/20/mostbet-online-casinoya-giris-t-5 HTTP/1.1" 200 3948 "https://sitsaz202.ir/2023/02/20/mostbet-online-casinoya-giris-t-5" "Mozilla/5.0 (Windows NT 10.0; Win64; x64) AppleWebKit/537.36 (KHTML, like Gecko) Chrome/114.0.0.0 Safari/537.36 Edg/114.0.1823.43"
47.82.10.85 - - [03/Apr/2025:14:48:02 +0330] "GET /2024/08/22/hazard-pod-oryginalne-kapital HTTP/1.1" 200 3949 "https://sitsaz202.ir/2024/08/22/hazard-pod-oryginalne-kapital" "Mozilla/5.0 (Windows NT 10.0; Win64; x64) AppleWebKit/537.36 (KHTML, like Gecko) Chrome/114.0.0.0 Safari/537.36 Edg/114.0.1823.43"
47.82.0.12 - - [03/Apr/2025:14:48:39 +0330] "GET /2024/08/20/enjoy-online-black-jack-on-the-black-colored-jack-three-dimensional-video-game HTTP/1.1" 200 3946 "https://sitsaz202.ir/2024/08/20/enjoy-online-black-jack-on-the-black-colored-jack-three-dimensional-video-game" "Mozilla/5.0 (Windows NT 10.0; Win64; x64) AppleWebKit/537.36 (KHTML, like Gecko) Chrome/114.0.0.0 Safari/537.36 Edg/114.0.1823.43"
47.82.10.233 - - [03/Apr/2025:14:49:54 +0330] "GET /2024/08/26/cellular-gambling-enterprises-the-real-deal-currency-without-deposit-incentive-requirements-2024 HTTP/1.1" 200 3951 "https://sitsaz202.ir/2024/08/26/cellular-gambling-enterprises-the-real-deal-currency-without-deposit-incentive-requirements-2024" "Mozilla/5.0 (Windows NT 10.0; Win64; x64) AppleWebKit/537.36 (KHTML, like Gecko) Chrome/114.0.0.0 Safari/537.36 Edg/114.0.1823.43"
47.79.123.24 - - [03/Apr/2025:14:50:56 +0330] "GET /2024/08/23/5-reel-slots-play-5-reel-slot-machines-without-downloadaug-2024 HTTP/1.1" 200 3950 "https://sitsaz202.ir/2024/08/23/5-reel-slots-play-5-reel-slot-machines-without-downloadaug-2024" "Mozilla/5.0 (Windows NT 10.0; Win64; x64) AppleWebKit/537.36 (KHTML, like Gecko) Chrome/114.0.0.0 Safari/537.36 Edg/114.0.1823.43"
217.182.195.176 - - [03/Apr/2025:14:51:26 +0330] "GET /product-category/%DA%86%D9%84%D9%88%D9%BE%D8%A7%DA%A9%D8%B3%D8%AA%D8%A7%D9%86%DB%8C/?lokasie=/usr/lib/python3.6/site-packages/setuptools-39.2.0.dist-info/INSTALLER&loknya=/usr/lib/python3.6/site-packages/setuptools-39.2.0.dist-info HTTP/1.1" 200 2021 "-" "Mozilla/5.0 (compatible; MJ12bot/v1.4.8; http://mj12bot.com/)"
217.182.195.176 - - [03/Apr/2025:14:51:37 +0330] "GET /product-category/%DA%86%D9%84%D9%88%D9%BE%D8%A7%DA%A9%D8%B3%D8%AA%D8%A7%D9%86%DB%8C/?lokasie=/usr/lib/python3.6/site-packages/setuptools-39.2.0.dist-info/LICENSE.txt&loknya=/usr/lib/python3.6/site-packages/setuptools-39.2.0.dist-info HTTP/1.1" 200 2689 "-" "Mozilla/5.0 (compatible; MJ12bot/v1.4.8; http://mj12bot.com/)"
217.182.195.176 - - [03/Apr/2025:14:52:01 +0330] "GET /product-category/%DA%86%D9%84%D9%88%D9%BE%D8%A7%DA%A9%D8%B3%D8%AA%D8%A7%D9%86%DB%8C/?lokasie=/usr/lib/python3.6/site-packages/setuptools-39.2.0.dist-info/METADATA&loknya=/usr/lib/python3.6/site-packages/setuptools-39.2.0.dist-info HTTP/1.1" 200 3141 "-" "Mozilla/5.0 (compatible; MJ12bot/v1.4.8; http://mj12bot.com/)"
217.182.195.176 - - [03/Apr/2025:14:52:19 +0330] "GET /product-category/%DA%86%D9%84%D9%88%D9%BE%D8%A7%DA%A9%D8%B3%D8%AA%D8%A7%D9%86%DB%8C/?lokasie=/usr/lib/python3.6/site-packages/setuptools-39.2.0.dist-info/RECORD&loknya=/usr/lib/python3.6/site-packages/setuptools-39.2.0.dist-info HTTP/1.1" 200 6664 "-" "Mozilla/5.0 (compatible; MJ12bot/v1.4.8; http://mj12bot.com/)"
217.182.195.176 - - [03/Apr/2025:14:52:47 +0330] "GET /product-category/%DA%86%D9%84%D9%88%D9%BE%D8%A7%DA%A9%D8%B3%D8%AA%D8%A7%D9%86%DB%8C/?lokasie=/usr/lib/python3.6/site-packages/setuptools-39.2.0.dist-info/WHEEL&loknya=/usr/lib/python3.6/site-packages/setuptools-39.2.0.dist-info HTTP/1.1" 200 2082 "-" "Mozilla/5.0 (compatible; MJ12bot/v1.4.8; http://mj12bot.com/)"
47.79.98.33 - - [03/Apr/2025:14:53:26 +0330] "GET /2024/08/23/exactly-what-are-the-professionals-gambling-establishment-pa-natet-sveriges-basta-natcasino-away-from-sverige-kronan-local-casino-myveteranmall HTTP/1.1" 200 3946 "https://sitsaz202.ir/2024/08/23/exactly-what-are-the-professionals-gambling-establishment-pa-natet-sveriges-basta-natcasino-away-from-sverige-kronan-local-casino-myveteranmall" "Mozilla/5.0 (Windows NT 10.0; Win64; x64) AppleWebKit/537.36 (KHTML, like Gecko) Chrome/114.0.0.0 Safari/537.36 Edg/114.0.1823.43"
217.182.195.176 - - [03/Apr/2025:14:53:37 +0330] "GET /product-category/%DA%86%D9%84%D9%88%D9%BE%D8%A7%DA%A9%D8%B3%D8%AA%D8%A7%D9%86%DB%8C/?lokasie=/usr/lib/python3.6/site-packages/setuptools/archive_util.py&loknya=/usr/lib/python3.6/site-packages/setuptools HTTP/1.1" 200 3989 "-" "Mozilla/5.0 (compatible; MJ12bot/v1.4.8; http://mj12bot.com/)"
47.79.120.246 - - [03/Apr/2025:14:53:30 +0330] "GET /2024/08/23/better-on-the-internet-sweepstakes-gambling-enterprises-w-honors HTTP/1.1" 200 3951 "https://sitsaz202.ir/2024/08/23/better-on-the-internet-sweepstakes-gambling-enterprises-w-honors" "Mozilla/5.0 (Windows NT 10.0; Win64; x64) AppleWebKit/537.36 (KHTML, like Gecko) Chrome/114.0.0.0 Safari/537.36 Edg/114.0.1823.43"
217.182.195.176 - - [03/Apr/2025:14:53:43 +0330] "GET /product-category/%DA%86%D9%84%D9%88%D9%BE%D8%A7%DA%A9%D8%B3%D8%AA%D8%A7%D9%86%DB%8C/?lokasie=/usr/lib/python3.6/site-packages/setuptools/build_meta.py&loknya=/usr/lib/python3.6/site-packages/setuptools HTTP/1.1" 200 3768 "-" "Mozilla/5.0 (compatible; MJ12bot/v1.4.8; http://mj12bot.com/)"
217.182.195.176 - - [03/Apr/2025:14:52:53 +0330] "GET /product-category/%DA%86%D9%84%D9%88%D9%BE%D8%A7%DA%A9%D8%B3%D8%AA%D8%A7%D9%86%DB%8C/?lokasie=/usr/lib/python3.6/site-packages/setuptools/__init__.py&loknya=/usr/lib/python3.6/site-packages/setuptools HTTP/1.1" 200 0 "-" "Mozilla/5.0 (compatible; MJ12bot/v1.4.8; http://mj12bot.com/)"
178.239.150.4 - - [03/Apr/2025:14:53:55 +0330] "POST /wp-cron.php?doing_wp_cron=1743679435.8426818847656250000000 HTTP/1.1" 200 20 "-" "WordPress/6.6; https://sitsaz202.ir"
47.79.7.207 - - [03/Apr/2025:14:52:20 +0330] "GET /2024/08/22/on-the-web-roulette-casinos-and-you-may-betting-internet-sites-top-10-to-own-2024 HTTP/1.1" 200 3950 "https://sitsaz202.ir/2024/08/22/on-the-web-roulette-casinos-and-you-may-betting-internet-sites-top-10-to-own-2024" "Mozilla/5.0 (Windows NT 10.0; Win64; x64) AppleWebKit/537.36 (KHTML, like Gecko) Chrome/114.0.0.0 Safari/537.36 Edg/114.0.1823.43"
94.23.203.107 - - [03/Apr/2025:14:52:34 +0330] "GET /robots.txt HTTP/1.1" 200 92 "-" "Mozilla/5.0 (compatible; MJ12bot/v1.4.8; http://mj12bot.com/)"
94.23.203.107 - - [03/Apr/2025:14:52:38 +0330] "GET /product-category/%DA%86%D9%84%D9%88%D9%BE%D8%A7%DA%A9%D8%B3%D8%AA%D8%A7%D9%86%DB%8C/?lokasie=/home/sitsaz202/public_html/wp-includes/js/dist/block-library.js&loknya=/home/sitsaz202/public_html/wp-includes/js/dist HTTP/1.1" 200 395598 "-" "Mozilla/5.0 (compatible; MJ12bot/v1.4.8; http://mj12bot.com/)"
94.23.203.107 - - [03/Apr/2025:14:52:52 +0330] "GET /product-category/%DA%86%D9%84%D9%88%D9%BE%D8%A7%DA%A9%D8%B3%D8%AA%D8%A7%D9%86%DB%8C/?lokasie=/home/sitsaz202/public_html/wp-includes/js/dist/components.js&loknya=/home/sitsaz202/public_html/wp-includes/js/dist HTTP/1.1" 200 534263 "-" "Mozilla/5.0 (compatible; MJ12bot/v1.4.8; http://mj12bot.com/)"
94.23.203.107 - - [03/Apr/2025:14:53:01 +0330] "GET /product-category/%DA%86%D9%84%D9%88%D9%BE%D8%A7%DA%A9%D8%B3%D8%AA%D8%A7%D9%86%DB%8C/?lokasie=/home/sitsaz202/public_html/wp-includes/js/dist/edit-site.js&loknya=/home/sitsaz202/public_html/wp-includes/js/dist HTTP/1.1" 200 349164 "-" "Mozilla/5.0 (compatible; MJ12bot/v1.4.8; http://mj12bot.com/)"
94.23.203.107 - - [03/Apr/2025:14:53:12 +0330] "GET /product-category/%DA%86%D9%84%D9%88%D9%BE%D8%A7%DA%A9%D8%B3%D8%AA%D8%A7%D9%86%DB%8C/?lokasie=/home/sitsaz202/public_html/wp-includes/js/dist/editor.js&loknya=/home/sitsaz202/public_html/wp-includes/js/dist HTTP/1.1" 200 200936 "-" "Mozilla/5.0 (compatible; MJ12bot/v1.4.8; http://mj12bot.com/)"
94.23.203.107 - - [03/Apr/2025:14:53:54 +0330] "GET /product-category/%DA%86%D9%84%D9%88%D9%BE%D8%A7%DA%A9%D8%B3%D8%AA%D8%A7%D9%86%DB%8C/?lokasie=/usr/bin/c%20%20&loknya=/usr/bin HTTP/1.1" 200 1953 "-" "Mozilla/5.0 (compatible; MJ12bot/v1.4.8; http://mj12bot.com/)"
94.23.203.107 - - [03/Apr/2025:14:54:11 +0330] "GET /product-category/%DA%86%D9%84%D9%88%D9%BE%D8%A7%DA%A9%D8%B3%D8%AA%D8%A7%D9%86%DB%8C/?lokasie=/usr/bin/c%20%20filt&loknya=/usr/bin HTTP/1.1" 200 1955 "-" "Mozilla/5.0 (compatible; MJ12bot/v1.4.8; http://mj12bot.com/)"
94.23.203.107 - - [03/Apr/2025:14:54:20 +0330] "GET /product-category/%DA%86%D9%84%D9%88%D9%BE%D8%A7%DA%A9%D8%B3%D8%AA%D8%A7%D9%86%DB%8C/?lokasie=/usr/bin/flex%20%20&loknya=/usr/bin HTTP/1.1" 200 1955 "-" "Mozilla/5.0 (compatible; MJ12bot/v1.4.8; http://mj12bot.com/)"
94.23.203.107 - - [03/Apr/2025:14:54:29 +0330] "GET /product-category/%DA%86%D9%84%D9%88%D9%BE%D8%A7%DA%A9%D8%B3%D8%AA%D8%A7%D9%86%DB%8C/?lokasie=/usr/bin/g%20%20&loknya=/usr/bin HTTP/1.1" 200 1953 "-" "Mozilla/5.0 (compatible; MJ12bot/v1.4.8; http://mj12bot.com/)"
94.23.203.107 - - [03/Apr/2025:14:54:39 +0330] "GET /product-category/%DA%86%D9%84%D9%88%D9%BE%D8%A7%DA%A9%D8%B3%D8%AA%D8%A7%D9%86%DB%8C/?lokasie=/usr/bin/x86_64-redhat-linux-c%20%20&loknya=/usr/bin HTTP/1.1" 200 1964 "-" "Mozilla/5.0 (compatible; MJ12bot/v1.4.8; http://mj12bot.com/)"
94.23.203.107 - - [03/Apr/2025:14:54:49 +0330] "GET /product-category/%DA%86%D9%84%D9%88%D9%BE%D8%A7%DA%A9%D8%B3%D8%AA%D8%A7%D9%86%DB%8C/?lokasie=/usr/bin/x86_64-redhat-linux-g%20%20&loknya=/usr/bin HTTP/1.1" 200 1964 "-" "Mozilla/5.0 (compatible; MJ12bot/v1.4.8; http://mj12bot.com/)"
94.23.203.107 - - [03/Apr/2025:14:55:03 +0330] "GET /product/%D8%A2%D8%A8%D9%85%DB%8C%D9%88%D9%87-%DA%AF%DB%8C%D8%B1%DB%8C-%D8%A8%D9%88%D8%B4-%D9%85%D8%AF%D9%84-mes4010/feed/?lokasie=/usr/bin/c%20%20&loknya=/usr/bin HTTP/1.1" 200 1953 "-" "Mozilla/5.0 (compatible; MJ12bot/v1.4.8; http://mj12bot.com/)"
178.239.150.4 - - [03/Apr/2025:14:53:55 +0330] "POST /wp-cron.php?doing_wp_cron=1743679435.8965859413146972656250 HTTP/1.1" 200 20 "-" "WordPress/6.6; https://sitsaz202.ir"
217.182.195.176 - - [03/Apr/2025:14:54:36 +0330] "GET /product-category/%DA%86%D9%84%D9%88%D9%BE%D8%A7%DA%A9%D8%B3%D8%AA%D8%A7%D9%86%DB%8C/?lokasie=/usr/lib/python3.6/site-packages/setuptools/config.py&loknya=/usr/lib/python3.6/site-packages/setuptools HTTP/1.1" 200 6608 "-" "Mozilla/5.0 (compatible; MJ12bot/v1.4.8; http://mj12bot.com/)"
217.182.195.176 - - [03/Apr/2025:14:54:44 +0330] "GET /product-category/%DA%86%D9%84%D9%88%D9%BE%D8%A7%DA%A9%D8%B3%D8%AA%D8%A7%D9%86%DB%8C/?lokasie=/usr/lib/python3.6/site-packages/setuptools/dep_util.py&loknya=/usr/lib/python3.6/site-packages/setuptools HTTP/1.1" 200 2400 "-" "Mozilla/5.0 (compatible; MJ12bot/v1.4.8; http://mj12bot.com/)"
217.182.195.176 - - [03/Apr/2025:14:55:01 +0330] "GET /product-category/%DA%86%D9%84%D9%88%D9%BE%D8%A7%DA%A9%D8%B3%D8%AA%D8%A7%D9%86%DB%8C/?lokasie=/usr/lib/python3.6/site-packages/setuptools/depends.py&loknya=/usr/lib/python3.6/site-packages/setuptools HTTP/1.1" 200 4054 "-" "Mozilla/5.0 (compatible; MJ12bot/v1.4.8; http://mj12bot.com/)"
217.182.195.176 - - [03/Apr/2025:14:55:07 +0330] "GET /product-category/%DA%86%D9%84%D9%88%D9%BE%D8%A7%DA%A9%D8%B3%D8%AA%D8%A7%D9%86%DB%8C/?lokasie=/usr/lib/python3.6/site-packages/setuptools/dist.py&loknya=/usr/lib/python3.6/site-packages/setuptools HTTP/1.1" 200 13569 "-" "Mozilla/5.0 (compatible; MJ12bot/v1.4.8; http://mj12bot.com/)"
217.182.195.176 - - [03/Apr/2025:14:55:12 +0330] "GET /product-category/%DA%86%D9%84%D9%88%D9%BE%D8%A7%DA%A9%D8%B3%D8%AA%D8%A7%D9%86%DB%8C/?lokasie=/usr/lib/python3.6/site-packages/setuptools/extension.py&loknya=/usr/lib/python3.6/site-packages/setuptools HTTP/1.1" 200 2730 "-" "Mozilla/5.0 (compatible; MJ12bot/v1.4.8; http://mj12bot.com/)"
217.182.195.176 - - [03/Apr/2025:14:55:20 +0330] "GET /product-category/%DA%86%D9%84%D9%88%D9%BE%D8%A7%DA%A9%D8%B3%D8%AA%D8%A7%D9%86%DB%8C/?lokasie=/usr/lib/python3.6/site-packages/setuptools/glibc.py&loknya=/usr/lib/python3.6/site-packages/setuptools HTTP/1.1" 200 3367 "-" "Mozilla/5.0 (compatible; MJ12bot/v1.4.8; http://mj12bot.com/)"
47.79.3.52 - - [03/Apr/2025:14:55:27 +0330] "GET /2024/08/17/free-online-harbors-gamble-casino-slot-machine-games-for-fun HTTP/1.1" 200 3949 "https://sitsaz202.ir/2024/08/17/free-online-harbors-gamble-casino-slot-machine-games-for-fun" "Mozilla/5.0 (Windows NT 10.0; Win64; x64) AppleWebKit/537.36 (KHTML, like Gecko) Chrome/114.0.0.0 Safari/537.36 Edg/114.0.1823.43"
217.182.195.176 - - [03/Apr/2025:14:55:29 +0330] "GET /product-category/%DA%86%D9%84%D9%88%D9%BE%D8%A7%DA%A9%D8%B3%D8%AA%D8%A7%D9%86%DB%8C/?lokasie=/usr/lib/python3.6/site-packages/setuptools/glob.py&loknya=/usr/lib/python3.6/site-packages/setuptools HTTP/1.1" 200 3554 "-" "Mozilla/5.0 (compatible; MJ12bot/v1.4.8; http://mj12bot.com/)"
217.182.195.176 - - [03/Apr/2025:14:55:36 +0330] "GET /product-category/%DA%86%D9%84%D9%88%D9%BE%D8%A7%DA%A9%D8%B3%D8%AA%D8%A7%D9%86%DB%8C/?lokasie=/usr/lib/python3.6/site-packages/setuptools/launch.py&loknya=/usr/lib/python3.6/site-packages/setuptools HTTP/1.1" 200 2380 "-" "Mozilla/5.0 (compatible; MJ12bot/v1.4.8; http://mj12bot.com/)"
217.182.195.176 - - [03/Apr/2025:14:55:42 +0330] "GET /product-category/%DA%86%D9%84%D9%88%D9%BE%D8%A7%DA%A9%D8%B3%D8%AA%D8%A7%D9%86%DB%8C/?lokasie=/usr/lib/python3.6/site-packages/setuptools/lib2to3_ex.py&loknya=/usr/lib/python3.6/site-packages/setuptools HTTP/1.1" 200 2622 "-" "Mozilla/5.0 (compatible; MJ12bot/v1.4.8; http://mj12bot.com/)"
217.182.195.176 - - [03/Apr/2025:14:55:52 +0330] "GET /product-category/%DA%86%D9%84%D9%88%D9%BE%D8%A7%DA%A9%D8%B3%D8%AA%D8%A7%D9%86%DB%8C/?lokasie=/usr/lib/python3.6/site-packages/setuptools/monkey.py&loknya=/usr/lib/python3.6/site-packages/setuptools HTTP/1.1" 200 3828 "-" "Mozilla/5.0 (compatible; MJ12bot/v1.4.8; http://mj12bot.com/)"
217.182.195.176 - - [03/Apr/2025:14:55:58 +0330] "GET /product-category/%DA%86%D9%84%D9%88%D9%BE%D8%A7%DA%A9%D8%B3%D8%AA%D8%A7%D9%86%DB%8C/?lokasie=/usr/lib/python3.6/site-packages/setuptools/msvc.py&loknya=/usr/lib/python3.6/site-packages/setuptools HTTP/1.1" 200 10400 "-" "Mozilla/5.0 (compatible; MJ12bot/v1.4.8; http://mj12bot.com/)"
217.182.195.176 - - [03/Apr/2025:14:56:05 +0330] "GET /product-category/%DA%86%D9%84%D9%88%D9%BE%D8%A7%DA%A9%D8%B3%D8%AA%D8%A7%D9%86%DB%8C/?lokasie=/usr/lib/python3.6/site-packages/setuptools/namespaces.py&loknya=/usr/lib/python3.6/site-packages/setuptools HTTP/1.1" 200 3165 "-" "Mozilla/5.0 (compatible; MJ12bot/v1.4.8; http://mj12bot.com/)"
217.182.195.176 - - [03/Apr/2025:14:56:12 +0330] "GET /product-category/%DA%86%D9%84%D9%88%D9%BE%D8%A7%DA%A9%D8%B3%D8%AA%D8%A7%D9%86%DB%8C/?lokasie=/usr/lib/python3.6/site-packages/setuptools/package_index.py&loknya=/usr/lib/python3.6/site-packages/setuptools HTTP/1.1" 200 13929 "-" "Mozilla/5.0 (compatible; MJ12bot/v1.4.8; http://mj12bot.com/)"
217.182.195.176 - - [03/Apr/2025:14:56:27 +0330] "GET /product-category/%DA%86%D9%84%D9%88%D9%BE%D8%A7%DA%A9%D8%B3%D8%AA%D8%A7%D9%86%DB%8C/?lokasie=/usr/lib/python3.6/site-packages/setuptools/pep425tags.py&loknya=/usr/lib/python3.6/site-packages/setuptools HTTP/1.1" 200 5667 "-" "Mozilla/5.0 (compatible; MJ12bot/v1.4.8; http://mj12bot.com/)"
47.79.123.24 - - [03/Apr/2025:14:56:31 +0330] "GET /2024/08/13/top-roblox-toys-tips HTTP/1.1" 200 3951 "https://sitsaz202.ir/2024/08/13/top-roblox-toys-tips" "Mozilla/5.0 (Windows NT 10.0; Win64; x64) AppleWebKit/537.36 (KHTML, like Gecko) Chrome/114.0.0.0 Safari/537.36 Edg/114.0.1823.43"
217.182.195.176 - - [03/Apr/2025:14:56:38 +0330] "GET /product-category/%DA%86%D9%84%D9%88%D9%BE%D8%A7%DA%A9%D8%B3%D8%AA%D8%A7%D9%86%DB%8C/?lokasie=/usr/lib/python3.6/site-packages/setuptools/py27compat.py&loknya=/usr/lib/python3.6/site-packages/setuptools HTTP/1.1" 200 2277 "-" "Mozilla/5.0 (compatible; MJ12bot/v1.4.8; http://mj12bot.com/)"
217.182.195.176 - - [03/Apr/2025:14:56:49 +0330] "GET /product-category/%DA%86%D9%84%D9%88%D9%BE%D8%A7%DA%A9%D8%B3%D8%AA%D8%A7%D9%86%DB%8C/?lokasie=/usr/lib/python3.6/site-packages/setuptools/py31compat.py&loknya=/usr/lib/python3.6/site-packages/setuptools HTTP/1.1" 200 2484 "-" "Mozilla/5.0 (compatible; MJ12bot/v1.4.8; http://mj12bot.com/)"
217.182.195.176 - - [03/Apr/2025:14:56:56 +0330] "GET /product-category/%DA%86%D9%84%D9%88%D9%BE%D8%A7%DA%A9%D8%B3%D8%AA%D8%A7%D9%86%DB%8C/?lokasie=/usr/lib/python3.6/site-packages/setuptools/py33compat.py&loknya=/usr/lib/python3.6/site-packages/setuptools HTTP/1.1" 200 2513 "-" "Mozilla/5.0 (compatible; MJ12bot/v1.4.8; http://mj12bot.com/)"
217.182.195.176 - - [03/Apr/2025:14:57:01 +0330] "GET /product-category/%DA%86%D9%84%D9%88%D9%BE%D8%A7%DA%A9%D8%B3%D8%AA%D8%A7%D9%86%DB%8C/?lokasie=/usr/lib/python3.6/site-packages/setuptools/py36compat.py&loknya=/usr/lib/python3.6/site-packages/setuptools HTTP/1.1" 200 3009 "-" "Mozilla/5.0 (compatible; MJ12bot/v1.4.8; http://mj12bot.com/)"
217.182.195.176 - - [03/Apr/2025:14:57:09 +0330] "GET /product-category/%DA%86%D9%84%D9%88%D9%BE%D8%A7%DA%A9%D8%B3%D8%AA%D8%A7%D9%86%DB%8C/?lokasie=/usr/lib/python3.6/site-packages/setuptools/sandbox.py&loknya=/usr/lib/python3.6/site-packages/setuptools HTTP/1.1" 200 6100 "-" "Mozilla/5.0 (compatible; MJ12bot/v1.4.8; http://mj12bot.com/)"
217.182.195.176 - - [03/Apr/2025:14:57:29 +0330] "GET /product-category/%DA%86%D9%84%D9%88%D9%BE%D8%A7%DA%A9%D8%B3%D8%AA%D8%A7%D9%86%DB%8C/?lokasie=/usr/lib/python3.6/site-packages/setuptools/script%20(dev).tmpl&loknya=/usr/lib/python3.6/site-packages/setuptools HTTP/1.1" 200 2134 "-" "Mozilla/5.0 (compatible; MJ12bot/v1.4.8; http://mj12bot.com/)"
217.182.195.176 - - [03/Apr/2025:14:57:35 +0330] "GET /product-category/%DA%86%D9%84%D9%88%D9%BE%D8%A7%DA%A9%D8%B3%D8%AA%D8%A7%D9%86%DB%8C/?lokasie=/usr/lib/python3.6/site-packages/setuptools/script.tmpl&loknya=/usr/lib/python3.6/site-packages/setuptools HTTP/1.1" 200 2089 "-" "Mozilla/5.0 (compatible; MJ12bot/v1.4.8; http://mj12bot.com/)"
47.79.1.112 - - [03/Apr/2025:14:57:36 +0330] "GET /2024/08/26/my-experience-during-the-spinempire-local-casino HTTP/1.1" 200 3952 "https://sitsaz202.ir/2024/08/26/my-experience-during-the-spinempire-local-casino" "Mozilla/5.0 (Windows NT 10.0; Win64; x64) AppleWebKit/537.36 (KHTML, like Gecko) Chrome/114.0.0.0 Safari/537.36 Edg/114.0.1823.43"
217.182.195.176 - - [03/Apr/2025:14:57:41 +0330] "GET /product-category/%DA%86%D9%84%D9%88%D9%BE%D8%A7%DA%A9%D8%B3%D8%AA%D8%A7%D9%86%DB%8C/?lokasie=/usr/lib/python3.6/site-packages/setuptools/site-patch.py&loknya=/usr/lib/python3.6/site-packages/setuptools HTTP/1.1" 200 2840 "-" "Mozilla/5.0 (compatible; MJ12bot/v1.4.8; http://mj12bot.com/)"
47.79.98.4 - - [03/Apr/2025:14:57:40 +0330] "GET /2024/08/25/kasyno-bonus-wyjawszy-depozytu-jak-i-rowniez-najpozytywniejsze-znizki-w-calej-kasynach HTTP/1.1" 200 3946 "https://sitsaz202.ir/2024/08/25/kasyno-bonus-wyjawszy-depozytu-jak-i-rowniez-najpozytywniejsze-znizki-w-calej-kasynach" "Mozilla/5.0 (Windows NT 10.0; Win64; x64) AppleWebKit/537.36 (KHTML, like Gecko) Chrome/114.0.0.0 Safari/537.36 Edg/114.0.1823.43"
217.182.195.176 - - [03/Apr/2025:14:57:49 +0330] "GET /product-category/%DA%86%D9%84%D9%88%D9%BE%D8%A7%DA%A9%D8%B3%D8%AA%D8%A7%D9%86%DB%8C/?lokasie=/usr/lib/python3.6/site-packages/setuptools/ssl_support.py&loknya=/usr/lib/python3.6/site-packages/setuptools HTTP/1.1" 200 4907 "-" "Mozilla/5.0 (compatible; MJ12bot/v1.4.8; http://mj12bot.com/)"
217.182.195.176 - - [03/Apr/2025:14:57:57 +0330] "GET /product-category/%DA%86%D9%84%D9%88%D9%BE%D8%A7%DA%A9%D8%B3%D8%AA%D8%A7%D9%86%DB%8C/?lokasie=/usr/lib/python3.6/site-packages/setuptools/unicode_utils.py&loknya=/usr/lib/python3.6/site-packages/setuptools HTTP/1.1" 200 2393 "-" "Mozilla/5.0 (compatible; MJ12bot/v1.4.8; http://mj12bot.com/)"
217.182.195.176 - - [03/Apr/2025:14:58:04 +0330] "GET /product-category/%DA%86%D9%84%D9%88%D9%BE%D8%A7%DA%A9%D8%B3%D8%AA%D8%A7%D9%86%DB%8C/?lokasie=/usr/lib/python3.6/site-packages/setuptools/version.py&loknya=/usr/lib/python3.6/site-packages/setuptools HTTP/1.1" 200 2072 "-" "Mozilla/5.0 (compatible; MJ12bot/v1.4.8; http://mj12bot.com/)"
47.82.10.165 - - [03/Apr/2025:14:58:10 +0330] "GET /2024/08/13/betamo-casino-pourboire-sans-avoir-i-classe HTTP/1.1" 200 3950 "https://sitsaz202.ir/2024/08/13/betamo-casino-pourboire-sans-avoir-i-classe" "Mozilla/5.0 (Windows NT 10.0; Win64; x64) AppleWebKit/537.36 (KHTML, like Gecko) Chrome/114.0.0.0 Safari/537.36 Edg/114.0.1823.43"
217.182.195.176 - - [03/Apr/2025:14:58:15 +0330] "GET /product-category/%DA%86%D9%84%D9%88%D9%BE%D8%A7%DA%A9%D8%B3%D8%AA%D8%A7%D9%86%DB%8C/?lokasie=/usr/lib/python3.6/site-packages/setuptools/wheel.py&loknya=/usr/lib/python3.6/site-packages/setuptools HTTP/1.1" 200 4376 "-" "Mozilla/5.0 (compatible; MJ12bot/v1.4.8; http://mj12bot.com/)"
47.79.119.52 - - [03/Apr/2025:14:58:08 +0330] "GET /2024/08/15/bezplatne-kasyno-internetowego HTTP/1.1" 200 3953 "https://sitsaz202.ir/2024/08/15/bezplatne-kasyno-internetowego" "Mozilla/5.0 (Windows NT 10.0; Win64; x64) AppleWebKit/537.36 (KHTML, like Gecko) Chrome/114.0.0.0 Safari/537.36 Edg/114.0.1823.43"
217.182.195.176 - - [03/Apr/2025:14:58:22 +0330] "GET /product-category/%DA%86%D9%84%D9%88%D9%BE%D8%A7%DA%A9%D8%B3%D8%AA%D8%A7%D9%86%DB%8C/?lokasie=/usr/lib/python3.6/site-packages/setuptools/windows_support.py&loknya=/usr/lib/python3.6/site-packages/setuptools HTTP/1.1" 200 2346 "-" "Mozilla/5.0 (compatible; MJ12bot/v1.4.8; http://mj12bot.com/)"
47.79.1.97 - - [03/Apr/2025:14:58:26 +0330] "GET /2024/08/22/60-free-spins-no-deposit-added-bonus-greatest-british-gambling-enterprise-now-offers-2024 HTTP/1.1" 200 3949 "https://sitsaz202.ir/2024/08/22/60-free-spins-no-deposit-added-bonus-greatest-british-gambling-enterprise-now-offers-2024" "Mozilla/5.0 (Windows NT 10.0; Win64; x64) AppleWebKit/537.36 (KHTML, like Gecko) Chrome/114.0.0.0 Safari/537.36 Edg/114.0.1823.43"
217.182.195.176 - - [03/Apr/2025:14:58:30 +0330] "GET /product-category/%DA%86%D9%84%D9%88%D9%BE%D8%A7%DA%A9%D8%B3%D8%AA%D8%A7%D9%86%DB%8C/?lokasie=/usr/lib/python3.6/site-packages/six-1.11.0.dist-info/DESCRIPTION.rst&loknya=/usr/lib/python3.6/site-packages/six-1.11.0.dist-info HTTP/1.1" 200 2526 "-" "Mozilla/5.0 (compatible; MJ12bot/v1.4.8; http://mj12bot.com/)"
217.182.195.176 - - [03/Apr/2025:14:58:39 +0330] "GET /product-category/%DA%86%D9%84%D9%88%D9%BE%D8%A7%DA%A9%D8%B3%D8%AA%D8%A7%D9%86%DB%8C/?lokasie=/usr/lib/python3.6/site-packages/six-1.11.0.dist-info/INSTALLER&loknya=/usr/lib/python3.6/site-packages/six-1.11.0.dist-info HTTP/1.1" 200 2016 "-" "Mozilla/5.0 (compatible; MJ12bot/v1.4.8; http://mj12bot.com/)"
47.82.11.44 - - [03/Apr/2025:14:58:40 +0330] "GET /2024/06/27/random-video-chat-meet-strangers-worldwide-2 HTTP/1.1" 200 3953 "https://sitsaz202.ir/2024/06/27/random-video-chat-meet-strangers-worldwide-2" "Mozilla/5.0 (Windows NT 10.0; Win64; x64) AppleWebKit/537.36 (KHTML, like Gecko) Chrome/114.0.0.0 Safari/537.36 Edg/114.0.1823.43"
217.182.195.176 - - [03/Apr/2025:14:58:46 +0330] "GET /product-category/%DA%86%D9%84%D9%88%D9%BE%D8%A7%DA%A9%D8%B3%D8%AA%D8%A7%D9%86%DB%8C/?lokasie=/usr/lib/python3.6/site-packages/six-1.11.0.dist-info/METADATA&loknya=/usr/lib/python3.6/site-packages/six-1.11.0.dist-info HTTP/1.1" 200 2724 "-" "Mozilla/5.0 (compatible; MJ12bot/v1.4.8; http://mj12bot.com/)"
217.182.195.176 - - [03/Apr/2025:14:58:56 +0330] "GET /product-category/%DA%86%D9%84%D9%88%D9%BE%D8%A7%DA%A9%D8%B3%D8%AA%D8%A7%D9%86%DB%8C/?lokasie=/usr/lib/python3.6/site-packages/six-1.11.0.dist-info/RECORD&loknya=/usr/lib/python3.6/site-packages/six-1.11.0.dist-info HTTP/1.1" 200 2432 "-" "Mozilla/5.0 (compatible; MJ12bot/v1.4.8; http://mj12bot.com/)"
217.182.195.176 - - [03/Apr/2025:14:59:03 +0330] "GET /product-category/%DA%86%D9%84%D9%88%D9%BE%D8%A7%DA%A9%D8%B3%D8%AA%D8%A7%D9%86%DB%8C/?lokasie=/usr/lib/python3.6/site-packages/six-1.11.0.dist-info/WHEEL&loknya=/usr/lib/python3.6/site-packages/six-1.11.0.dist-info HTTP/1.1" 200 2076 "-" "Mozilla/5.0 (compatible; MJ12bot/v1.4.8; http://mj12bot.com/)"
217.182.195.176 - - [03/Apr/2025:14:59:09 +0330] "GET /product-category/%DA%86%D9%84%D9%88%D9%BE%D8%A7%DA%A9%D8%B3%D8%AA%D8%A7%D9%86%DB%8C/?lokasie=/usr/lib/python3.6/site-packages/six-1.11.0.dist-info/metadata.json&loknya=/usr/lib/python3.6/site-packages/six-1.11.0.dist-info HTTP/1.1" 200 2404 "-" "Mozilla/5.0 (compatible; MJ12bot/v1.4.8; http://mj12bot.com/)"
47.82.10.159 - - [03/Apr/2025:14:59:11 +0330] "GET /2024/08/22/gonzos-quest-position-by-the-netent-comment-totally-free-demo-gamble HTTP/1.1" 200 3949 "https://sitsaz202.ir/2024/08/22/gonzos-quest-position-by-the-netent-comment-totally-free-demo-gamble" "Mozilla/5.0 (Windows NT 10.0; Win64; x64) AppleWebKit/537.36 (KHTML, like Gecko) Chrome/114.0.0.0 Safari/537.36 Edg/114.0.1823.43"
217.182.195.176 - - [03/Apr/2025:14:59:15 +0330] "GET /product-category/%DA%86%D9%84%D9%88%D9%BE%D8%A7%DA%A9%D8%B3%D8%AA%D8%A7%D9%86%DB%8C/?lokasie=/usr/lib/python3.6/site-packages/six-1.11.0.dist-info/top_level.txt&loknya=/usr/lib/python3.6/site-packages/six-1.11.0.dist-info HTTP/1.1" 200 2014 "-" "Mozilla/5.0 (compatible; MJ12bot/v1.4.8; http://mj12bot.com/)"
94.23.203.107 - - [03/Apr/2025:14:55:11 +0330] "GET /product/%D8%A2%D8%A8%D9%85%DB%8C%D9%88%D9%87-%DA%AF%DB%8C%D8%B1%DB%8C-%D8%A8%D9%88%D8%B4-%D9%85%D8%AF%D9%84-mes4010/feed/?lokasie=/usr/bin/c%20%20filt&loknya=/usr/bin HTTP/1.1" 200 1955 "-" "Mozilla/5.0 (compatible; MJ12bot/v1.4.8; http://mj12bot.com/)"
94.23.203.107 - - [03/Apr/2025:14:55:21 +0330] "GET /product/%D8%A2%D8%A8%D9%85%DB%8C%D9%88%D9%87-%DA%AF%DB%8C%D8%B1%DB%8C-%D8%A8%D9%88%D8%B4-%D9%85%D8%AF%D9%84-mes4010/feed/?lokasie=/usr/bin/flex%20%20&loknya=/usr/bin HTTP/1.1" 200 1955 "-" "Mozilla/5.0 (compatible; MJ12bot/v1.4.8; http://mj12bot.com/)"
94.23.203.107 - - [03/Apr/2025:14:55:30 +0330] "GET /product/%D8%A2%D8%A8%D9%85%DB%8C%D9%88%D9%87-%DA%AF%DB%8C%D8%B1%DB%8C-%D8%A8%D9%88%D8%B4-%D9%85%D8%AF%D9%84-mes4010/feed/?lokasie=/usr/bin/g%20%20&loknya=/usr/bin HTTP/1.1" 200 1953 "-" "Mozilla/5.0 (compatible; MJ12bot/v1.4.8; http://mj12bot.com/)"
47.79.120.246 - - [03/Apr/2025:14:55:38 +0330] "GET /2024/08/26/mobo-casino-comment-and-totally-free-chips-incentive HTTP/1.1" 200 3954 "https://sitsaz202.ir/2024/08/26/mobo-casino-comment-and-totally-free-chips-incentive" "Mozilla/5.0 (Windows NT 10.0; Win64; x64) AppleWebKit/537.36 (KHTML, like Gecko) Chrome/114.0.0.0 Safari/537.36 Edg/114.0.1823.43"
47.82.10.103 - - [03/Apr/2025:14:56:57 +0330] "GET /2024/08/21/online-slots HTTP/1.1" 200 3950 "https://sitsaz202.ir/2024/08/21/online-slots" "Mozilla/5.0 (Windows NT 10.0; Win64; x64) AppleWebKit/537.36 (KHTML, like Gecko) Chrome/114.0.0.0 Safari/537.36 Edg/114.0.1823.43"
47.82.10.40 - - [03/Apr/2025:14:57:28 +0330] "GET /2024/08/23/lucky-haunter-position-from-the-igrosoft-rtp-95-review-and-you-will-wager-totally-free HTTP/1.1" 200 3951 "https://sitsaz202.ir/2024/08/23/lucky-haunter-position-from-the-igrosoft-rtp-95-review-and-you-will-wager-totally-free" "Mozilla/5.0 (Windows NT 10.0; Win64; x64) AppleWebKit/537.36 (KHTML, like Gecko) Chrome/114.0.0.0 Safari/537.36 Edg/114.0.1823.43"
47.82.0.153 - - [03/Apr/2025:14:57:31 +0330] "GET /2024/08/17/the-present-money-learn-totally-free-revolves-coins-links-august-2024 HTTP/1.1" 200 3952 "https://sitsaz202.ir/2024/08/17/the-present-money-learn-totally-free-revolves-coins-links-august-2024" "Mozilla/5.0 (Windows NT 10.0; Win64; x64) AppleWebKit/537.36 (KHTML, like Gecko) Chrome/114.0.0.0 Safari/537.36 Edg/114.0.1823.43"
47.82.10.63 - - [03/Apr/2025:14:57:53 +0330] "GET /2024/08/10/book-from-ra-online-game-remark HTTP/1.1" 200 3950 "https://sitsaz202.ir/2024/08/10/book-from-ra-online-game-remark" "Mozilla/5.0 (Windows NT 10.0; Win64; x64) AppleWebKit/537.36 (KHTML, like Gecko) Chrome/114.0.0.0 Safari/537.36 Edg/114.0.1823.43"
47.82.11.22 - - [03/Apr/2025:14:58:27 +0330] "GET /2024/08/23/rizk-local-casino-50-no-deposit-totally-free-revolves-to-the-doors-away-from-rizk HTTP/1.1" 200 3950 "https://sitsaz202.ir/2024/08/23/rizk-local-casino-50-no-deposit-totally-free-revolves-to-the-doors-away-from-rizk" "Mozilla/5.0 (Windows NT 10.0; Win64; x64) AppleWebKit/537.36 (KHTML, like Gecko) Chrome/114.0.0.0 Safari/537.36 Edg/114.0.1823.43"
47.79.122.138 - - [03/Apr/2025:14:59:18 +0330] "GET /2024/08/22/beste-casino-bonuser-uten-innskudd HTTP/1.1" 200 3950 "https://sitsaz202.ir/2024/08/22/beste-casino-bonuser-uten-innskudd" "Mozilla/5.0 (Windows NT 10.0; Win64; x64) AppleWebKit/537.36 (KHTML, like Gecko) Chrome/114.0.0.0 Safari/537.36 Edg/114.0.1823.43"
47.82.11.47 - - [03/Apr/2025:14:59:16 +0330] "GET /2024/08/26/multiple-diamond-slot-opinion-free-demonstration-play HTTP/1.1" 200 3949 "https://sitsaz202.ir/2024/08/26/multiple-diamond-slot-opinion-free-demonstration-play" "Mozilla/5.0 (Windows NT 10.0; Win64; x64) AppleWebKit/537.36 (KHTML, like Gecko) Chrome/114.0.0.0 Safari/537.36 Edg/114.0.1823.43"
217.182.195.176 - - [03/Apr/2025:14:59:22 +0330] "GET /product-category/%DA%86%D9%84%D9%88%D9%BE%D8%A7%DA%A9%D8%B3%D8%AA%D8%A7%D9%86%DB%8C/?lokasie=/usr/lib/python3.6/site-packages/slip/__init__.py&loknya=/usr/lib/python3.6/site-packages/slip HTTP/1.1" 200 1998 "-" "Mozilla/5.0 (compatible; MJ12bot/v1.4.8; http://mj12bot.com/)"
217.182.195.176 - - [03/Apr/2025:14:59:30 +0330] "GET /product-category/%DA%86%D9%84%D9%88%D9%BE%D8%A7%DA%A9%D8%B3%D8%AA%D8%A7%D9%86%DB%8C/?lokasie=/usr/lib/python3.6/site-packages/syspurpose/__init__.py&loknya=/usr/lib/python3.6/site-packages/syspurpose HTTP/1.1" 200 2002 "-" "Mozilla/5.0 (compatible; MJ12bot/v1.4.8; http://mj12bot.com/)"
217.182.195.176 - - [03/Apr/2025:14:59:37 +0330] "GET /product-category/%DA%86%D9%84%D9%88%D9%BE%D8%A7%DA%A9%D8%B3%D8%AA%D8%A7%D9%86%DB%8C/?lokasie=/usr/lib/python3.6/site-packages/syspurpose/cli.py&loknya=/usr/lib/python3.6/site-packages/syspurpose HTTP/1.1" 200 5519 "-" "Mozilla/5.0 (compatible; MJ12bot/v1.4.8; http://mj12bot.com/)"
217.182.195.176 - - [03/Apr/2025:14:59:44 +0330] "GET /product-category/%DA%86%D9%84%D9%88%D9%BE%D8%A7%DA%A9%D8%B3%D8%AA%D8%A7%D9%86%DB%8C/?lokasie=/usr/lib/python3.6/site-packages/syspurpose/files.py&loknya=/usr/lib/python3.6/site-packages/syspurpose HTTP/1.1" 200 9196 "-" "Mozilla/5.0 (compatible; MJ12bot/v1.4.8; http://mj12bot.com/)"
217.182.195.176 - - [03/Apr/2025:14:59:49 +0330] "GET /product-category/%DA%86%D9%84%D9%88%D9%BE%D8%A7%DA%A9%D8%B3%D8%AA%D8%A7%D9%86%DB%8C/?lokasie=/usr/lib/python3.6/site-packages/syspurpose/i18n.py&loknya=/usr/lib/python3.6/site-packages/syspurpose HTTP/1.1" 200 2873 "-" "Mozilla/5.0 (compatible; MJ12bot/v1.4.8; http://mj12bot.com/)"
217.182.195.176 - - [03/Apr/2025:14:59:56 +0330] "GET /product-category/%DA%86%D9%84%D9%88%D9%BE%D8%A7%DA%A9%D8%B3%D8%AA%D8%A7%D9%86%DB%8C/?lokasie=/usr/lib/python3.6/site-packages/syspurpose/main.py&loknya=/usr/lib/python3.6/site-packages/syspurpose HTTP/1.1" 200 2605 "-" "Mozilla/5.0 (compatible; MJ12bot/v1.4.8; http://mj12bot.com/)"
217.182.195.176 - - [03/Apr/2025:15:00:03 +0330] "GET /product-category/%DA%86%D9%84%D9%88%D9%BE%D8%A7%DA%A9%D8%B3%D8%AA%D8%A7%D9%86%DB%8C/?lokasie=/usr/lib/python3.6/site-packages/syspurpose/utils.py&loknya=/usr/lib/python3.6/site-packages/syspurpose HTTP/1.1" 200 3541 "-" "Mozilla/5.0 (compatible; MJ12bot/v1.4.8; http://mj12bot.com/)"
217.182.195.176 - - [03/Apr/2025:15:00:10 +0330] "GET /product-category/%DA%86%D9%84%D9%88%D9%BE%D8%A7%DA%A9%D8%B3%D8%AA%D8%A7%D9%86%DB%8C/?lokasie=/usr/lib/python3.6/site-packages/tuned/__init__.py&loknya=/usr/lib/python3.6/site-packages/tuned HTTP/1.1" 200 2537 "-" "Mozilla/5.0 (compatible; MJ12bot/v1.4.8; http://mj12bot.com/)"
217.182.195.176 - - [03/Apr/2025:15:00:18 +0330] "GET /product-category/%DA%86%D9%84%D9%88%D9%BE%D8%A7%DA%A9%D8%B3%D8%AA%D8%A7%D9%86%DB%8C/?lokasie=/usr/lib/python3.6/site-packages/tuned/consts.py&loknya=/usr/lib/python3.6/site-packages/tuned HTTP/1.1" 200 5070 "-" "Mozilla/5.0 (compatible; MJ12bot/v1.4.8; http://mj12bot.com/)"
217.182.195.176 - - [03/Apr/2025:15:00:25 +0330] "GET /product-category/%DA%86%D9%84%D9%88%D9%BE%D8%A7%DA%A9%D8%B3%D8%AA%D8%A7%D9%86%DB%8C/?lokasie=/usr/lib/python3.6/site-packages/tuned/exceptions.py&loknya=/usr/lib/python3.6/site-packages/tuned HTTP/1.1" 200 2248 "-" "Mozilla/5.0 (compatible; MJ12bot/v1.4.8; http://mj12bot.com/)"
217.182.195.176 - - [03/Apr/2025:15:00:32 +0330] "GET /product-category/%DA%86%D9%84%D9%88%D9%BE%D8%A7%DA%A9%D8%B3%D8%AA%D8%A7%D9%86%DB%8C/?lokasie=/usr/lib/python3.6/site-packages/tuned/logs.py&loknya=/usr/lib/python3.6/site-packages/tuned HTTP/1.1" 200 3306 "-" "Mozilla/5.0 (compatible; MJ12bot/v1.4.8; http://mj12bot.com/)"
217.182.195.176 - - [03/Apr/2025:15:00:39 +0330] "GET /product-category/%DA%86%D9%84%D9%88%D9%BE%D8%A7%DA%A9%D8%B3%D8%AA%D8%A7%D9%86%DB%8C/?lokasie=/usr/lib/python3.6/site-packages/tuned/patterns.py&loknya=/usr/lib/python3.6/site-packages/tuned HTTP/1.1" 200 2186 "-" "Mozilla/5.0 (compatible; MJ12bot/v1.4.8; http://mj12bot.com/)"
217.182.195.176 - - [03/Apr/2025:15:00:47 +0330] "GET /product-category/%DA%86%D9%84%D9%88%D9%BE%D8%A7%DA%A9%D8%B3%D8%AA%D8%A7%D9%86%DB%8C/?lokasie=/usr/lib/python3.6/site-packages/tuned/version.py&loknya=/usr/lib/python3.6/site-packages/tuned HTTP/1.1" 200 2072 "-" "Mozilla/5.0 (compatible; MJ12bot/v1.4.8; http://mj12bot.com/)"
217.182.195.176 - - [03/Apr/2025:15:00:53 +0330] "GET /product-category/%DA%86%D9%84%D9%88%D9%BE%D8%A7%DA%A9%D8%B3%D8%AA%D8%A7%D9%86%DB%8C/?lokasie=/usr/lib/python3.6/site-packages/up2date_client/__init__.py&loknya=/usr/lib/python3.6/site-packages/up2date_client HTTP/1.1" 200 2006 "-" "Mozilla/5.0 (compatible; MJ12bot/v1.4.8; http://mj12bot.com/)"
217.182.195.176 - - [03/Apr/2025:15:01:01 +0330] "GET /product-category/%DA%86%D9%84%D9%88%D9%BE%D8%A7%DA%A9%D8%B3%D8%AA%D8%A7%D9%86%DB%8C/?lokasie=/usr/lib/python3.6/site-packages/up2date_client/capabilities.py&loknya=/usr/lib/python3.6/site-packages/up2date_client HTTP/1.1" 200 4344 "-" "Mozilla/5.0 (compatible; MJ12bot/v1.4.8; http://mj12bot.com/)"
47.82.10.203 - - [03/Apr/2025:15:00:57 +0330] "GET /2024/08/19/citibank-offers-from-july-2024-2-hundred-five-hundred-700-step-1000-step-onefive-hundred-2100000-extra-offers HTTP/1.1" 200 3954 "https://sitsaz202.ir/2024/08/19/citibank-offers-from-july-2024-2-hundred-five-hundred-700-step-1000-step-onefive-hundred-2100000-extra-offers" "Mozilla/5.0 (Windows NT 10.0; Win64; x64) AppleWebKit/537.36 (KHTML, like Gecko) Chrome/114.0.0.0 Safari/537.36 Edg/114.0.1823.43"
47.79.122.173 - - [03/Apr/2025:15:01:08 +0330] "GET /2024/08/14/no-deposit-added-bonus-casinos-canada-new-checklist-inside-august-2024 HTTP/1.1" 200 3949 "https://sitsaz202.ir/2024/08/14/no-deposit-added-bonus-casinos-canada-new-checklist-inside-august-2024" "Mozilla/5.0 (Windows NT 10.0; Win64; x64) AppleWebKit/537.36 (KHTML, like Gecko) Chrome/114.0.0.0 Safari/537.36 Edg/114.0.1823.43"
217.182.195.176 - - [03/Apr/2025:15:01:07 +0330] "GET /product-category/%DA%86%D9%84%D9%88%D9%BE%D8%A7%DA%A9%D8%B3%D8%AA%D8%A7%D9%86%DB%8C/?lokasie=/usr/lib/python3.6/site-packages/up2date_client/clientCaps.py&loknya=/usr/lib/python3.6/site-packages/up2date_client HTTP/1.1" 200 2820 "-" "Mozilla/5.0 (compatible; MJ12bot/v1.4.8; http://mj12bot.com/)"
217.182.195.176 - - [03/Apr/2025:15:01:32 +0330] "GET /product-category/%DA%86%D9%84%D9%88%D9%BE%D8%A7%DA%A9%D8%B3%D8%AA%D8%A7%D9%86%DB%8C/?lokasie=/usr/lib/python3.6/site-packages/up2date_client/clpwd.py&loknya=/usr/lib/python3.6/site-packages/up2date_client HTTP/1.1" 200 2849 "-" "Mozilla/5.0 (compatible; MJ12bot/v1.4.8; http://mj12bot.com/)"
217.182.195.176 - - [03/Apr/2025:15:01:40 +0330] "GET /product-category/%DA%86%D9%84%D9%88%D9%BE%D8%A7%DA%A9%D8%B3%D8%AA%D8%A7%D9%86%DB%8C/?lokasie=/usr/lib/python3.6/site-packages/up2date_client/config.py&loknya=/usr/lib/python3.6/site-packages/up2date_client HTTP/1.1" 200 5933 "-" "Mozilla/5.0 (compatible; MJ12bot/v1.4.8; http://mj12bot.com/)"
217.182.195.176 - - [03/Apr/2025:15:01:50 +0330] "GET /product-category/%DA%86%D9%84%D9%88%D9%BE%D8%A7%DA%A9%D8%B3%D8%AA%D8%A7%D9%86%DB%8C/?lokasie=/usr/lib/python3.6/site-packages/up2date_client/debUtils.py&loknya=/usr/lib/python3.6/site-packages/up2date_client HTTP/1.1" 200 3132 "-" "Mozilla/5.0 (compatible; MJ12bot/v1.4.8; http://mj12bot.com/)"
217.182.195.176 - - [03/Apr/2025:15:01:58 +0330] "GET /product-category/%DA%86%D9%84%D9%88%D9%BE%D8%A7%DA%A9%D8%B3%D8%AA%D8%A7%D9%86%DB%8C/?lokasie=/usr/lib/python3.6/site-packages/up2date_client/getMethod.py&loknya=/usr/lib/python3.6/site-packages/up2date_client HTTP/1.1" 200 3453 "-" "Mozilla/5.0 (compatible; MJ12bot/v1.4.8; http://mj12bot.com/)"
217.182.195.176 - - [03/Apr/2025:15:02:05 +0330] "GET /product-category/%DA%86%D9%84%D9%88%D9%BE%D8%A7%DA%A9%D8%B3%D8%AA%D8%A7%D9%86%DB%8C/?lokasie=/usr/lib/python3.6/site-packages/up2date_client/haltree.py&loknya=/usr/lib/python3.6/site-packages/up2date_client HTTP/1.1" 200 3556 "-" "Mozilla/5.0 (compatible; MJ12bot/v1.4.8; http://mj12bot.com/)"
47.79.98.89 - - [03/Apr/2025:15:02:05 +0330] "GET /2024/08/21/the-brand-new-online-slots-games-casino-games-enjoy-newest-online-game-100percent-free HTTP/1.1" 200 3949 "https://sitsaz202.ir/2024/08/21/the-brand-new-online-slots-games-casino-games-enjoy-newest-online-game-100percent-free" "Mozilla/5.0 (Windows NT 10.0; Win64; x64) AppleWebKit/537.36 (KHTML, like Gecko) Chrome/114.0.0.0 Safari/537.36 Edg/114.0.1823.43"
217.182.195.176 - - [03/Apr/2025:15:02:11 +0330] "GET /product-category/%DA%86%D9%84%D9%88%D9%BE%D8%A7%DA%A9%D8%B3%D8%AA%D8%A7%D9%86%DB%8C/?lokasie=/usr/lib/python3.6/site-packages/up2date_client/hardware.py&loknya=/usr/lib/python3.6/site-packages/up2date_client HTTP/1.1" 200 10752 "-" "Mozilla/5.0 (compatible; MJ12bot/v1.4.8; http://mj12bot.com/)"
217.182.195.176 - - [03/Apr/2025:15:02:18 +0330] "GET /product-category/%DA%86%D9%84%D9%88%D9%BE%D8%A7%DA%A9%D8%B3%D8%AA%D8%A7%D9%86%DB%8C/?lokasie=/usr/lib/python3.6/site-packages/up2date_client/hardware_gudev.py&loknya=/usr/lib/python3.6/site-packages/up2date_client HTTP/1.1" 200 5766 "-" "Mozilla/5.0 (compatible; MJ12bot/v1.4.8; http://mj12bot.com/)"
217.182.195.176 - - [03/Apr/2025:15:02:25 +0330] "GET /product-category/%DA%86%D9%84%D9%88%D9%BE%D8%A7%DA%A9%D8%B3%D8%AA%D8%A7%D9%86%DB%8C/?lokasie=/usr/lib/python3.6/site-packages/up2date_client/hardware_hal.py&loknya=/usr/lib/python3.6/site-packages/up2date_client HTTP/1.1" 200 5093 "-" "Mozilla/5.0 (compatible; MJ12bot/v1.4.8; http://mj12bot.com/)"
217.182.195.176 - - [03/Apr/2025:15:02:37 +0330] "GET /product-category/%DA%86%D9%84%D9%88%D9%BE%D8%A7%DA%A9%D8%B3%D8%AA%D8%A7%D9%86%DB%8C/?lokasie=/usr/lib/python3.6/site-packages/up2date_client/hardware_udev.py&loknya=/usr/lib/python3.6/site-packages/up2date_client HTTP/1.1" 200 5695 "-" "Mozilla/5.0 (compatible; MJ12bot/v1.4.8; http://mj12bot.com/)"
217.182.195.176 - - [03/Apr/2025:15:02:44 +0330] "GET /product-category/%DA%86%D9%84%D9%88%D9%BE%D8%A7%DA%A9%D8%B3%D8%AA%D8%A7%D9%86%DB%8C/?lokasie=/usr/lib/python3.6/site-packages/up2date_client/pkgUtils.py&loknya=/usr/lib/python3.6/site-packages/up2date_client HTTP/1.1" 200 2157 "-" "Mozilla/5.0 (compatible; MJ12bot/v1.4.8; http://mj12bot.com/)"
217.182.195.176 - - [03/Apr/2025:15:02:54 +0330] "GET /product-category/%DA%86%D9%84%D9%88%D9%BE%D8%A7%DA%A9%D8%B3%D8%AA%D8%A7%D9%86%DB%8C/?lokasie=/usr/lib/python3.6/site-packages/up2date_client/pkgplatform.py&loknya=/usr/lib/python3.6/site-packages/up2date_client HTTP/1.1" 200 2192 "-" "Mozilla/5.0 (compatible; MJ12bot/v1.4.8; http://mj12bot.com/)"
217.182.195.176 - - [03/Apr/2025:15:03:00 +0330] "GET /product-category/%DA%86%D9%84%D9%88%D9%BE%D8%A7%DA%A9%D8%B3%D8%AA%D8%A7%D9%86%DB%8C/?lokasie=/usr/lib/python3.6/site-packages/up2date_client/pmPlugin.py&loknya=/usr/lib/python3.6/site-packages/up2date_client HTTP/1.1" 200 2906 "-" "Mozilla/5.0 (compatible; MJ12bot/v1.4.8; http://mj12bot.com/)"
217.182.195.176 - - [03/Apr/2025:15:03:08 +0330] "GET /product-category/%DA%86%D9%84%D9%88%D9%BE%D8%A7%DA%A9%D8%B3%D8%AA%D8%A7%D9%86%DB%8C/?lokasie=/usr/lib/python3.6/site-packages/up2date_client/rhnChannel.py&loknya=/usr/lib/python3.6/site-packages/up2date_client HTTP/1.1" 200 3417 "-" "Mozilla/5.0 (compatible; MJ12bot/v1.4.8; http://mj12bot.com/)"
217.182.195.176 - - [03/Apr/2025:15:03:17 +0330] "GET /product-category/%DA%86%D9%84%D9%88%D9%BE%D8%A7%DA%A9%D8%B3%D8%AA%D8%A7%D9%86%DB%8C/?lokasie=/usr/lib/python3.6/site-packages/up2date_client/rhnHardware.py&loknya=/usr/lib/python3.6/site-packages/up2date_client HTTP/1.1" 200 2121 "-" "Mozilla/5.0 (compatible; MJ12bot/v1.4.8; http://mj12bot.com/)"
217.182.195.176 - - [03/Apr/2025:15:03:24 +0330] "GET /product-category/%DA%86%D9%84%D9%88%D9%BE%D8%A7%DA%A9%D8%B3%D8%AA%D8%A7%D9%86%DB%8C/?lokasie=/usr/lib/python3.6/site-packages/up2date_client/rhnPackageInfo.py&loknya=/usr/lib/python3.6/site-packages/up2date_client HTTP/1.1" 200 2876 "-" "Mozilla/5.0 (compatible; MJ12bot/v1.4.8; http://mj12bot.com/)"
217.182.195.176 - - [03/Apr/2025:15:03:32 +0330] "GET /product-category/%DA%86%D9%84%D9%88%D9%BE%D8%A7%DA%A9%D8%B3%D8%AA%D8%A7%D9%86%DB%8C/?lokasie=/usr/lib/python3.6/site-packages/up2date_client/rhncli.py&loknya=/usr/lib/python3.6/site-packages/up2date_client HTTP/1.1" 200 4954 "-" "Mozilla/5.0 (compatible; MJ12bot/v1.4.8; http://mj12bot.com/)"
217.182.195.176 - - [03/Apr/2025:15:03:42 +0330] "GET /product-category/%DA%86%D9%84%D9%88%D9%BE%D8%A7%DA%A9%D8%B3%D8%AA%D8%A7%D9%86%DB%8C/?lokasie=/usr/lib/python3.6/site-packages/up2date_client/rhnreg.py&loknya=/usr/lib/python3.6/site-packages/up2date_client HTTP/1.1" 200 11656 "-" "Mozilla/5.0 (compatible; MJ12bot/v1.4.8; http://mj12bot.com/)"
217.182.195.176 - - [03/Apr/2025:15:03:52 +0330] "GET /product-category/%DA%86%D9%84%D9%88%D9%BE%D8%A7%DA%A9%D8%B3%D8%AA%D8%A7%D9%86%DB%8C/?lokasie=/usr/lib/python3.6/site-packages/up2date_client/rhnreg_constants.py&loknya=/usr/lib/python3.6/site-packages/up2date_client HTTP/1.1" 200 7639 "-" "Mozilla/5.0 (compatible; MJ12bot/v1.4.8; http://mj12bot.com/)"
217.182.195.176 - - [03/Apr/2025:15:03:59 +0330] "GET /product-category/%DA%86%D9%84%D9%88%D9%BE%D8%A7%DA%A9%D8%B3%D8%AA%D8%A7%D9%86%DB%8C/?lokasie=/usr/lib/python3.6/site-packages/up2date_client/rhnserver.py&loknya=/usr/lib/python3.6/site-packages/up2date_client HTTP/1.1" 200 4334 "-" "Mozilla/5.0 (compatible; MJ12bot/v1.4.8; http://mj12bot.com/)"
47.79.119.52 - - [03/Apr/2025:15:04:01 +0330] "GET /2024/08/21/free-chat-rooms-for-everyone HTTP/1.1" 200 3951 "https://sitsaz202.ir/2024/08/21/free-chat-rooms-for-everyone" "Mozilla/5.0 (Windows NT 10.0; Win64; x64) AppleWebKit/537.36 (KHTML, like Gecko) Chrome/114.0.0.0 Safari/537.36 Edg/114.0.1823.43"
217.182.195.176 - - [03/Apr/2025:15:04:04 +0330] "GET /product-category/%DA%86%D9%84%D9%88%D9%BE%D8%A7%DA%A9%D8%B3%D8%AA%D8%A7%D9%86%DB%8C/?lokasie=/usr/lib/python3.6/site-packages/up2date_client/rpcServer.py&loknya=/usr/lib/python3.6/site-packages/up2date_client HTTP/1.1" 200 5426 "-" "Mozilla/5.0 (compatible; MJ12bot/v1.4.8; http://mj12bot.com/)"
