18.222.71.63 - - [03/Apr/2025:17:04:49 +0330] "GET /index.php?lokasie=%2Fhome%2Fsitsaz202%2Fpublic_html%2Fwp-links-opml.php&loknya=%2Fhome%2Fsitsaz202%2Fpublic_html HTTP/2" 200 0 "-" "Mozilla/5.0 AppleWebKit/537.36 (KHTML, like Gecko; compatible; ClaudeBot/1.0; +claudebot@anthropic.com)"
95.217.109.26 - - [03/Apr/2025:17:05:48 +0330] "GET /product-category/%DA%86%D9%84%D9%88%D9%BE%D8%A7%DA%A9%D8%B3%D8%AA%D8%A7%D9%86%DB%8C/?lokasie=/usr/lib/kbd/consolefonts/partialfonts/8859-9.a0-ff.08.gz&loknya=/usr/lib/kbd/consolefonts/partialfonts HTTP/1.1" 200 2003 "-" "Mozilla/5.0 (compatible; MJ12bot/v1.4.8; http://mj12bot.com/)"
65.108.125.120 - - [03/Apr/2025:17:05:32 +0330] "GET /product-category/%DA%86%D9%84%D9%88%D9%BE%D8%A7%DA%A9%D8%B3%D8%AA%D8%A7%D9%86%DB%8C/?lokasie=/usr/lib/systemd/system/sysinit.target.wants/systemd-binfmt.service&loknya=/usr/lib/systemd/system/sysinit.target.wants HTTP/1.1" 200 2501 "-" "Mozilla/5.0 (compatible; MJ12bot/v1.4.8; http://mj12bot.com/)"
95.217.109.26 - - [03/Apr/2025:17:03:37 +0330] "GET /product-category/%DA%86%D9%84%D9%88%D9%BE%D8%A7%DA%A9%D8%B3%D8%AA%D8%A7%D9%86%DB%8C/?lokasie=/usr/lib/kbd/consolefonts/partialfonts/8859-6.a0-ff.14.gz&loknya=/usr/lib/kbd/consolefonts/partialfonts HTTP/1.1" 200 2003 "-" "Mozilla/5.0 (compatible; MJ12bot/v1.4.8; http://mj12bot.com/)"
65.108.125.120 - - [03/Apr/2025:17:03:37 +0330] "GET /product-category/%DA%86%D9%84%D9%88%D9%BE%D8%A7%DA%A9%D8%B3%D8%AA%D8%A7%D9%86%DB%8C/?lokasie=/usr/lib/systemd/system/sysinit.target.wants/ldconfig.service&loknya=/usr/lib/systemd/system/sysinit.target.wants HTTP/1.1" 200 2393 "-" "Mozilla/5.0 (compatible; MJ12bot/v1.4.8; http://mj12bot.com/)"
65.108.125.120 - - [03/Apr/2025:17:03:57 +0330] "GET /product-category/%DA%86%D9%84%D9%88%D9%BE%D8%A7%DA%A9%D8%B3%D8%AA%D8%A7%D9%86%DB%8C/?lokasie=/usr/lib/systemd/system/sysinit.target.wants/proc-sys-fs-binfmt_misc.automount&loknya=/usr/lib/systemd/system/sysinit.target.wants HTTP/1.1" 200 2396 "-" "Mozilla/5.0 (compatible; MJ12bot/v1.4.8; http://mj12bot.com/)"
95.217.109.26 - - [03/Apr/2025:17:04:01 +0330] "GET /product-category/%DA%86%D9%84%D9%88%D9%BE%D8%A7%DA%A9%D8%B3%D8%AA%D8%A7%D9%86%DB%8C/?lokasie=/usr/lib/kbd/consolefonts/partialfonts/8859-7.a0-ff.14.gz&loknya=/usr/lib/kbd/consolefonts/partialfonts HTTP/1.1" 200 2003 "-" "Mozilla/5.0 (compatible; MJ12bot/v1.4.8; http://mj12bot.com/)"
95.217.109.26 - - [03/Apr/2025:17:04:16 +0330] "GET /product-category/%DA%86%D9%84%D9%88%D9%BE%D8%A7%DA%A9%D8%B3%D8%AA%D8%A7%D9%86%DB%8C/?lokasie=/usr/lib/kbd/consolefonts/partialfonts/8859-7.a0-ff.16.gz&loknya=/usr/lib/kbd/consolefonts/partialfonts HTTP/1.1" 200 2003 "-" "Mozilla/5.0 (compatible; MJ12bot/v1.4.8; http://mj12bot.com/)"
18.222.71.63 - - [03/Apr/2025:17:05:00 +0330] "GET /index.php?lokasie=%2Fhome%2Fsitsaz202%2Fpublic_html%2Fwp-config.php&loknya=%2Fhome%2Fsitsaz202%2Fpublic_html HTTP/2" 200 0 "-" "Mozilla/5.0 AppleWebKit/537.36 (KHTML, like Gecko; compatible; ClaudeBot/1.0; +claudebot@anthropic.com)"
95.217.109.26 - - [03/Apr/2025:17:05:25 +0330] "GET /product-category/%DA%86%D9%84%D9%88%D9%BE%D8%A7%DA%A9%D8%B3%D8%AA%D8%A7%D9%86%DB%8C/?lokasie=/usr/lib/kbd/consolefonts/partialfonts/8859-8.a0-ff.16.gz&loknya=/usr/lib/kbd/consolefonts/partialfonts HTTP/1.1" 200 2003 "-" "Mozilla/5.0 (compatible; MJ12bot/v1.4.8; http://mj12bot.com/)"
3.129.218.83 - - [03/Apr/2025:17:05:38 +0330] "GET /index.php?lokasie=%2Fhome%2Fsitsaz202%2Fpublic_html%2Fwp-mail.php&loknya=%2Fhome%2Fsitsaz202%2Fpublic_html HTTP/2" 200 0 "-" "Mozilla/5.0 AppleWebKit/537.36 (KHTML, like Gecko; compatible; ClaudeBot/1.0; +claudebot@anthropic.com)"
95.217.109.26 - - [03/Apr/2025:17:04:41 +0330] "GET /product-category/%DA%86%D9%84%D9%88%D9%BE%D8%A7%DA%A9%D8%B3%D8%AA%D8%A7%D9%86%DB%8C/?lokasie=/usr/lib/kbd/consolefonts/partialfonts/8859-8.a0-ff.14.gz&loknya=/usr/lib/kbd/consolefonts/partialfonts HTTP/1.1" 200 2003 "-" "Mozilla/5.0 (compatible; MJ12bot/v1.4.8; http://mj12bot.com/)"
178.239.150.4 - - [03/Apr/2025:17:05:58 +0330] "POST /wp-cron.php?doing_wp_cron=1743687358.4134089946746826171875 HTTP/1.1" 200 20 "-" "WordPress/6.6; https://sitsaz202.ir"
3.129.218.83 - - [03/Apr/2025:17:05:50 +0330] "GET /index.php?lokasie=%2Fhome%2Fsitsaz202%2Fpublic_html%2Fsiteheads.php&loknya=%2Fhome%2Fsitsaz202%2Fpublic_html HTTP/2" 200 0 "-" "Mozilla/5.0 AppleWebKit/537.36 (KHTML, like Gecko; compatible; ClaudeBot/1.0; +claudebot@anthropic.com)"
95.217.109.26 - - [03/Apr/2025:17:05:57 +0330] "GET /product-category/%DA%86%D9%84%D9%88%D9%BE%D8%A7%DA%A9%D8%B3%D8%AA%D8%A7%D9%86%DB%8C/?lokasie=/usr/lib/kbd/consolefonts/partialfonts/8859-9.a0-ff.14.gz&loknya=/usr/lib/kbd/consolefonts/partialfonts HTTP/1.1" 200 2003 "-" "Mozilla/5.0 (compatible; MJ12bot/v1.4.8; http://mj12bot.com/)"
65.108.125.120 - - [03/Apr/2025:17:04:49 +0330] "GET /product-category/%DA%86%D9%84%D9%88%D9%BE%D8%A7%DA%A9%D8%B3%D8%AA%D8%A7%D9%86%DB%8C/?lokasie=/usr/lib/systemd/system/sysinit.target.wants/systemd-ask-password-console.path&loknya=/usr/lib/systemd/system/sysinit.target.wants HTTP/1.1" 200 34095 "-" "Mozilla/5.0 (compatible; MJ12bot/v1.4.8; http://mj12bot.com/)"
65.108.125.120 - - [03/Apr/2025:17:06:20 +0330] "GET /product-category/%DA%86%D9%84%D9%88%D9%BE%D8%A7%DA%A9%D8%B3%D8%AA%D8%A7%D9%86%DB%8C/?lokasie=/usr/lib/systemd/system/sysinit.target.wants/systemd-hwdb-update.service&loknya=/usr/lib/systemd/system/sysinit.target.wants HTTP/1.1" 200 2435 "-" "Mozilla/5.0 (compatible; MJ12bot/v1.4.8; http://mj12bot.com/)"
3.139.64.42 - - [03/Apr/2025:17:08:00 +0330] "GET /index.php?lokasie=%2Fhome%2Fsitsaz202%2Fpublic_html%2Fwp-settings.php&loknya=%2Fhome%2Fsitsaz202%2Fpublic_html HTTP/2" 200 7834 "-" "Mozilla/5.0 AppleWebKit/537.36 (KHTML, like Gecko; compatible; ClaudeBot/1.0; +claudebot@anthropic.com)"
95.217.109.26 - - [03/Apr/2025:17:06:09 +0330] "GET /product-category/%DA%86%D9%84%D9%88%D9%BE%D8%A7%DA%A9%D8%B3%D8%AA%D8%A7%D9%86%DB%8C/?lokasie=/usr/lib/kbd/consolefonts/partialfonts/8859-9.a0-ff.16.gz&loknya=/usr/lib/kbd/consolefonts/partialfonts HTTP/1.1" 500 384 "-" "Mozilla/5.0 (compatible; MJ12bot/v1.4.8; http://mj12bot.com/)"
3.139.64.42 - - [03/Apr/2025:17:08:05 +0330] "GET /index.php?lokasie=%2Fhome%2Fsitsaz202%2Fpublic_html%2Fwp-load.php&loknya=%2Fhome%2Fsitsaz202%2Fpublic_html HTTP/2" 200 0 "-" "Mozilla/5.0 AppleWebKit/537.36 (KHTML, like Gecko; compatible; ClaudeBot/1.0; +claudebot@anthropic.com)"
47.82.10.158 - - [03/Apr/2025:17:05:41 +0330] "GET /2024/08/17/online-harbors-gamble-gambling-establishment-slot-machines-enjoyment HTTP/1.1" 200 3949 "https://sitsaz202.ir/2024/08/17/online-harbors-gamble-gambling-establishment-slot-machines-enjoyment" "Mozilla/5.0 (Windows NT 10.0; Win64; x64) AppleWebKit/537.36 (KHTML, like Gecko) Chrome/114.0.0.0 Safari/537.36 Edg/114.0.1823.43"
65.108.125.120 - - [03/Apr/2025:17:06:01 +0330] "GET /product-category/%DA%86%D9%84%D9%88%D9%BE%D8%A7%DA%A9%D8%B3%D8%AA%D8%A7%D9%86%DB%8C/?lokasie=/usr/lib/systemd/system/sysinit.target.wants/systemd-firstboot.service&loknya=/usr/lib/systemd/system/sysinit.target.wants HTTP/1.1" 200 2424 "-" "Mozilla/5.0 (compatible; MJ12bot/v1.4.8; http://mj12bot.com/)"
95.217.109.26 - - [03/Apr/2025:17:06:52 +0330] "GET /product-category/%DA%86%D9%84%D9%88%D9%BE%D8%A7%DA%A9%D8%B3%D8%AA%D8%A7%D9%86%DB%8C/?lokasie=/usr/lib/kbd/consolefonts/partialfonts/ascii.20-7f.08.gz&loknya=/usr/lib/kbd/consolefonts/partialfonts HTTP/1.1" 200 2001 "-" "Mozilla/5.0 (compatible; MJ12bot/v1.4.8; http://mj12bot.com/)"
65.108.125.120 - - [03/Apr/2025:17:07:14 +0330] "GET /product-category/%DA%86%D9%84%D9%88%D9%BE%D8%A7%DA%A9%D8%B3%D8%AA%D8%A7%D9%86%DB%8C/?lokasie=/usr/lib/systemd/system/sysinit.target.wants/systemd-journal-flush.service&loknya=/usr/lib/systemd/system/sysinit.target.wants HTTP/1.1" 200 2428 "-" "Mozilla/5.0 (compatible; MJ12bot/v1.4.8; http://mj12bot.com/)"
95.217.109.26 - - [03/Apr/2025:17:07:04 +0330] "GET /product-category/%DA%86%D9%84%D9%88%D9%BE%D8%A7%DA%A9%D8%B3%D8%AA%D8%A7%D9%86%DB%8C/?lokasie=/usr/lib/kbd/consolefonts/partialfonts/ascii.20-7f.14.gz&loknya=/usr/lib/kbd/consolefonts/partialfonts HTTP/1.1" 200 0 "-" "Mozilla/5.0 (compatible; MJ12bot/v1.4.8; http://mj12bot.com/)"
65.108.125.120 - - [03/Apr/2025:17:06:31 +0330] "GET /product-category/%DA%86%D9%84%D9%88%D9%BE%D8%A7%DA%A9%D8%B3%D8%AA%D8%A7%D9%86%DB%8C/?lokasie=/usr/lib/systemd/system/sysinit.target.wants/systemd-journal-catalog-update.service&loknya=/usr/lib/systemd/system/sysinit.target.wants HTTP/1.1" 500 384 "-" "Mozilla/5.0 (compatible; MJ12bot/v1.4.8; http://mj12bot.com/)"
95.217.109.26 - - [03/Apr/2025:17:08:31 +0330] "GET /product-category/%DA%86%D9%84%D9%88%D9%BE%D8%A7%DA%A9%D8%B3%D8%AA%D8%A7%D9%86%DB%8C/?lokasie=/usr/lib/kbd/consolefonts/partialfonts/cp437.00-1f.08.gz&loknya=/usr/lib/kbd/consolefonts/partialfonts HTTP/1.1" 200 2002 "-" "Mozilla/5.0 (compatible; MJ12bot/v1.4.8; http://mj12bot.com/)"
47.79.123.250 - - [03/Apr/2025:17:08:42 +0330] "GET /2024/08/13/nice-bonanza-position-games-trial-gamble-free-spins HTTP/1.1" 200 3948 "https://sitsaz202.ir/2024/08/13/nice-bonanza-position-games-trial-gamble-free-spins" "Mozilla/5.0 (Windows NT 10.0; Win64; x64) AppleWebKit/537.36 (KHTML, like Gecko) Chrome/114.0.0.0 Safari/537.36 Edg/114.0.1823.43"
95.217.109.26 - - [03/Apr/2025:17:08:49 +0330] "GET /product-category/%DA%86%D9%84%D9%88%D9%BE%D8%A7%DA%A9%D8%B3%D8%AA%D8%A7%D9%86%DB%8C/?lokasie=/usr/lib/kbd/consolefonts/partialfonts/cp437.00-1f.14.gz&loknya=/usr/lib/kbd/consolefonts/partialfonts HTTP/1.1" 200 2002 "-" "Mozilla/5.0 (compatible; MJ12bot/v1.4.8; http://mj12bot.com/)"
47.79.2.24 - - [03/Apr/2025:17:08:03 +0330] "GET /2024/08/20/crazy-50-s-rotiri-gratuite-red-baron-la-inregistrare-ci-depozit-monkey-recipe HTTP/1.1" 200 0 "https://sitsaz202.ir/2024/08/20/crazy-50-s-rotiri-gratuite-red-baron-la-inregistrare-ci-depozit-monkey-recipe" "Mozilla/5.0 (Windows NT 10.0; Win64; x64) AppleWebKit/537.36 (KHTML, like Gecko) Chrome/114.0.0.0 Safari/537.36 Edg/114.0.1823.43"
65.108.125.120 - - [03/Apr/2025:17:08:55 +0330] "GET /product-category/%DA%86%D9%84%D9%88%D9%BE%D8%A7%DA%A9%D8%B3%D8%AA%D8%A7%D9%86%DB%8C/?lokasie=/usr/lib/systemd/system/sysinit.target.wants/systemd-modules-load.service&loknya=/usr/lib/systemd/system/sysinit.target.wants HTTP/1.1" 200 2425 "-" "Mozilla/5.0 (compatible; MJ12bot/v1.4.8; http://mj12bot.com/)"
65.108.125.120 - - [03/Apr/2025:17:09:09 +0330] "GET /product-category/%DA%86%D9%84%D9%88%D9%BE%D8%A7%DA%A9%D8%B3%D8%AA%D8%A7%D9%86%DB%8C/?lokasie=/usr/lib/systemd/system/sysinit.target.wants/systemd-random-seed.service&loknya=/usr/lib/systemd/system/sysinit.target.wants HTTP/1.1" 200 2413 "-" "Mozilla/5.0 (compatible; MJ12bot/v1.4.8; http://mj12bot.com/)"
95.217.109.26 - - [03/Apr/2025:17:09:12 +0330] "GET /product-category/%DA%86%D9%84%D9%88%D9%BE%D8%A7%DA%A9%D8%B3%D8%AA%D8%A7%D9%86%DB%8C/?lokasie=/usr/lib/kbd/consolefonts/partialfonts/none.00-17.08.gz&loknya=/usr/lib/kbd/consolefonts/partialfonts HTTP/1.1" 200 0 "-" "Mozilla/5.0 (compatible; MJ12bot/v1.4.8; http://mj12bot.com/)"
95.217.109.26 - - [03/Apr/2025:17:09:55 +0330] "GET /product-category/%DA%86%D9%84%D9%88%D9%BE%D8%A7%DA%A9%D8%B3%D8%AA%D8%A7%D9%86%DB%8C/?lokasie=/usr/lib/kbd/consolefonts/partialfonts/none.00-17.14.gz&loknya=/usr/lib/kbd/consolefonts/partialfonts HTTP/1.1" 200 1999 "-" "Mozilla/5.0 (compatible; MJ12bot/v1.4.8; http://mj12bot.com/)"
18.119.11.206 - - [03/Apr/2025:17:10:18 +0330] "GET /index.php?lokasie=%2Fhome%2Fsitsaz202%2Fpublic_html%2Fwp-config.php.bak76&loknya=%2Fhome%2Fsitsaz202%2Fpublic_html HTTP/2" 200 0 "-" "Mozilla/5.0 AppleWebKit/537.36 (KHTML, like Gecko; compatible; ClaudeBot/1.0; +claudebot@anthropic.com)"
178.239.150.4 - - [03/Apr/2025:17:10:31 +0330] "POST /wp-cron.php?doing_wp_cron=1743687631.6714980602264404296875 HTTP/1.1" 200 20 "-" "WordPress/6.6; https://sitsaz202.ir"
95.217.109.26 - - [03/Apr/2025:17:10:31 +0330] "GET /product-category/%DA%86%D9%84%D9%88%D9%BE%D8%A7%DA%A9%D8%B3%D8%AA%D8%A7%D9%86%DB%8C/?lokasie=/usr/lib/kbd/consolefonts/ruscii_8x16.psfu.gz&loknya=/usr/lib/kbd/consolefonts HTTP/1.1" 200 1990 "-" "Mozilla/5.0 (compatible; MJ12bot/v1.4.8; http://mj12bot.com/)"
178.239.150.4 - - [03/Apr/2025:17:08:27 +0330] "POST /wp-cron.php?doing_wp_cron=1743687507.1505351066589355468750 HTTP/1.1" 200 20 "-" "WordPress/6.6; https://sitsaz202.ir"
95.217.109.26 - - [03/Apr/2025:17:07:47 +0330] "GET /product-category/%DA%86%D9%84%D9%88%D9%BE%D8%A7%DA%A9%D8%B3%D8%AA%D8%A7%D9%86%DB%8C/?lokasie=/usr/lib/kbd/consolefonts/partialfonts/ascii.20-7f.16.gz&loknya=/usr/lib/kbd/consolefonts/partialfonts HTTP/1.1" 200 0 "-" "Mozilla/5.0 (compatible; MJ12bot/v1.4.8; http://mj12bot.com/)"
47.82.10.49 - - [03/Apr/2025:17:07:25 +0330] "GET /2024/08/15/free-spins-to-help-you-earn-a-real-income-best-free-twist-no-deposit-now-offers HTTP/1.1" 404 29775 "https://sitsaz202.ir/2024/08/15/free-spins-to-help-you-earn-a-real-income-best-free-twist-no-deposit-now-offers" "Mozilla/5.0 (Windows NT 10.0; Win64; x64) AppleWebKit/537.36 (KHTML, like Gecko) Chrome/114.0.0.0 Safari/537.36 Edg/114.0.1823.43"
178.239.150.4 - - [03/Apr/2025:17:08:50 +0330] "POST /wp-cron.php?doing_wp_cron=1743687530.5866649150848388671875 HTTP/1.1" 200 20 "-" "WordPress/6.6; https://sitsaz202.ir"
65.108.125.120 - - [03/Apr/2025:17:07:41 +0330] "GET /product-category/%DA%86%D9%84%D9%88%D9%BE%D8%A7%DA%A9%D8%B3%D8%AA%D8%A7%D9%86%DB%8C/?lokasie=/usr/lib/systemd/system/sysinit.target.wants/systemd-journald.service&loknya=/usr/lib/systemd/system/sysinit.target.wants HTTP/1.1" 200 34098 "-" "Mozilla/5.0 (compatible; MJ12bot/v1.4.8; http://mj12bot.com/)"
65.108.125.120 - - [03/Apr/2025:17:08:32 +0330] "GET /product-category/%DA%86%D9%84%D9%88%D9%BE%D8%A7%DA%A9%D8%B3%D8%AA%D8%A7%D9%86%DB%8C/?lokasie=/usr/lib/systemd/system/sysinit.target.wants/systemd-machine-id-commit.service&loknya=/usr/lib/systemd/system/sysinit.target.wants HTTP/1.1" 200 2394 "-" "Mozilla/5.0 (compatible; MJ12bot/v1.4.8; http://mj12bot.com/)"
95.217.109.26 - - [03/Apr/2025:17:08:58 +0330] "GET /product-category/%DA%86%D9%84%D9%88%D9%BE%D8%A7%DA%A9%D8%B3%D8%AA%D8%A7%D9%86%DB%8C/?lokasie=/usr/lib/kbd/consolefonts/partialfonts/cp437.00-1f.16.gz&loknya=/usr/lib/kbd/consolefonts/partialfonts HTTP/1.1" 200 2002 "-" "Mozilla/5.0 (compatible; MJ12bot/v1.4.8; http://mj12bot.com/)"
65.108.125.120 - - [03/Apr/2025:17:09:20 +0330] "GET /product-category/%DA%86%D9%84%D9%88%D9%BE%D8%A7%DA%A9%D8%B3%D8%AA%D8%A7%D9%86%DB%8C/?lokasie=/usr/lib/systemd/system/sysinit.target.wants/systemd-sysctl.service&loknya=/usr/lib/systemd/system/sysinit.target.wants HTTP/1.1" 200 2383 "-" "Mozilla/5.0 (compatible; MJ12bot/v1.4.8; http://mj12bot.com/)"
95.217.109.26 - - [03/Apr/2025:17:10:09 +0330] "GET /product-category/%DA%86%D9%84%D9%88%D9%BE%D8%A7%DA%A9%D8%B3%D8%AA%D8%A7%D9%86%DB%8C/?lokasie=/usr/lib/kbd/consolefonts/partialfonts/none.00-17.16.gz&loknya=/usr/lib/kbd/consolefonts/partialfonts HTTP/1.1" 200 1999 "-" "Mozilla/5.0 (compatible; MJ12bot/v1.4.8; http://mj12bot.com/)"
65.108.125.120 - - [03/Apr/2025:17:09:29 +0330] "GET /product-category/%DA%86%D9%84%D9%88%D9%BE%D8%A7%DA%A9%D8%B3%D8%AA%D8%A7%D9%86%DB%8C/?lokasie=/usr/lib/systemd/system/sysinit.target.wants/systemd-sysusers.service&loknya=/usr/lib/systemd/system/sysinit.target.wants HTTP/1.1" 200 34095 "-" "Mozilla/5.0 (compatible; MJ12bot/v1.4.8; http://mj12bot.com/)"
18.119.11.206 - - [03/Apr/2025:17:10:29 +0330] "GET /index.php?lokasie=%2Fhome%2Fsitsaz202%2Fpublic_html%2Frobots.txt&loknya=%2Fhome%2Fsitsaz202%2Fpublic_html HTTP/2" 200 0 "-" "Mozilla/5.0 AppleWebKit/537.36 (KHTML, like Gecko; compatible; ClaudeBot/1.0; +claudebot@anthropic.com)"
95.217.109.26 - - [03/Apr/2025:17:10:39 +0330] "GET /product-category/%DA%86%D9%84%D9%88%D9%BE%D8%A7%DA%A9%D8%B3%D8%AA%D8%A7%D9%86%DB%8C/?lokasie=/usr/lib/kbd/consolefonts/ruscii_8x8.psfu.gz&loknya=/usr/lib/kbd/consolefonts HTTP/1.1" 200 1989 "-" "Mozilla/5.0 (compatible; MJ12bot/v1.4.8; http://mj12bot.com/)"
95.217.109.26 - - [03/Apr/2025:17:10:57 +0330] "GET /product-category/%DA%86%D9%84%D9%88%D9%BE%D8%A7%DA%A9%D8%B3%D8%AA%D8%A7%D9%86%DB%8C/?lokasie=/usr/lib/kbd/consolefonts/t.fnt.gz&loknya=/usr/lib/kbd/consolefonts HTTP/1.1" 200 1981 "-" "Mozilla/5.0 (compatible; MJ12bot/v1.4.8; http://mj12bot.com/)"
95.217.109.26 - - [03/Apr/2025:17:10:49 +0330] "GET /product-category/%DA%86%D9%84%D9%88%D9%BE%D8%A7%DA%A9%D8%B3%D8%AA%D8%A7%D9%86%DB%8C/?lokasie=/usr/lib/kbd/consolefonts/sun12x22.psfu.gz&loknya=/usr/lib/kbd/consolefonts HTTP/1.1" 200 1987 "-" "Mozilla/5.0 (compatible; MJ12bot/v1.4.8; http://mj12bot.com/)"
47.82.10.14 - - [03/Apr/2025:17:10:57 +0330] "GET /2024/08/16/better-us-free-spins-casinos-august-2024-no-deposit HTTP/1.1" 200 3953 "https://sitsaz202.ir/2024/08/16/better-us-free-spins-casinos-august-2024-no-deposit" "Mozilla/5.0 (Windows NT 10.0; Win64; x64) AppleWebKit/537.36 (KHTML, like Gecko) Chrome/114.0.0.0 Safari/537.36 Edg/114.0.1823.43"
65.108.125.120 - - [03/Apr/2025:17:10:56 +0330] "GET /product-category/%DA%86%D9%84%D9%88%D9%BE%D8%A7%DA%A9%D8%B3%D8%AA%D8%A7%D9%86%DB%8C/?lokasie=/usr/lib/systemd/system/sysinit.target.wants/systemd-tmpfiles-setup.service&loknya=/usr/lib/systemd/system/sysinit.target.wants HTTP/1.1" 200 2423 "-" "Mozilla/5.0 (compatible; MJ12bot/v1.4.8; http://mj12bot.com/)"
95.217.109.26 - - [03/Apr/2025:17:11:37 +0330] "GET /product-category/%DA%86%D9%84%D9%88%D9%BE%D8%A7%DA%A9%D8%B3%D8%AA%D8%A7%D9%86%DB%8C/?lokasie=/usr/lib/kbd/keymaps/xkb/al-plisi.map.gz&loknya=/usr/lib/kbd/keymaps/xkb HTTP/1.1" 200 1992 "-" "Mozilla/5.0 (compatible; MJ12bot/v1.4.8; http://mj12bot.com/)"
65.108.125.120 - - [03/Apr/2025:17:11:15 +0330] "GET /product-category/%DA%86%D9%84%D9%88%D9%BE%D8%A7%DA%A9%D8%B3%D8%AA%D8%A7%D9%86%DB%8C/?lokasie=/usr/lib/systemd/system/sysinit.target.wants/systemd-udev-trigger.service&loknya=/usr/lib/systemd/system/sysinit.target.wants HTTP/1.1" 200 2401 "-" "Mozilla/5.0 (compatible; MJ12bot/v1.4.8; http://mj12bot.com/)"
65.108.125.120 - - [03/Apr/2025:17:11:59 +0330] "GET /product-category/%DA%86%D9%84%D9%88%D9%BE%D8%A7%DA%A9%D8%B3%D8%AA%D8%A7%D9%86%DB%8C/?lokasie=/usr/lib/systemd/system/sysinit.target.wants/systemd-udevd.service&loknya=/usr/lib/systemd/system/sysinit.target.wants HTTP/1.1" 200 2593 "-" "Mozilla/5.0 (compatible; MJ12bot/v1.4.8; http://mj12bot.com/)"
95.217.109.26 - - [03/Apr/2025:17:12:09 +0330] "GET /product-category/%DA%86%D9%84%D9%88%D9%BE%D8%A7%DA%A9%D8%B3%D8%AA%D8%A7%D9%86%DB%8C/?lokasie=/usr/lib/kbd/keymaps/xkb/at-mac.map.gz&loknya=/usr/lib/kbd/keymaps/xkb HTTP/1.1" 200 1990 "-" "Mozilla/5.0 (compatible; MJ12bot/v1.4.8; http://mj12bot.com/)"
65.108.125.120 - - [03/Apr/2025:17:12:33 +0330] "GET /product-category/%DA%86%D9%84%D9%88%D9%BE%D8%A7%DA%A9%D8%B3%D8%AA%D8%A7%D9%86%DB%8C/?lokasie=/usr/lib/systemd/system/system-update.target.wants/dnf-system-upgrade.service&loknya=/usr/lib/systemd/system/system-update.target.wants HTTP/1.1" 200 2312 "-" "Mozilla/5.0 (compatible; MJ12bot/v1.4.8; http://mj12bot.com/)"
65.108.125.120 - - [03/Apr/2025:17:12:41 +0330] "GET /product-category/%DA%86%D9%84%D9%88%D9%BE%D8%A7%DA%A9%D8%B3%D8%AA%D8%A7%D9%86%DB%8C/?lokasie=/usr/lib/systemd/system/system-update.target.wants/grub-boot-indeterminate.service&loknya=/usr/lib/systemd/system/system-update.target.wants HTTP/1.1" 200 2137 "-" "Mozilla/5.0 (compatible; MJ12bot/v1.4.8; http://mj12bot.com/)"
65.108.125.120 - - [03/Apr/2025:17:12:56 +0330] "GET /product-category/%DA%86%D9%84%D9%88%D9%BE%D8%A7%DA%A9%D8%B3%D8%AA%D8%A7%D9%86%DB%8C/?lokasie=/usr/lib/systemd/system/timers.target.wants/systemd-tmpfiles-clean.timer&loknya=/usr/lib/systemd/system/timers.target.wants HTTP/1.1" 200 2286 "-" "Mozilla/5.0 (compatible; MJ12bot/v1.4.8; http://mj12bot.com/)"
65.108.125.120 - - [03/Apr/2025:17:13:06 +0330] "GET /product-category/%DA%86%D9%84%D9%88%D9%BE%D8%A7%DA%A9%D8%B3%D8%AA%D8%A7%D9%86%DB%8C/?lokasie=/usr/lib/systemd/system/user-.slice.d/10-defaults.conf&loknya=/usr/lib/systemd/system/user-.slice.d HTTP/1.1" 200 2271 "-" "Mozilla/5.0 (compatible; MJ12bot/v1.4.8; http://mj12bot.com/)"
95.217.109.26 - - [03/Apr/2025:17:13:08 +0330] "GET /product-category/%DA%86%D9%84%D9%88%D9%BE%D8%A7%DA%A9%D8%B3%D8%AA%D8%A7%D9%86%DB%8C/?lokasie=/usr/lib/kbd/keymaps/xkb/at-sundeadkeys.map.gz&loknya=/usr/lib/kbd/keymaps/xkb HTTP/1.1" 200 1994 "-" "Mozilla/5.0 (compatible; MJ12bot/v1.4.8; http://mj12bot.com/)"
178.239.150.4 - - [03/Apr/2025:17:11:14 +0330] "POST /wp-cron.php?doing_wp_cron=1743687674.4417250156402587890625 HTTP/1.1" 200 20 "-" "WordPress/6.6; https://sitsaz202.ir"
65.108.125.120 - - [03/Apr/2025:17:10:12 +0330] "GET /product-category/%DA%86%D9%84%D9%88%D9%BE%D8%A7%DA%A9%D8%B3%D8%AA%D8%A7%D9%86%DB%8C/?lokasie=/usr/lib/systemd/system/sysinit.target.wants/systemd-tmpfiles-setup-dev.service&loknya=/usr/lib/systemd/system/sysinit.target.wants HTTP/1.1" 200 34085 "-" "Mozilla/5.0 (compatible; MJ12bot/v1.4.8; http://mj12bot.com/)"
95.217.109.26 - - [03/Apr/2025:17:11:12 +0330] "GET /product-category/%DA%86%D9%84%D9%88%D9%BE%D8%A7%DA%A9%D8%B3%D8%AA%D8%A7%D9%86%DB%8C/?lokasie=/usr/lib/kbd/consolefonts/t850b.fnt.gz&loknya=/usr/lib/kbd/consolefonts HTTP/1.1" 200 1984 "-" "Mozilla/5.0 (compatible; MJ12bot/v1.4.8; http://mj12bot.com/)"
95.217.109.26 - - [03/Apr/2025:17:11:25 +0330] "GET /product-category/%DA%86%D9%84%D9%88%D9%BE%D8%A7%DA%A9%D8%B3%D8%AA%D8%A7%D9%86%DB%8C/?lokasie=/usr/lib/kbd/consolefonts/viscii10-8x16.psfu.gz&loknya=/usr/lib/kbd/consolefonts HTTP/1.1" 200 1991 "-" "Mozilla/5.0 (compatible; MJ12bot/v1.4.8; http://mj12bot.com/)"
47.79.121.170 - - [03/Apr/2025:17:11:42 +0330] "GET /2024/08/17/a-hundred-extra-de-bienvenue-at-the-money-and-butler-local-casino HTTP/1.1" 200 3949 "https://sitsaz202.ir/2024/08/17/a-hundred-extra-de-bienvenue-at-the-money-and-butler-local-casino" "Mozilla/5.0 (Windows NT 10.0; Win64; x64) AppleWebKit/537.36 (KHTML, like Gecko) Chrome/114.0.0.0 Safari/537.36 Edg/114.0.1823.43"
95.217.109.26 - - [03/Apr/2025:17:11:48 +0330] "GET /product-category/%DA%86%D9%84%D9%88%D9%BE%D8%A7%DA%A9%D8%B3%D8%AA%D8%A7%D9%86%DB%8C/?lokasie=/usr/lib/kbd/keymaps/xkb/al.map.gz&loknya=/usr/lib/kbd/keymaps/xkb HTTP/1.1" 200 1987 "-" "Mozilla/5.0 (compatible; MJ12bot/v1.4.8; http://mj12bot.com/)"
65.108.125.120 - - [03/Apr/2025:17:12:10 +0330] "GET /product-category/%DA%86%D9%84%D9%88%D9%BE%D8%A7%DA%A9%D8%B3%D8%AA%D8%A7%D9%86%DB%8C/?lokasie=/usr/lib/systemd/system/sysinit.target.wants/systemd-update-done.service&loknya=/usr/lib/systemd/system/sysinit.target.wants HTTP/1.1" 200 2354 "-" "Mozilla/5.0 (compatible; MJ12bot/v1.4.8; http://mj12bot.com/)"
65.108.125.120 - - [03/Apr/2025:17:12:23 +0330] "GET /product-category/%DA%86%D9%84%D9%88%D9%BE%D8%A7%DA%A9%D8%B3%D8%AA%D8%A7%D9%86%DB%8C/?lokasie=/usr/lib/systemd/system/sysinit.target.wants/systemd-update-utmp.service&loknya=/usr/lib/systemd/system/sysinit.target.wants HTTP/1.1" 200 2408 "-" "Mozilla/5.0 (compatible; MJ12bot/v1.4.8; http://mj12bot.com/)"
3.12.104.80 - - [03/Apr/2025:17:12:35 +0330] "GET /?lokasie=%2Fhome%2Fsitsaz202%2Fpublic_html%2Fxx%2Findex.php&loknya=%2Fhome%2Fsitsaz202%2Fpublic_html%2Fxx HTTP/2" 200 2467 "-" "Mozilla/5.0 AppleWebKit/537.36 (KHTML, like Gecko; compatible; ClaudeBot/1.0; +claudebot@anthropic.com)"
3.12.104.80 - - [03/Apr/2025:17:12:44 +0330] "GET /index.php?lokasie=%2Fhome%2Fsitsaz202%2Fpublic_html%2Fwp-config.php.bak&loknya=%2Fhome%2Fsitsaz202%2Fpublic_html HTTP/2" 200 2553 "-" "Mozilla/5.0 AppleWebKit/537.36 (KHTML, like Gecko; compatible; ClaudeBot/1.0; +claudebot@anthropic.com)"
65.108.125.120 - - [03/Apr/2025:17:12:49 +0330] "GET /product-category/%DA%86%D9%84%D9%88%D9%BE%D8%A7%DA%A9%D8%B3%D8%AA%D8%A7%D9%86%DB%8C/?lokasie=/usr/lib/systemd/system/systemd-logind.service.d/lve_capabilities.conf&loknya=/usr/lib/systemd/system/systemd-logind.service.d HTTP/1.1" 200 2109 "-" "Mozilla/5.0 (compatible; MJ12bot/v1.4.8; http://mj12bot.com/)"
47.82.11.51 - - [03/Apr/2025:17:13:29 +0330] "GET /2024/08/15/beste-spielsaal-maklercourtage-razor-shark-erfahrungen-exklusive-einzahlung-2024 HTTP/1.1" 200 3951 "https://sitsaz202.ir/2024/08/15/beste-spielsaal-maklercourtage-razor-shark-erfahrungen-exklusive-einzahlung-2024" "Mozilla/5.0 (Windows NT 10.0; Win64; x64) AppleWebKit/537.36 (KHTML, like Gecko) Chrome/114.0.0.0 Safari/537.36 Edg/114.0.1823.43"
95.217.109.26 - - [03/Apr/2025:17:12:25 +0330] "GET /product-category/%DA%86%D9%84%D9%88%D9%BE%D8%A7%DA%A9%D8%B3%D8%AA%D8%A7%D9%86%DB%8C/?lokasie=/usr/lib/kbd/keymaps/xkb/at-nodeadkeys.map.gz&loknya=/usr/lib/kbd/keymaps/xkb HTTP/1.1" 200 1994 "-" "Mozilla/5.0 (compatible; MJ12bot/v1.4.8; http://mj12bot.com/)"
95.217.109.26 - - [03/Apr/2025:17:13:15 +0330] "GET /product-category/%DA%86%D9%84%D9%88%D9%BE%D8%A7%DA%A9%D8%B3%D8%AA%D8%A7%D9%86%DB%8C/?lokasie=/usr/lib/kbd/keymaps/xkb/at.map.gz&loknya=/usr/lib/kbd/keymaps/xkb HTTP/1.1" 200 0 "-" "Mozilla/5.0 (compatible; MJ12bot/v1.4.8; http://mj12bot.com/)"
178.239.150.4 - - [03/Apr/2025:17:14:15 +0330] "POST /wp-cron.php?doing_wp_cron=1743687855.9043591022491455078125 HTTP/1.1" 200 20 "-" "WordPress/6.6; https://sitsaz202.ir"
65.108.125.120 - - [03/Apr/2025:17:14:12 +0330] "GET /product-category/%DA%86%D9%84%D9%88%D9%BE%D8%A7%DA%A9%D8%B3%D8%AA%D8%A7%D9%86%DB%8C/?lokasie=/usr/lib/udev//ata_id&loknya=/usr/lib/udev/ HTTP/1.1" 200 0 "-" "Mozilla/5.0 (compatible; MJ12bot/v1.4.8; http://mj12bot.com/)"
95.217.109.26 - - [03/Apr/2025:17:14:42 +0330] "GET /product-category/%DA%86%D9%84%D9%88%D9%BE%D8%A7%DA%A9%D8%B3%D8%AA%D8%A7%D9%86%DB%8C/?lokasie=/usr/lib/kbd/keymaps/xkb/ba-alternatequotes.map.gz&loknya=/usr/lib/kbd/keymaps/xkb HTTP/1.1" 200 1999 "-" "Mozilla/5.0 (compatible; MJ12bot/v1.4.8; http://mj12bot.com/)"
95.217.109.26 - - [03/Apr/2025:17:14:56 +0330] "GET /product-category/%DA%86%D9%84%D9%88%D9%BE%D8%A7%DA%A9%D8%B3%D8%AA%D8%A7%D9%86%DB%8C/?lokasie=/usr/lib/kbd/keymaps/xkb/ba-unicode.map.gz&loknya=/usr/lib/kbd/keymaps/xkb HTTP/1.1" 200 1992 "-" "Mozilla/5.0 (compatible; MJ12bot/v1.4.8; http://mj12bot.com/)"
95.217.109.26 - - [03/Apr/2025:17:15:04 +0330] "GET /product-category/%DA%86%D9%84%D9%88%D9%BE%D8%A7%DA%A9%D8%B3%D8%AA%D8%A7%D9%86%DB%8C/?lokasie=/usr/lib/kbd/keymaps/xkb/ba-unicodeus.map.gz&loknya=/usr/lib/kbd/keymaps/xkb HTTP/1.1" 200 1994 "-" "Mozilla/5.0 (compatible; MJ12bot/v1.4.8; http://mj12bot.com/)"
65.108.125.120 - - [03/Apr/2025:17:15:11 +0330] "GET /product-category/%DA%86%D9%84%D9%88%D9%BE%D8%A7%DA%A9%D8%B3%D8%AA%D8%A7%D9%86%DB%8C/?lokasie=/usr/lib/udev//collect&loknya=/usr/lib/udev/ HTTP/1.1" 200 1965 "-" "Mozilla/5.0 (compatible; MJ12bot/v1.4.8; http://mj12bot.com/)"
95.217.109.26 - - [03/Apr/2025:17:15:12 +0330] "GET /product-category/%DA%86%D9%84%D9%88%D9%BE%D8%A7%DA%A9%D8%B3%D8%AA%D8%A7%D9%86%DB%8C/?lokasie=/usr/lib/kbd/keymaps/xkb/ba-us.map.gz&loknya=/usr/lib/kbd/keymaps/xkb HTTP/1.1" 200 1989 "-" "Mozilla/5.0 (compatible; MJ12bot/v1.4.8; http://mj12bot.com/)"
95.217.109.26 - - [03/Apr/2025:17:15:26 +0330] "GET /product-category/%DA%86%D9%84%D9%88%D9%BE%D8%A7%DA%A9%D8%B3%D8%AA%D8%A7%D9%86%DB%8C/?lokasie=/usr/lib/kbd/keymaps/xkb/ba.map.gz&loknya=/usr/lib/kbd/keymaps/xkb HTTP/1.1" 200 1987 "-" "Mozilla/5.0 (compatible; MJ12bot/v1.4.8; http://mj12bot.com/)"
65.108.125.120 - - [03/Apr/2025:17:15:28 +0330] "GET /product-category/%DA%86%D9%84%D9%88%D9%BE%D8%A7%DA%A9%D8%B3%D8%AA%D8%A7%D9%86%DB%8C/?lokasie=/usr/lib/udev//fido_id&loknya=/usr/lib/udev/ HTTP/1.1" 200 1966 "-" "Mozilla/5.0 (compatible; MJ12bot/v1.4.8; http://mj12bot.com/)"
95.217.109.26 - - [03/Apr/2025:17:13:58 +0330] "GET /product-category/%DA%86%D9%84%D9%88%D9%BE%D8%A7%DA%A9%D8%B3%D8%AA%D8%A7%D9%86%DB%8C/?lokasie=/usr/lib/kbd/keymaps/xkb/az.map.gz&loknya=/usr/lib/kbd/keymaps/xkb HTTP/1.1" 200 34101 "-" "Mozilla/5.0 (compatible; MJ12bot/v1.4.8; http://mj12bot.com/)"
65.108.125.120 - - [03/Apr/2025:17:15:44 +0330] "GET /product-category/%DA%86%D9%84%D9%88%D9%BE%D8%A7%DA%A9%D8%B3%D8%AA%D8%A7%D9%86%DB%8C/?lokasie=/usr/lib/udev//kpartx_id&loknya=/usr/lib/udev/ HTTP/1.1" 200 3072 "-" "Mozilla/5.0 (compatible; MJ12bot/v1.4.8; http://mj12bot.com/)"
47.79.120.224 - - [03/Apr/2025:17:15:42 +0330] "GET /2024/08/14/angeschlossen-spielsaal-echtgeld HTTP/1.1" 200 3951 "https://sitsaz202.ir/2024/08/14/angeschlossen-spielsaal-echtgeld" "Mozilla/5.0 (Windows NT 10.0; Win64; x64) AppleWebKit/537.36 (KHTML, like Gecko) Chrome/114.0.0.0 Safari/537.36 Edg/114.0.1823.43"
65.108.125.120 - - [03/Apr/2025:17:13:57 +0330] "GET /product-category/%DA%86%D9%84%D9%88%D9%BE%D8%A7%DA%A9%D8%B3%D8%AA%D8%A7%D9%86%DB%8C/?lokasie=/usr/lib/systemd/user/timers.target.wants/grub-boot-success.timer&loknya=/usr/lib/systemd/user/timers.target.wants HTTP/1.1" 200 2113 "-" "Mozilla/5.0 (compatible; MJ12bot/v1.4.8; http://mj12bot.com/)"
65.108.125.120 - - [03/Apr/2025:17:13:14 +0330] "GET /product-category/%DA%86%D9%84%D9%88%D9%BE%D8%A7%DA%A9%D8%B3%D8%AA%D8%A7%D9%86%DB%8C/?lokasie=/usr/lib/systemd/user/sockets.target.wants/dbus.socket&loknya=/usr/lib/systemd/user/sockets.target.wants HTTP/1.1" 200 34096 "-" "Mozilla/5.0 (compatible; MJ12bot/v1.4.8; http://mj12bot.com/)"
178.239.150.4 - - [03/Apr/2025:17:14:20 +0330] "POST /wp-cron.php?doing_wp_cron=1743687860.8421540260314941406250 HTTP/1.1" 200 20 "-" "WordPress/6.6; https://sitsaz202.ir"
47.82.9.8 - - [03/Apr/2025:17:14:24 +0330] "GET /category/pinup-apk HTTP/1.1" 200 3943 "https://sitsaz202.ir/category/pinup-apk" "Mozilla/5.0 (Windows NT 10.0; Win64; x64) AppleWebKit/537.36 (KHTML, like Gecko) Chrome/114.0.0.0 Safari/537.36 Edg/114.0.1823.43"
18.117.230.37 - - [03/Apr/2025:17:14:53 +0330] "GET /index.php?lokasie=%2Fhome%2Fsitsaz202%2Fpublic_html%2Findex.php&loknya=%2Fhome%2Fsitsaz202%2Fpublic_html HTTP/2" 200 2030 "-" "Mozilla/5.0 AppleWebKit/537.36 (KHTML, like Gecko; compatible; ClaudeBot/1.0; +claudebot@anthropic.com)"
65.108.125.120 - - [03/Apr/2025:17:14:56 +0330] "GET /product-category/%DA%86%D9%84%D9%88%D9%BE%D8%A7%DA%A9%D8%B3%D8%AA%D8%A7%D9%86%DB%8C/?lokasie=/usr/lib/udev//cdrom_id&loknya=/usr/lib/udev/ HTTP/1.1" 200 1967 "-" "Mozilla/5.0 (compatible; MJ12bot/v1.4.8; http://mj12bot.com/)"
18.117.230.37 - - [03/Apr/2025:17:15:01 +0330] "GET /index.php?lokasie=%2Fhome%2Fsitsaz202%2Fpublic_html%2Fwp-comments-post.php&loknya=%2Fhome%2Fsitsaz202%2Fpublic_html HTTP/2" 200 0 "-" "Mozilla/5.0 AppleWebKit/537.36 (KHTML, like Gecko; compatible; ClaudeBot/1.0; +claudebot@anthropic.com)"
178.239.150.4 - - [03/Apr/2025:17:15:14 +0330] "POST /wp-cron.php?doing_wp_cron=1743687914.0001718997955322265625 HTTP/1.1" 200 20 "-" "WordPress/6.6; https://sitsaz202.ir"
65.108.125.120 - - [03/Apr/2025:17:15:21 +0330] "GET /product-category/%DA%86%D9%84%D9%88%D9%BE%D8%A7%DA%A9%D8%B3%D8%AA%D8%A7%D9%86%DB%8C/?lokasie=/usr/lib/udev//fc_wwpn_id&loknya=/usr/lib/udev/ HTTP/1.1" 200 2524 "-" "Mozilla/5.0 (compatible; MJ12bot/v1.4.8; http://mj12bot.com/)"
178.239.150.4 - - [03/Apr/2025:17:15:34 +0330] "POST /wp-cron.php?doing_wp_cron=1743687934.9778859615325927734375 HTTP/1.1" 200 20 "-" "WordPress/6.6; https://sitsaz202.ir"
65.108.125.120 - - [03/Apr/2025:17:15:36 +0330] "GET /product-category/%DA%86%D9%84%D9%88%D9%BE%D8%A7%DA%A9%D8%B3%D8%AA%D8%A7%D9%86%DB%8C/?lokasie=/usr/lib/udev//kdump-udev-throttler&loknya=/usr/lib/udev/ HTTP/1.1" 200 2641 "-" "Mozilla/5.0 (compatible; MJ12bot/v1.4.8; http://mj12bot.com/)"
95.217.109.26 - - [03/Apr/2025:17:15:36 +0330] "GET /product-category/%DA%86%D9%84%D9%88%D9%BE%D8%A7%DA%A9%D8%B3%D8%AA%D8%A7%D9%86%DB%8C/?lokasie=/usr/lib/kbd/keymaps/xkb/be-iso-alternate.map.gz&loknya=/usr/lib/kbd/keymaps/xkb HTTP/1.1" 200 1998 "-" "Mozilla/5.0 (compatible; MJ12bot/v1.4.8; http://mj12bot.com/)"
47.82.10.122 - - [03/Apr/2025:17:16:02 +0330] "GET /2024/08/19/5-put-casino-us-have-fun-with-twenty-five-40-50-or-80-bonus HTTP/1.1" 200 3953 "https://sitsaz202.ir/2024/08/19/5-put-casino-us-have-fun-with-twenty-five-40-50-or-80-bonus" "Mozilla/5.0 (Windows NT 10.0; Win64; x64) AppleWebKit/537.36 (KHTML, like Gecko) Chrome/114.0.0.0 Safari/537.36 Edg/114.0.1823.43"
65.108.125.120 - - [03/Apr/2025:17:16:11 +0330] "GET /product-category/%DA%86%D9%84%D9%88%D9%BE%D8%A7%DA%A9%D8%B3%D8%AA%D8%A7%D9%86%DB%8C/?lokasie=/usr/lib/udev//prefixdevname&loknya=/usr/lib/udev/ HTTP/1.1" 200 1967 "-" "Mozilla/5.0 (compatible; MJ12bot/v1.4.8; http://mj12bot.com/)"
65.108.125.120 - - [03/Apr/2025:17:15:51 +0330] "GET /product-category/%DA%86%D9%84%D9%88%D9%BE%D8%A7%DA%A9%D8%B3%D8%AA%D8%A7%D9%86%DB%8C/?lokasie=/usr/lib/udev//mtd_probe&loknya=/usr/lib/udev/ HTTP/1.1" 200 1968 "-" "Mozilla/5.0 (compatible; MJ12bot/v1.4.8; http://mj12bot.com/)"
95.217.109.26 - - [03/Apr/2025:17:15:52 +0330] "GET /product-category/%DA%86%D9%84%D9%88%D9%BE%D8%A7%DA%A9%D8%B3%D8%AA%D8%A7%D9%86%DB%8C/?lokasie=/usr/lib/kbd/keymaps/xkb/be-nodeadkeys.map.gz&loknya=/usr/lib/kbd/keymaps/xkb HTTP/1.1" 200 1994 "-" "Mozilla/5.0 (compatible; MJ12bot/v1.4.8; http://mj12bot.com/)"
65.108.125.120 - - [03/Apr/2025:17:16:21 +0330] "GET /product-category/%DA%86%D9%84%D9%88%D9%BE%D8%A7%DA%A9%D8%B3%D8%AA%D8%A7%D9%86%DB%8C/?lokasie=/usr/lib/udev//rename_device&loknya=/usr/lib/udev/ HTTP/1.1" 200 1969 "-" "Mozilla/5.0 (compatible; MJ12bot/v1.4.8; http://mj12bot.com/)"
95.217.109.26 - - [03/Apr/2025:17:16:28 +0330] "GET /product-category/%DA%86%D9%84%D9%88%D9%BE%D8%A7%DA%A9%D8%B3%D8%AA%D8%A7%D9%86%DB%8C/?lokasie=/usr/lib/kbd/keymaps/xkb/be-oss.map.gz&loknya=/usr/lib/kbd/keymaps/xkb HTTP/1.1" 200 1990 "-" "Mozilla/5.0 (compatible; MJ12bot/v1.4.8; http://mj12bot.com/)"
47.79.120.246 - - [03/Apr/2025:17:16:37 +0330] "GET /2024/08/15/lucky-cherry-slot-machine-is-the-game-free-of-charge HTTP/1.1" 200 3954 "https://sitsaz202.ir/2024/08/15/lucky-cherry-slot-machine-is-the-game-free-of-charge" "Mozilla/5.0 (Windows NT 10.0; Win64; x64) AppleWebKit/537.36 (KHTML, like Gecko) Chrome/114.0.0.0 Safari/537.36 Edg/114.0.1823.43"
47.79.5.247 - - [03/Apr/2025:17:16:41 +0330] "GET /2024/08/15/casino-online-statele-unite-select-americii-cele-mai-bune-cazinouri-statele-unite-ale-americii HTTP/1.1" 200 3952 "https://sitsaz202.ir/2024/08/15/casino-online-statele-unite-select-americii-cele-mai-bune-cazinouri-statele-unite-ale-americii" "Mozilla/5.0 (Windows NT 10.0; Win64; x64) AppleWebKit/537.36 (KHTML, like Gecko) Chrome/114.0.0.0 Safari/537.36 Edg/114.0.1823.43"
18.191.222.230 - - [03/Apr/2025:17:17:12 +0330] "GET /index.php?lokasie=%2Fhome%2Fsitsaz202%2Fpublic_html%2Fwp-signup.php&loknya=%2Fhome%2Fsitsaz202%2Fpublic_html HTTP/2" 200 10040 "-" "Mozilla/5.0 AppleWebKit/537.36 (KHTML, like Gecko; compatible; ClaudeBot/1.0; +claudebot@anthropic.com)"
95.217.109.26 - - [03/Apr/2025:17:17:16 +0330] "GET /product-category/%DA%86%D9%84%D9%88%D9%BE%D8%A7%DA%A9%D8%B3%D8%AA%D8%A7%D9%86%DB%8C/?lokasie=/usr/lib/kbd/keymaps/xkb/be-sundeadkeys.map.gz&loknya=/usr/lib/kbd/keymaps/xkb HTTP/1.1" 200 1995 "-" "Mozilla/5.0 (compatible; MJ12bot/v1.4.8; http://mj12bot.com/)"
65.108.125.120 - - [03/Apr/2025:17:17:20 +0330] "GET /product-category/%DA%86%D9%84%D9%88%D9%BE%D8%A7%DA%A9%D8%B3%D8%AA%D8%A7%D9%86%DB%8C/?lokasie=/usr/libexec/git-core//git-am&loknya=/usr/libexec/git-core/ HTTP/1.1" 200 1969 "-" "Mozilla/5.0 (compatible; MJ12bot/v1.4.8; http://mj12bot.com/)"
65.108.125.120 - - [03/Apr/2025:17:17:34 +0330] "GET /product-category/%DA%86%D9%84%D9%88%D9%BE%D8%A7%DA%A9%D8%B3%D8%AA%D8%A7%D9%86%DB%8C/?lokasie=/usr/libexec/git-core//git-annotate&loknya=/usr/libexec/git-core/ HTTP/1.1" 200 1973 "-" "Mozilla/5.0 (compatible; MJ12bot/v1.4.8; http://mj12bot.com/)"
95.217.109.26 - - [03/Apr/2025:17:17:39 +0330] "GET /product-category/%DA%86%D9%84%D9%88%D9%BE%D8%A7%DA%A9%D8%B3%D8%AA%D8%A7%D9%86%DB%8C/?lokasie=/usr/lib/kbd/keymaps/xkb/be.map.gz&loknya=/usr/lib/kbd/keymaps/xkb HTTP/1.1" 200 1987 "-" "Mozilla/5.0 (compatible; MJ12bot/v1.4.8; http://mj12bot.com/)"
65.108.125.120 - - [03/Apr/2025:17:17:52 +0330] "GET /product-category/%DA%86%D9%84%D9%88%D9%BE%D8%A7%DA%A9%D8%B3%D8%AA%D8%A7%D9%86%DB%8C/?lokasie=/usr/libexec/git-core//git-bisect&loknya=/usr/libexec/git-core/ HTTP/1.1" 200 1971 "-" "Mozilla/5.0 (compatible; MJ12bot/v1.4.8; http://mj12bot.com/)"
65.108.125.120 - - [03/Apr/2025:17:18:03 +0330] "GET /product-category/%DA%86%D9%84%D9%88%D9%BE%D8%A7%DA%A9%D8%B3%D8%AA%D8%A7%D9%86%DB%8C/?lokasie=/usr/libexec/git-core//git-blame&loknya=/usr/libexec/git-core/ HTTP/1.1" 200 1971 "-" "Mozilla/5.0 (compatible; MJ12bot/v1.4.8; http://mj12bot.com/)"
65.108.125.120 - - [03/Apr/2025:17:16:28 +0330] "GET /product-category/%DA%86%D9%84%D9%88%D9%BE%D8%A7%DA%A9%D8%B3%D8%AA%D8%A7%D9%86%DB%8C/?lokasie=/usr/lib/udev//scsi_id&loknya=/usr/lib/udev/ HTTP/1.1" 200 1966 "-" "Mozilla/5.0 (compatible; MJ12bot/v1.4.8; http://mj12bot.com/)"
65.108.125.120 - - [03/Apr/2025:17:16:39 +0330] "GET /product-category/%DA%86%D9%84%D9%88%D9%BE%D8%A7%DA%A9%D8%B3%D8%AA%D8%A7%D9%86%DB%8C/?lokasie=/usr/lib/udev//v4l_id&loknya=/usr/lib/udev/ HTTP/1.1" 200 1966 "-" "Mozilla/5.0 (compatible; MJ12bot/v1.4.8; http://mj12bot.com/)"
95.217.109.26 - - [03/Apr/2025:17:16:45 +0330] "GET /product-category/%DA%86%D9%84%D9%88%D9%BE%D8%A7%DA%A9%D8%B3%D8%AA%D8%A7%D9%86%DB%8C/?lokasie=/usr/lib/kbd/keymaps/xkb/be-oss_latin9.map.gz&loknya=/usr/lib/kbd/keymaps/xkb HTTP/1.1" 200 1996 "-" "Mozilla/5.0 (compatible; MJ12bot/v1.4.8; http://mj12bot.com/)"
65.108.125.120 - - [03/Apr/2025:17:16:55 +0330] "GET /product-category/%DA%86%D9%84%D9%88%D9%BE%D8%A7%DA%A9%D8%B3%D8%AA%D8%A7%D9%86%DB%8C/?lokasie=/usr/libexec/git-core//git&loknya=/usr/libexec/git-core/ HTTP/1.1" 200 1967 "-" "Mozilla/5.0 (compatible; MJ12bot/v1.4.8; http://mj12bot.com/)"
95.217.109.26 - - [03/Apr/2025:17:17:04 +0330] "GET /product-category/%DA%86%D9%84%D9%88%D9%BE%D8%A7%DA%A9%D8%B3%D8%AA%D8%A7%D9%86%DB%8C/?lokasie=/usr/lib/kbd/keymaps/xkb/be-oss_sundeadkeys.map.gz&loknya=/usr/lib/kbd/keymaps/xkb HTTP/1.1" 200 1997 "-" "Mozilla/5.0 (compatible; MJ12bot/v1.4.8; http://mj12bot.com/)"
65.108.125.120 - - [03/Apr/2025:17:17:11 +0330] "GET /product-category/%DA%86%D9%84%D9%88%D9%BE%D8%A7%DA%A9%D8%B3%D8%AA%D8%A7%D9%86%DB%8C/?lokasie=/usr/libexec/git-core//git-add&loknya=/usr/libexec/git-core/ HTTP/1.1" 200 1969 "-" "Mozilla/5.0 (compatible; MJ12bot/v1.4.8; http://mj12bot.com/)"
95.217.109.26 - - [03/Apr/2025:17:17:27 +0330] "GET /product-category/%DA%86%D9%84%D9%88%D9%BE%D8%A7%DA%A9%D8%B3%D8%AA%D8%A7%D9%86%DB%8C/?lokasie=/usr/lib/kbd/keymaps/xkb/be-wang.map.gz&loknya=/usr/lib/kbd/keymaps/xkb HTTP/1.1" 200 1990 "-" "Mozilla/5.0 (compatible; MJ12bot/v1.4.8; http://mj12bot.com/)"
65.108.125.120 - - [03/Apr/2025:17:17:40 +0330] "GET /product-category/%DA%86%D9%84%D9%88%D9%BE%D8%A7%DA%A9%D8%B3%D8%AA%D8%A7%D9%86%DB%8C/?lokasie=/usr/libexec/git-core//git-apply&loknya=/usr/libexec/git-core/ HTTP/1.1" 200 1970 "-" "Mozilla/5.0 (compatible; MJ12bot/v1.4.8; http://mj12bot.com/)"
95.217.109.26 - - [03/Apr/2025:17:17:46 +0330] "GET /product-category/%DA%86%D9%84%D9%88%D9%BE%D8%A7%DA%A9%D8%B3%D8%AA%D8%A7%D9%86%DB%8C/?lokasie=/usr/lib/kbd/keymaps/xkb/br-dvorak.map.gz&loknya=/usr/lib/kbd/keymaps/xkb HTTP/1.1" 200 1993 "-" "Mozilla/5.0 (compatible; MJ12bot/v1.4.8; http://mj12bot.com/)"
65.108.125.120 - - [03/Apr/2025:17:17:47 +0330] "GET /product-category/%DA%86%D9%84%D9%88%D9%BE%D8%A7%DA%A9%D8%B3%D8%AA%D8%A7%D9%86%DB%8C/?lokasie=/usr/libexec/git-core//git-archive&loknya=/usr/libexec/git-core/ HTTP/1.1" 200 1972 "-" "Mozilla/5.0 (compatible; MJ12bot/v1.4.8; http://mj12bot.com/)"
47.82.10.201 - - [03/Apr/2025:17:17:57 +0330] "GET /2024/08/15/freespin-casino-no-deposit-added-bonus-rules-thirty-five-100-percent-free-processor-chip-40-free-spins-aug-2024 HTTP/1.1" 200 3954 "https://sitsaz202.ir/2024/08/15/freespin-casino-no-deposit-added-bonus-rules-thirty-five-100-percent-free-processor-chip-40-free-spins-aug-2024" "Mozilla/5.0 (Windows NT 10.0; Win64; x64) AppleWebKit/537.36 (KHTML, like Gecko) Chrome/114.0.0.0 Safari/537.36 Edg/114.0.1823.43"
95.217.109.26 - - [03/Apr/2025:17:17:52 +0330] "GET /product-category/%DA%86%D9%84%D9%88%D9%BE%D8%A7%DA%A9%D8%B3%D8%AA%D8%A7%D9%86%DB%8C/?lokasie=/usr/lib/kbd/keymaps/xkb/br-nativo-epo.map.gz&loknya=/usr/lib/kbd/keymaps/xkb HTTP/1.1" 200 1995 "-" "Mozilla/5.0 (compatible; MJ12bot/v1.4.8; http://mj12bot.com/)"
95.217.109.26 - - [03/Apr/2025:17:18:14 +0330] "GET /product-category/%DA%86%D9%84%D9%88%D9%BE%D8%A7%DA%A9%D8%B3%D8%AA%D8%A7%D9%86%DB%8C/?lokasie=/usr/lib/kbd/keymaps/xkb/br-nativo-us.map.gz&loknya=/usr/lib/kbd/keymaps/xkb HTTP/1.1" 200 1994 "-" "Mozilla/5.0 (compatible; MJ12bot/v1.4.8; http://mj12bot.com/)"
65.108.125.120 - - [03/Apr/2025:17:18:34 +0330] "GET /product-category/%DA%86%D9%84%D9%88%D9%BE%D8%A7%DA%A9%D8%B3%D8%AA%D8%A7%D9%86%DB%8C/?lokasie=/usr/libexec/git-core//git-cat-file&loknya=/usr/libexec/git-core/ HTTP/1.1" 200 1970 "-" "Mozilla/5.0 (compatible; MJ12bot/v1.4.8; http://mj12bot.com/)"
65.108.125.120 - - [03/Apr/2025:17:18:51 +0330] "GET /product-category/%DA%86%D9%84%D9%88%D9%BE%D8%A7%DA%A9%D8%B3%D8%AA%D8%A7%D9%86%DB%8C/?lokasie=/usr/libexec/git-core//git-check-attr&loknya=/usr/libexec/git-core/ HTTP/1.1" 200 1973 "-" "Mozilla/5.0 (compatible; MJ12bot/v1.4.8; http://mj12bot.com/)"
65.108.125.120 - - [03/Apr/2025:17:19:00 +0330] "GET /product-category/%DA%86%D9%84%D9%88%D9%BE%D8%A7%DA%A9%D8%B3%D8%AA%D8%A7%D9%86%DB%8C/?lokasie=/usr/libexec/git-core//git-check-ignore&loknya=/usr/libexec/git-core/ HTTP/1.1" 200 1974 "-" "Mozilla/5.0 (compatible; MJ12bot/v1.4.8; http://mj12bot.com/)"
95.217.109.26 - - [03/Apr/2025:17:19:16 +0330] "GET /product-category/%DA%86%D9%84%D9%88%D9%BE%D8%A7%DA%A9%D8%B3%D8%AA%D8%A7%D9%86%DB%8C/?lokasie=/usr/lib/kbd/keymaps/xkb/by-latin.map.gz&loknya=/usr/lib/kbd/keymaps/xkb HTTP/1.1" 200 1992 "-" "Mozilla/5.0 (compatible; MJ12bot/v1.4.8; http://mj12bot.com/)"
47.82.10.55 - - [03/Apr/2025:17:19:19 +0330] "GET /2024/08/20/ruleta-americana-de-netent-con-el-fin-de-jugar-de-balde HTTP/1.1" 200 3949 "https://sitsaz202.ir/2024/08/20/ruleta-americana-de-netent-con-el-fin-de-jugar-de-balde" "Mozilla/5.0 (Windows NT 10.0; Win64; x64) AppleWebKit/537.36 (KHTML, like Gecko) Chrome/114.0.0.0 Safari/537.36 Edg/114.0.1823.43"
65.108.125.120 - - [03/Apr/2025:17:19:07 +0330] "GET /product-category/%DA%86%D9%84%D9%88%D9%BE%D8%A7%DA%A9%D8%B3%D8%AA%D8%A7%D9%86%DB%8C/?lokasie=/usr/libexec/git-core//git-check-mailmap&loknya=/usr/libexec/git-core/ HTTP/1.1" 200 1975 "-" "Mozilla/5.0 (compatible; MJ12bot/v1.4.8; http://mj12bot.com/)"
65.108.125.120 - - [03/Apr/2025:17:19:31 +0330] "GET /product-category/%DA%86%D9%84%D9%88%D9%BE%D8%A7%DA%A9%D8%B3%D8%AA%D8%A7%D9%86%DB%8C/?lokasie=/usr/libexec/git-core//git-check-ref-format&loknya=/usr/libexec/git-core/ HTTP/1.1" 200 1975 "-" "Mozilla/5.0 (compatible; MJ12bot/v1.4.8; http://mj12bot.com/)"
65.108.125.120 - - [03/Apr/2025:17:19:41 +0330] "GET /product-category/%DA%86%D9%84%D9%88%D9%BE%D8%A7%DA%A9%D8%B3%D8%AA%D8%A7%D9%86%DB%8C/?lokasie=/usr/libexec/git-core//git-checkout&loknya=/usr/libexec/git-core/ HTTP/1.1" 200 1972 "-" "Mozilla/5.0 (compatible; MJ12bot/v1.4.8; http://mj12bot.com/)"
47.79.119.52 - - [03/Apr/2025:17:19:56 +0330] "GET /2024/08/18/registreren-kroon-gokhal-200-toeslag-200-gratis-optreden HTTP/1.1" 200 3952 "https://sitsaz202.ir/2024/08/18/registreren-kroon-gokhal-200-toeslag-200-gratis-optreden" "Mozilla/5.0 (Windows NT 10.0; Win64; x64) AppleWebKit/537.36 (KHTML, like Gecko) Chrome/114.0.0.0 Safari/537.36 Edg/114.0.1823.43"
65.108.125.120 - - [03/Apr/2025:17:19:49 +0330] "GET /product-category/%DA%86%D9%84%D9%88%D9%BE%D8%A7%DA%A9%D8%B3%D8%AA%D8%A7%D9%86%DB%8C/?lokasie=/usr/libexec/git-core//git-checkout--worker&loknya=/usr/libexec/git-core/ HTTP/1.1" 200 1977 "-" "Mozilla/5.0 (compatible; MJ12bot/v1.4.8; http://mj12bot.com/)"
65.108.125.120 - - [03/Apr/2025:17:20:03 +0330] "GET /product-category/%DA%86%D9%84%D9%88%D9%BE%D8%A7%DA%A9%D8%B3%D8%AA%D8%A7%D9%86%DB%8C/?lokasie=/usr/libexec/git-core//git-checkout-index&loknya=/usr/libexec/git-core/ HTTP/1.1" 200 1974 "-" "Mozilla/5.0 (compatible; MJ12bot/v1.4.8; http://mj12bot.com/)"
95.217.109.26 - - [03/Apr/2025:17:19:36 +0330] "GET /product-category/%DA%86%D9%84%D9%88%D9%BE%D8%A7%DA%A9%D8%B3%D8%AA%D8%A7%D9%86%DB%8C/?lokasie=/usr/lib/kbd/keymaps/xkb/ca-fr-dvorak.map.gz&loknya=/usr/lib/kbd/keymaps/xkb HTTP/1.1" 200 1995 "-" "Mozilla/5.0 (compatible; MJ12bot/v1.4.8; http://mj12bot.com/)"
95.217.109.26 - - [03/Apr/2025:17:20:14 +0330] "GET /product-category/%DA%86%D9%84%D9%88%D9%BE%D8%A7%DA%A9%D8%B3%D8%AA%D8%A7%D9%86%DB%8C/?lokasie=/usr/lib/kbd/keymaps/xkb/ca-fr-legacy.map.gz&loknya=/usr/lib/kbd/keymaps/xkb HTTP/1.1" 200 1995 "-" "Mozilla/5.0 (compatible; MJ12bot/v1.4.8; http://mj12bot.com/)"
65.108.125.120 - - [03/Apr/2025:17:18:14 +0330] "GET /product-category/%DA%86%D9%84%D9%88%D9%BE%D8%A7%DA%A9%D8%B3%D8%AA%D8%A7%D9%86%DB%8C/?lokasie=/usr/libexec/git-core//git-branch&loknya=/usr/libexec/git-core/ HTTP/1.1" 200 1971 "-" "Mozilla/5.0 (compatible; MJ12bot/v1.4.8; http://mj12bot.com/)"
65.108.125.120 - - [03/Apr/2025:17:18:21 +0330] "GET /product-category/%DA%86%D9%84%D9%88%D9%BE%D8%A7%DA%A9%D8%B3%D8%AA%D8%A7%D9%86%DB%8C/?lokasie=/usr/libexec/git-core//git-bugreport&loknya=/usr/libexec/git-core/ HTTP/1.1" 200 1974 "-" "Mozilla/5.0 (compatible; MJ12bot/v1.4.8; http://mj12bot.com/)"
65.108.125.120 - - [03/Apr/2025:17:18:27 +0330] "GET /product-category/%DA%86%D9%84%D9%88%D9%BE%D8%A7%DA%A9%D8%B3%D8%AA%D8%A7%D9%86%DB%8C/?lokasie=/usr/libexec/git-core//git-bundle&loknya=/usr/libexec/git-core/ HTTP/1.1" 200 1972 "-" "Mozilla/5.0 (compatible; MJ12bot/v1.4.8; http://mj12bot.com/)"
95.217.109.26 - - [03/Apr/2025:17:18:27 +0330] "GET /product-category/%DA%86%D9%84%D9%88%D9%BE%D8%A7%DA%A9%D8%B3%D8%AA%D8%A7%D9%86%DB%8C/?lokasie=/usr/lib/kbd/keymaps/xkb/br-nativo.map.gz&loknya=/usr/lib/kbd/keymaps/xkb HTTP/1.1" 200 1992 "-" "Mozilla/5.0 (compatible; MJ12bot/v1.4.8; http://mj12bot.com/)"
95.217.109.26 - - [03/Apr/2025:17:18:46 +0330] "GET /product-category/%DA%86%D9%84%D9%88%D9%BE%D8%A7%DA%A9%D8%B3%D8%AA%D8%A7%D9%86%DB%8C/?lokasie=/usr/lib/kbd/keymaps/xkb/br-nodeadkeys.map.gz&loknya=/usr/lib/kbd/keymaps/xkb HTTP/1.1" 200 1994 "-" "Mozilla/5.0 (compatible; MJ12bot/v1.4.8; http://mj12bot.com/)"
95.217.109.26 - - [03/Apr/2025:17:18:54 +0330] "GET /product-category/%DA%86%D9%84%D9%88%D9%BE%D8%A7%DA%A9%D8%B3%D8%AA%D8%A7%D9%86%DB%8C/?lokasie=/usr/lib/kbd/keymaps/xkb/br-thinkpad.map.gz&loknya=/usr/lib/kbd/keymaps/xkb HTTP/1.1" 200 1994 "-" "Mozilla/5.0 (compatible; MJ12bot/v1.4.8; http://mj12bot.com/)"
47.79.6.191 - - [03/Apr/2025:17:18:59 +0330] "GET /2024/08/26/przeglad-kasyn-spinbounty HTTP/1.1" 200 3951 "https://sitsaz202.ir/2024/08/26/przeglad-kasyn-spinbounty" "Mozilla/5.0 (Windows NT 10.0; Win64; x64) AppleWebKit/537.36 (KHTML, like Gecko) Chrome/114.0.0.0 Safari/537.36 Edg/114.0.1823.43"
95.217.109.26 - - [03/Apr/2025:17:19:06 +0330] "GET /product-category/%DA%86%D9%84%D9%88%D9%BE%D8%A7%DA%A9%D8%B3%D8%AA%D8%A7%D9%86%DB%8C/?lokasie=/usr/lib/kbd/keymaps/xkb/br.map.gz&loknya=/usr/lib/kbd/keymaps/xkb HTTP/1.1" 200 1987 "-" "Mozilla/5.0 (compatible; MJ12bot/v1.4.8; http://mj12bot.com/)"
47.79.123.29 - - [03/Apr/2025:17:19:21 +0330] "GET /2024/06/21/talk-to-strangers-random-chat-apk-for-android-download HTTP/1.1" 200 3952 "https://sitsaz202.ir/2024/06/21/talk-to-strangers-random-chat-apk-for-android-download" "Mozilla/5.0 (Windows NT 10.0; Win64; x64) AppleWebKit/537.36 (KHTML, like Gecko) Chrome/114.0.0.0 Safari/537.36 Edg/114.0.1823.43"
95.217.109.26 - - [03/Apr/2025:17:19:23 +0330] "GET /product-category/%DA%86%D9%84%D9%88%D9%BE%D8%A7%DA%A9%D8%B3%D8%AA%D8%A7%D9%86%DB%8C/?lokasie=/usr/lib/kbd/keymaps/xkb/ca-eng.map.gz&loknya=/usr/lib/kbd/keymaps/xkb HTTP/1.1" 200 1990 "-" "Mozilla/5.0 (compatible; MJ12bot/v1.4.8; http://mj12bot.com/)"
47.82.10.71 - - [03/Apr/2025:17:19:13 +0330] "GET /2024/08/17/free-revolves-2024-rating-no-deposit-100-percent-free-spins-in-the-nz-casinos HTTP/1.1" 200 3950 "https://sitsaz202.ir/2024/08/17/free-revolves-2024-rating-no-deposit-100-percent-free-spins-in-the-nz-casinos" "Mozilla/5.0 (Windows NT 10.0; Win64; x64) AppleWebKit/537.36 (KHTML, like Gecko) Chrome/114.0.0.0 Safari/537.36 Edg/114.0.1823.43"
3.17.181.199 - - [03/Apr/2025:17:19:41 +0330] "GET /index.php?lokasie=%2Fhome%2Fsitsaz202%2Fpublic_html%2Freadme.html&loknya=%2Fhome%2Fsitsaz202%2Fpublic_html HTTP/2" 200 0 "-" "Mozilla/5.0 AppleWebKit/537.36 (KHTML, like Gecko; compatible; ClaudeBot/1.0; +claudebot@anthropic.com)"
65.108.125.120 - - [03/Apr/2025:17:20:10 +0330] "GET /product-category/%DA%86%D9%84%D9%88%D9%BE%D8%A7%DA%A9%D8%B3%D8%AA%D8%A7%D9%86%DB%8C/?lokasie=/usr/libexec/git-core//git-cherry&loknya=/usr/libexec/git-core/ HTTP/1.1" 200 1971 "-" "Mozilla/5.0 (compatible; MJ12bot/v1.4.8; http://mj12bot.com/)"
47.79.118.225 - - [03/Apr/2025:17:20:21 +0330] "GET /2024/08/16/ten-greatest-real-cash-online-slots-sites-out-of-2024 HTTP/1.1" 200 3952 "https://sitsaz202.ir/2024/08/16/ten-greatest-real-cash-online-slots-sites-out-of-2024" "Mozilla/5.0 (Windows NT 10.0; Win64; x64) AppleWebKit/537.36 (KHTML, like Gecko) Chrome/114.0.0.0 Safari/537.36 Edg/114.0.1823.43"
95.217.109.26 - - [03/Apr/2025:17:20:21 +0330] "GET /product-category/%DA%86%D9%84%D9%88%D9%BE%D8%A7%DA%A9%D8%B3%D8%AA%D8%A7%D9%86%DB%8C/?lokasie=/usr/lib/kbd/keymaps/xkb/ca-multi.map.gz&loknya=/usr/lib/kbd/keymaps/xkb HTTP/1.1" 200 1990 "-" "Mozilla/5.0 (compatible; MJ12bot/v1.4.8; http://mj12bot.com/)"
65.108.125.120 - - [03/Apr/2025:17:20:18 +0330] "GET /product-category/%DA%86%D9%84%D9%88%D9%BE%D8%A7%DA%A9%D8%B3%D8%AA%D8%A7%D9%86%DB%8C/?lokasie=/usr/libexec/git-core//git-cherry-pick&loknya=/usr/libexec/git-core/ HTTP/1.1" 200 1974 "-" "Mozilla/5.0 (compatible; MJ12bot/v1.4.8; http://mj12bot.com/)"
65.108.125.120 - - [03/Apr/2025:17:20:29 +0330] "GET /product-category/%DA%86%D9%84%D9%88%D9%BE%D8%A7%DA%A9%D8%B3%D8%AA%D8%A7%D9%86%DB%8C/?lokasie=/usr/libexec/git-core//git-clean&loknya=/usr/libexec/git-core/ HTTP/1.1" 200 1970 "-" "Mozilla/5.0 (compatible; MJ12bot/v1.4.8; http://mj12bot.com/)"
65.108.125.120 - - [03/Apr/2025:17:20:37 +0330] "GET /product-category/%DA%86%D9%84%D9%88%D9%BE%D8%A7%DA%A9%D8%B3%D8%AA%D8%A7%D9%86%DB%8C/?lokasie=/usr/libexec/git-core//git-clone&loknya=/usr/libexec/git-core/ HTTP/1.1" 200 1970 "-" "Mozilla/5.0 (compatible; MJ12bot/v1.4.8; http://mj12bot.com/)"
