147.135.253.47 - - [10/Apr/2025:16:43:24 +0330] "GET /product/%DA%86%D9%84%D9%88%DA%A9%D9%88%D8%A8%DB%8C%D8%AF%D9%87-%DA%86%D9%84%D9%88%D9%BE%D8%A7%DA%A9%D8%B3%D8%AA%D8%A7%D9%86%DB%8C/feed/?loknya=/proc/sys/net/ipv4/neigh HTTP/1.1" 200 2433 "-" "Mozilla/5.0 (compatible; MJ12bot/v1.4.8; http://mj12bot.com/)"
192.99.13.69 - - [10/Apr/2025:16:43:25 +0330] "GET /product/%DA%86%D9%84%D9%88%D8%A7%DA%A9%D8%A8%D8%B1%D8%AC%D9%88%D8%AC%D9%87%DA%86%D9%84%D9%88%D8%A7%DB%8C%D8%B1%D8%A7%D9%86%DB%8C/feed/?lokasie=/lib/dracut/modules.d/40network/module-setup.sh&loknya=/lib/dracut/modules.d/40network HTTP/1.1" 200 2290 "-" "Mozilla/5.0 (compatible; MJ12bot/v1.4.8; http://mj12bot.com/)"
147.135.253.47 - - [10/Apr/2025:16:43:30 +0330] "GET /product/%DA%86%D9%84%D9%88%DA%A9%D9%88%D8%A8%DB%8C%D8%AF%D9%87-%DA%86%D9%84%D9%88%D9%BE%D8%A7%DA%A9%D8%B3%D8%AA%D8%A7%D9%86%DB%8C/feed/?loknya=/proc/sys/net/ipv4/route HTTP/1.1" 200 2917 "-" "Mozilla/5.0 (compatible; MJ12bot/v1.4.8; http://mj12bot.com/)"
192.99.13.69 - - [10/Apr/2025:16:43:30 +0330] "GET /product/%DA%86%D9%84%D9%88%D8%A7%DA%A9%D8%A8%D8%B1%D8%AC%D9%88%D8%AC%D9%87%DA%86%D9%84%D9%88%D8%A7%DB%8C%D8%B1%D8%A7%D9%86%DB%8C/feed/?lokasie=/lib/dracut/modules.d/40network/net-lib.sh&loknya=/lib/dracut/modules.d/40network HTTP/1.1" 200 8681 "-" "Mozilla/5.0 (compatible; MJ12bot/v1.4.8; http://mj12bot.com/)"
147.135.253.47 - - [10/Apr/2025:16:43:35 +0330] "GET /product/%DA%86%D9%84%D9%88%DA%A9%D9%88%D8%A8%DB%8C%D8%AF%D9%87-%DA%86%D9%84%D9%88%D9%BE%D8%A7%DA%A9%D8%B3%D8%AA%D8%A7%D9%86%DB%8C/feed/?loknya=/proc/sys/net/ipv6/icmp HTTP/1.1" 200 2386 "-" "Mozilla/5.0 (compatible; MJ12bot/v1.4.8; http://mj12bot.com/)"
192.99.13.69 - - [10/Apr/2025:16:43:36 +0330] "GET /product/%DA%86%D9%84%D9%88%D8%A7%DA%A9%D8%A8%D8%B1%D8%AC%D9%88%D8%AC%D9%87%DA%86%D9%84%D9%88%D8%A7%DB%8C%D8%B1%D8%A7%D9%86%DB%8C/feed/?lokasie=/lib/dracut/modules.d/50drm/module-setup.sh&loknya=/lib/dracut/modules.d/50drm HTTP/1.1" 200 2586 "-" "Mozilla/5.0 (compatible; MJ12bot/v1.4.8; http://mj12bot.com/)"
147.135.253.47 - - [10/Apr/2025:16:43:41 +0330] "GET /product/%DA%86%D9%84%D9%88%DA%A9%D9%88%D8%A8%DB%8C%D8%AF%D9%87-%DA%86%D9%84%D9%88%D9%BE%D8%A7%DA%A9%D8%B3%D8%AA%D8%A7%D9%86%DB%8C/feed/?loknya=/proc/sys/net/ipv6/neigh HTTP/1.1" 200 2428 "-" "Mozilla/5.0 (compatible; MJ12bot/v1.4.8; http://mj12bot.com/)"
192.99.13.69 - - [10/Apr/2025:16:43:42 +0330] "GET /product/%DA%86%D9%84%D9%88%D8%A7%DA%A9%D8%A8%D8%B1%D8%AC%D9%88%D8%AC%D9%87%DA%86%D9%84%D9%88%D8%A7%DB%8C%D8%B1%D8%A7%D9%86%DB%8C/feed/?lokasie=/lib/dracut/modules.d/50plymouth/module-setup.sh&loknya=/lib/dracut/modules.d/50plymouth HTTP/1.1" 200 2521 "-" "Mozilla/5.0 (compatible; MJ12bot/v1.4.8; http://mj12bot.com/)"
192.99.13.69 - - [10/Apr/2025:16:43:47 +0330] "GET /product/%DA%86%D9%84%D9%88%D8%A7%DA%A9%D8%A8%D8%B1%D8%AC%D9%88%D8%AC%D9%87%DA%86%D9%84%D9%88%D8%A7%DB%8C%D8%B1%D8%A7%D9%86%DB%8C/feed/?lokasie=/lib/dracut/modules.d/80lvmmerge/README.md&loknya=/lib/dracut/modules.d/80lvmmerge HTTP/1.1" 200 2808 "-" "Mozilla/5.0 (compatible; MJ12bot/v1.4.8; http://mj12bot.com/)"
147.135.253.47 - - [10/Apr/2025:16:43:47 +0330] "GET /product/%DA%86%D9%84%D9%88%DA%A9%D9%88%D8%A8%DB%8C%D8%AF%D9%87-%DA%86%D9%84%D9%88%D9%BE%D8%A7%DA%A9%D8%B3%D8%AA%D8%A7%D9%86%DB%8C/feed/?loknya=/proc/sys/net/ipv6/route HTTP/1.1" 200 2720 "-" "Mozilla/5.0 (compatible; MJ12bot/v1.4.8; http://mj12bot.com/)"
192.99.13.69 - - [10/Apr/2025:16:43:52 +0330] "GET /product/%DA%86%D9%84%D9%88%D8%A7%DA%A9%D8%A8%D8%B1%D8%AC%D9%88%D8%AC%D9%87%DA%86%D9%84%D9%88%D8%A7%DB%8C%D8%B1%D8%A7%D9%86%DB%8C/feed/?lokasie=/lib/dracut/modules.d/80lvmmerge/lvmmerge.sh&loknya=/lib/dracut/modules.d/80lvmmerge HTTP/1.1" 200 2944 "-" "Mozilla/5.0 (compatible; MJ12bot/v1.4.8; http://mj12bot.com/)"
147.135.253.47 - - [10/Apr/2025:16:43:54 +0330] "GET /product/%DA%86%D9%84%D9%88%DA%A9%D9%88%D8%A8%DB%8C%D8%AF%D9%87-%DA%86%D9%84%D9%88%D9%BE%D8%A7%DA%A9%D8%B3%D8%AA%D8%A7%D9%86%DB%8C/feed/?loknya=/proc/sys/net/netfilter/nf_log HTTP/1.1" 200 2702 "-" "Mozilla/5.0 (compatible; MJ12bot/v1.4.8; http://mj12bot.com/)"
192.99.13.69 - - [10/Apr/2025:16:43:58 +0330] "GET /product/%DA%86%D9%84%D9%88%D8%A7%DA%A9%D8%A8%D8%B1%D8%AC%D9%88%D8%AC%D9%87%DA%86%D9%84%D9%88%D8%A7%DB%8C%D8%B1%D8%A7%D9%86%DB%8C/feed/?lokasie=/lib/dracut/modules.d/80lvmmerge/module-setup.sh&loknya=/lib/dracut/modules.d/80lvmmerge HTTP/1.1" 200 2207 "-" "Mozilla/5.0 (compatible; MJ12bot/v1.4.8; http://mj12bot.com/)"
147.135.253.47 - - [10/Apr/2025:16:44:00 +0330] "GET /product/%DA%86%D9%84%D9%88%DA%A9%D9%88%D8%A8%DB%8C%D8%AF%D9%87-%DA%86%D9%84%D9%88%D9%BE%D8%A7%DA%A9%D8%B3%D8%AA%D8%A7%D9%86%DB%8C/feed/?loknya=/self/root/ HTTP/1.1" 200 2207 "-" "Mozilla/5.0 (compatible; MJ12bot/v1.4.8; http://mj12bot.com/)"
192.99.13.69 - - [10/Apr/2025:16:44:04 +0330] "GET /product/%DA%86%D9%84%D9%88%D8%A7%DA%A9%D8%A8%D8%B1%D8%AC%D9%88%D8%AC%D9%87%DA%86%D9%84%D9%88%D8%A7%DB%8C%D8%B1%D8%A7%D9%86%DB%8C/feed/?lokasie=/lib/dracut/modules.d/90btrfs/80-btrfs.rules&loknya=/lib/dracut/modules.d/90btrfs HTTP/1.1" 200 2143 "-" "Mozilla/5.0 (compatible; MJ12bot/v1.4.8; http://mj12bot.com/)"
147.135.253.47 - - [10/Apr/2025:16:44:06 +0330] "GET /product/%DA%86%D9%84%D9%88-%D8%AC%D9%88%D8%AC%D9%87-%D8%A8%D8%AF%D9%88%D9%86-%D8%A7%D8%B3%D8%AA%D8%AE%D9%88%D8%A7%D9%86%DA%86%D9%84%D9%88%D8%A7%DB%8C%D8%B1%D8%A7%D9%86%DB%8C/feed/?lokasie=/bin/c%20%20&loknya=/bin HTTP/1.1" 200 1945 "-" "Mozilla/5.0 (compatible; MJ12bot/v1.4.8; http://mj12bot.com/)"
192.99.13.69 - - [10/Apr/2025:16:44:10 +0330] "GET /product/%DA%86%D9%84%D9%88%D8%A7%DA%A9%D8%A8%D8%B1%D8%AC%D9%88%D8%AC%D9%87%DA%86%D9%84%D9%88%D8%A7%DB%8C%D8%B1%D8%A7%D9%86%DB%8C/feed/?lokasie=/lib/dracut/modules.d/90btrfs/btrfs_device_ready.sh&loknya=/lib/dracut/modules.d/90btrfs HTTP/1.1" 200 2240 "-" "Mozilla/5.0 (compatible; MJ12bot/v1.4.8; http://mj12bot.com/)"
147.135.253.47 - - [10/Apr/2025:16:44:11 +0330] "GET /product/%DA%86%D9%84%D9%88-%D8%AC%D9%88%D8%AC%D9%87-%D8%A8%D8%AF%D9%88%D9%86-%D8%A7%D8%B3%D8%AA%D8%AE%D9%88%D8%A7%D9%86%DA%86%D9%84%D9%88%D8%A7%DB%8C%D8%B1%D8%A7%D9%86%DB%8C/feed/?lokasie=/bin/c%20%20filt&loknya=/bin HTTP/1.1" 200 1948 "-" "Mozilla/5.0 (compatible; MJ12bot/v1.4.8; http://mj12bot.com/)"
192.99.13.69 - - [10/Apr/2025:16:44:15 +0330] "GET /product/%DA%86%D9%84%D9%88%D8%A7%DA%A9%D8%A8%D8%B1%D8%AC%D9%88%D8%AC%D9%87%DA%86%D9%84%D9%88%D8%A7%DB%8C%D8%B1%D8%A7%D9%86%DB%8C/feed/?lokasie=/lib/dracut/modules.d/90btrfs/btrfs_finished.sh&loknya=/lib/dracut/modules.d/90btrfs HTTP/1.1" 200 2287 "-" "Mozilla/5.0 (compatible; MJ12bot/v1.4.8; http://mj12bot.com/)"
147.135.253.47 - - [10/Apr/2025:16:44:17 +0330] "GET /product/%DA%86%D9%84%D9%88-%D8%AC%D9%88%D8%AC%D9%87-%D8%A8%D8%AF%D9%88%D9%86-%D8%A7%D8%B3%D8%AA%D8%AE%D9%88%D8%A7%D9%86%DA%86%D9%84%D9%88%D8%A7%DB%8C%D8%B1%D8%A7%D9%86%DB%8C/feed/?lokasie=/dev//stdout&loknya=/dev/ HTTP/1.1" 200 1944 "-" "Mozilla/5.0 (compatible; MJ12bot/v1.4.8; http://mj12bot.com/)"
192.99.13.69 - - [10/Apr/2025:16:44:21 +0330] "GET /product/%DA%86%D9%84%D9%88%D8%A7%DA%A9%D8%A8%D8%B1%D8%AC%D9%88%D8%AC%D9%87%DA%86%D9%84%D9%88%D8%A7%DB%8C%D8%B1%D8%A7%D9%86%DB%8C/feed/?lokasie=/lib/dracut/modules.d/90btrfs/btrfs_timeout.sh&loknya=/lib/dracut/modules.d/90btrfs HTTP/1.1" 200 2080 "-" "Mozilla/5.0 (compatible; MJ12bot/v1.4.8; http://mj12bot.com/)"
147.135.253.47 - - [10/Apr/2025:16:44:22 +0330] "GET /product/%DA%86%D9%84%D9%88-%D8%AC%D9%88%D8%AC%D9%87-%D8%A8%D8%AF%D9%88%D9%86-%D8%A7%D8%B3%D8%AA%D8%AE%D9%88%D8%A7%D9%86%DA%86%D9%84%D9%88%D8%A7%DB%8C%D8%B1%D8%A7%D9%86%DB%8C/feed/?lokasie=/proc//cmdline&loknya=/proc/ HTTP/1.1" 200 2113 "-" "Mozilla/5.0 (compatible; MJ12bot/v1.4.8; http://mj12bot.com/)"
192.99.13.69 - - [10/Apr/2025:16:44:26 +0330] "GET /product/%DA%86%D9%84%D9%88%D8%A7%DA%A9%D8%A8%D8%B1%D8%AC%D9%88%D8%AC%D9%87%DA%86%D9%84%D9%88%D8%A7%DB%8C%D8%B1%D8%A7%D9%86%DB%8C/feed/?lokasie=/lib/dracut/modules.d/90lvm/module-setup.sh&loknya=/lib/dracut/modules.d/90lvm HTTP/1.1" 200 3612 "-" "Mozilla/5.0 (compatible; MJ12bot/v1.4.8; http://mj12bot.com/)"
147.135.253.47 - - [10/Apr/2025:16:44:28 +0330] "GET /product/%DA%86%D9%84%D9%88-%D8%AC%D9%88%D8%AC%D9%87-%D8%A8%D8%AF%D9%88%D9%86-%D8%A7%D8%B3%D8%AA%D8%AE%D9%88%D8%A7%D9%86%DA%86%D9%84%D9%88%D8%A7%DB%8C%D8%B1%D8%A7%D9%86%DB%8C/feed/?lokasie=/proc//consoles&loknya=/proc/ HTTP/1.1" 200 1946 "-" "Mozilla/5.0 (compatible; MJ12bot/v1.4.8; http://mj12bot.com/)"
192.99.13.69 - - [10/Apr/2025:16:44:31 +0330] "GET /product/%DA%86%D9%84%D9%88%D8%A7%DA%A9%D8%A8%D8%B1%D8%AC%D9%88%D8%AC%D9%87%DA%86%D9%84%D9%88%D8%A7%DB%8C%D8%B1%D8%A7%D9%86%DB%8C/feed/?lokasie=/lib/dracut/modules.d/90lvm/parse-lvm.sh&loknya=/lib/dracut/modules.d/90lvm HTTP/1.1" 200 2240 "-" "Mozilla/5.0 (compatible; MJ12bot/v1.4.8; http://mj12bot.com/)"
147.135.253.47 - - [10/Apr/2025:16:44:33 +0330] "GET /product/%DA%86%D9%84%D9%88-%D8%AC%D9%88%D8%AC%D9%87-%D8%A8%D8%AF%D9%88%D9%86-%D8%A7%D8%B3%D8%AA%D8%AE%D9%88%D8%A7%D9%86%DA%86%D9%84%D9%88%D8%A7%DB%8C%D8%B1%D8%A7%D9%86%DB%8C/feed/?lokasie=/proc//cpuinfo&loknya=/proc/ HTTP/1.1" 200 3391 "-" "Mozilla/5.0 (compatible; MJ12bot/v1.4.8; http://mj12bot.com/)"
192.99.13.69 - - [10/Apr/2025:16:44:36 +0330] "GET /product/%DA%86%D9%84%D9%88%D8%A7%DA%A9%D8%A8%D8%B1%D8%AC%D9%88%D8%AC%D9%87%DA%86%D9%84%D9%88%D8%A7%DB%8C%D8%B1%D8%A7%D9%86%DB%8C/feed/?lokasie=/lib/dracut/modules.d/90mdraid/md-noddf.sh&loknya=/lib/dracut/modules.d/90mdraid HTTP/1.1" 200 2061 "-" "Mozilla/5.0 (compatible; MJ12bot/v1.4.8; http://mj12bot.com/)"
147.135.253.47 - - [10/Apr/2025:16:44:39 +0330] "GET /product/%DA%86%D9%84%D9%88-%D8%AC%D9%88%D8%AC%D9%87-%D8%A8%D8%AF%D9%88%D9%86-%D8%A7%D8%B3%D8%AA%D8%AE%D9%88%D8%A7%D9%86%DA%86%D9%84%D9%88%D8%A7%DB%8C%D8%B1%D8%A7%D9%86%DB%8C/feed/?lokasie=/proc//crypto&loknya=/proc/ HTTP/1.1" 200 1945 "-" "Mozilla/5.0 (compatible; MJ12bot/v1.4.8; http://mj12bot.com/)"
192.99.13.69 - - [10/Apr/2025:16:44:42 +0330] "GET /product/%DA%86%D9%84%D9%88%D8%A7%DA%A9%D8%A8%D8%B1%D8%AC%D9%88%D8%AC%D9%87%DA%86%D9%84%D9%88%D8%A7%DB%8C%D8%B1%D8%A7%D9%86%DB%8C/feed/?lokasie=/lib/dracut/modules.d/90mdraid/md-noimsm.sh&loknya=/lib/dracut/modules.d/90mdraid HTTP/1.1" 200 2060 "-" "Mozilla/5.0 (compatible; MJ12bot/v1.4.8; http://mj12bot.com/)"
147.135.253.47 - - [10/Apr/2025:16:44:45 +0330] "GET /product/%DA%86%D9%84%D9%88-%D8%AC%D9%88%D8%AC%D9%87-%D8%A8%D8%AF%D9%88%D9%86-%D8%A7%D8%B3%D8%AA%D8%AE%D9%88%D8%A7%D9%86%DA%86%D9%84%D9%88%D8%A7%DB%8C%D8%B1%D8%A7%D9%86%DB%8C/feed/?lokasie=/proc//devices&loknya=/proc/ HTTP/1.1" 200 1945 "-" "Mozilla/5.0 (compatible; MJ12bot/v1.4.8; http://mj12bot.com/)"
192.99.13.69 - - [10/Apr/2025:16:44:48 +0330] "GET /product/%DA%86%D9%84%D9%88%D8%A7%DA%A9%D8%A8%D8%B1%D8%AC%D9%88%D8%AC%D9%87%DA%86%D9%84%D9%88%D8%A7%DB%8C%D8%B1%D8%A7%D9%86%DB%8C/feed/?lokasie=/lib/dracut/modules.d/90mdraid/md-shutdown.sh&loknya=/lib/dracut/modules.d/90mdraid HTTP/1.1" 200 2224 "-" "Mozilla/5.0 (compatible; MJ12bot/v1.4.8; http://mj12bot.com/)"
147.135.253.47 - - [10/Apr/2025:16:44:50 +0330] "GET /product/%DA%86%D9%84%D9%88-%D8%AC%D9%88%D8%AC%D9%87-%D8%A8%D8%AF%D9%88%D9%86-%D8%A7%D8%B3%D8%AA%D8%AE%D9%88%D8%A7%D9%86%DA%86%D9%84%D9%88%D8%A7%DB%8C%D8%B1%D8%A7%D9%86%DB%8C/feed/?lokasie=/proc//diskstats&loknya=/proc/ HTTP/1.1" 200 1947 "-" "Mozilla/5.0 (compatible; MJ12bot/v1.4.8; http://mj12bot.com/)"
192.99.13.69 - - [10/Apr/2025:16:44:53 +0330] "GET /product/%DA%86%D9%84%D9%88%D8%A7%DA%A9%D8%A8%D8%B1%D8%AC%D9%88%D8%AC%D9%87%DA%86%D9%84%D9%88%D8%A7%DB%8C%D8%B1%D8%A7%D9%86%DB%8C/feed/?lokasie=/lib/dracut/modules.d/90mdraid/mdmon-pre-shutdown.sh&loknya=/lib/dracut/modules.d/90mdraid HTTP/1.1" 200 2133 "-" "Mozilla/5.0 (compatible; MJ12bot/v1.4.8; http://mj12bot.com/)"
47.82.11.50 - - [10/Apr/2025:16:44:56 +0330] "GET /2024/08/15/better-no-deposit-bonuses-inside-sweden-2024 HTTP/1.1" 200 4094 "https://sitsaz202.ir/2024/08/15/better-no-deposit-bonuses-inside-sweden-2024" "Mozilla/5.0 (Windows NT 10.0; Win64; x64) AppleWebKit/537.36 (KHTML, like Gecko) Chrome/114.0.0.0 Safari/537.36 Edg/114.0.1823.43"
147.135.253.47 - - [10/Apr/2025:16:44:56 +0330] "GET /product/%DA%86%D9%84%D9%88-%D8%AC%D9%88%D8%AC%D9%87-%D8%A8%D8%AF%D9%88%D9%86-%D8%A7%D8%B3%D8%AA%D8%AE%D9%88%D8%A7%D9%86%DA%86%D9%84%D9%88%D8%A7%DB%8C%D8%B1%D8%A7%D9%86%DB%8C/feed/?lokasie=/proc//dma&loknya=/proc/ HTTP/1.1" 200 1943 "-" "Mozilla/5.0 (compatible; MJ12bot/v1.4.8; http://mj12bot.com/)"
192.99.13.69 - - [10/Apr/2025:16:45:00 +0330] "GET /product/%DA%86%D9%84%D9%88%D8%A7%DA%A9%D8%A8%D8%B1%D8%AC%D9%88%D8%AC%D9%87%DA%86%D9%84%D9%88%D8%A7%DB%8C%D8%B1%D8%A7%D9%86%DB%8C/feed/?lokasie=/lib/dracut/modules.d/90mdraid/mdmon-pre-udev.sh&loknya=/lib/dracut/modules.d/90mdraid HTTP/1.1" 200 2069 "-" "Mozilla/5.0 (compatible; MJ12bot/v1.4.8; http://mj12bot.com/)"
147.135.253.47 - - [10/Apr/2025:16:45:02 +0330] "GET /product/%DA%86%D9%84%D9%88-%D8%AC%D9%88%D8%AC%D9%87-%D8%A8%D8%AF%D9%88%D9%86-%D8%A7%D8%B3%D8%AA%D8%AE%D9%88%D8%A7%D9%86%DA%86%D9%84%D9%88%D8%A7%DB%8C%D8%B1%D8%A7%D9%86%DB%8C/feed/?lokasie=/proc//execdomains&loknya=/proc/ HTTP/1.1" 200 1952 "-" "Mozilla/5.0 (compatible; MJ12bot/v1.4.8; http://mj12bot.com/)"
192.99.13.69 - - [10/Apr/2025:16:45:05 +0330] "GET /product/%DA%86%D9%84%D9%88%D8%A7%DA%A9%D8%A8%D8%B1%D8%AC%D9%88%D8%AC%D9%87%DA%86%D9%84%D9%88%D8%A7%DB%8C%D8%B1%D8%A7%D9%86%DB%8C/feed/?lokasie=/lib/dracut/modules.d/90mdraid/mdraid-cleanup.sh&loknya=/lib/dracut/modules.d/90mdraid HTTP/1.1" 200 2238 "-" "Mozilla/5.0 (compatible; MJ12bot/v1.4.8; http://mj12bot.com/)"
147.135.253.47 - - [10/Apr/2025:16:45:07 +0330] "GET /product/%DA%86%D9%84%D9%88-%D8%AC%D9%88%D8%AC%D9%87-%D8%A8%D8%AF%D9%88%D9%86-%D8%A7%D8%B3%D8%AA%D8%AE%D9%88%D8%A7%D9%86%DA%86%D9%84%D9%88%D8%A7%DB%8C%D8%B1%D8%A7%D9%86%DB%8C/feed/?lokasie=/proc//fb&loknya=/proc/ HTTP/1.1" 200 1946 "-" "Mozilla/5.0 (compatible; MJ12bot/v1.4.8; http://mj12bot.com/)"
192.99.13.69 - - [10/Apr/2025:16:45:11 +0330] "GET /product/%DA%86%D9%84%D9%88%D8%A7%DA%A9%D8%A8%D8%B1%D8%AC%D9%88%D8%AC%D9%87%DA%86%D9%84%D9%88%D8%A7%DB%8C%D8%B1%D8%A7%D9%86%DB%8C/feed/?lokasie=/lib/dracut/modules.d/90mdraid/mdraid-needshutdown.sh&loknya=/lib/dracut/modules.d/90mdraid HTTP/1.1" 200 2104 "-" "Mozilla/5.0 (compatible; MJ12bot/v1.4.8; http://mj12bot.com/)"
147.135.253.47 - - [10/Apr/2025:16:45:12 +0330] "GET /product/%DA%86%D9%84%D9%88-%D8%AC%D9%88%D8%AC%D9%87-%D8%A8%D8%AF%D9%88%D9%86-%D8%A7%D8%B3%D8%AA%D8%AE%D9%88%D8%A7%D9%86%DA%86%D9%84%D9%88%D8%A7%DB%8C%D8%B1%D8%A7%D9%86%DB%8C/feed/?lokasie=/proc//filesystems&loknya=/proc/ HTTP/1.1" 200 2085 "-" "Mozilla/5.0 (compatible; MJ12bot/v1.4.8; http://mj12bot.com/)"
192.99.13.69 - - [10/Apr/2025:16:45:17 +0330] "GET /product/%DA%86%D9%84%D9%88%D8%A7%DA%A9%D8%A8%D8%B1%D8%AC%D9%88%D8%AC%D9%87%DA%86%D9%84%D9%88%D8%A7%DB%8C%D8%B1%D8%A7%D9%86%DB%8C/feed/?lokasie=/lib/dracut/modules.d/90mdraid/mdraid-waitclean.sh&loknya=/lib/dracut/modules.d/90mdraid HTTP/1.1" 200 2291 "-" "Mozilla/5.0 (compatible; MJ12bot/v1.4.8; http://mj12bot.com/)"
147.135.253.47 - - [10/Apr/2025:16:45:18 +0330] "GET /product/%DA%86%D9%84%D9%88-%D8%AC%D9%88%D8%AC%D9%87-%D8%A8%D8%AF%D9%88%D9%86-%D8%A7%D8%B3%D8%AA%D8%AE%D9%88%D8%A7%D9%86%DA%86%D9%84%D9%88%D8%A7%DB%8C%D8%B1%D8%A7%D9%86%DB%8C/feed/?lokasie=/proc//interrupts&loknya=/proc/ HTTP/1.1" 200 1946 "-" "Mozilla/5.0 (compatible; MJ12bot/v1.4.8; http://mj12bot.com/)"
192.99.13.69 - - [10/Apr/2025:16:45:22 +0330] "GET /product/%DA%86%D9%84%D9%88%D8%A7%DA%A9%D8%A8%D8%B1%D8%AC%D9%88%D8%AC%D9%87%DA%86%D9%84%D9%88%D8%A7%DB%8C%D8%B1%D8%A7%D9%86%DB%8C/feed/?lokasie=/lib/dracut/modules.d/90mdraid/mdraid_start.sh&loknya=/lib/dracut/modules.d/90mdraid HTTP/1.1" 200 2673 "-" "Mozilla/5.0 (compatible; MJ12bot/v1.4.8; http://mj12bot.com/)"
147.135.253.47 - - [10/Apr/2025:16:45:24 +0330] "GET /product/%DA%86%D9%84%D9%88-%D8%AC%D9%88%D8%AC%D9%87-%D8%A8%D8%AF%D9%88%D9%86-%D8%A7%D8%B3%D8%AA%D8%AE%D9%88%D8%A7%D9%86%DA%86%D9%84%D9%88%D8%A7%DB%8C%D8%B1%D8%A7%D9%86%DB%8C/feed/?lokasie=/proc//iomem&loknya=/proc/ HTTP/1.1" 200 1944 "-" "Mozilla/5.0 (compatible; MJ12bot/v1.4.8; http://mj12bot.com/)"
192.99.13.69 - - [10/Apr/2025:16:45:27 +0330] "GET /product/%DA%86%D9%84%D9%88%D8%A7%DA%A9%D8%A8%D8%B1%D8%AC%D9%88%D8%AC%D9%87%DA%86%D9%84%D9%88%D8%A7%DB%8C%D8%B1%D8%A7%D9%86%DB%8C/feed/?lokasie=/lib/dracut/modules.d/90mdraid/module-setup.sh&loknya=/lib/dracut/modules.d/90mdraid HTTP/1.1" 200 3517 "-" "Mozilla/5.0 (compatible; MJ12bot/v1.4.8; http://mj12bot.com/)"
147.135.253.47 - - [10/Apr/2025:16:45:29 +0330] "GET /product/%DA%86%D9%84%D9%88-%D8%AC%D9%88%D8%AC%D9%87-%D8%A8%D8%AF%D9%88%D9%86-%D8%A7%D8%B3%D8%AA%D8%AE%D9%88%D8%A7%D9%86%DA%86%D9%84%D9%88%D8%A7%DB%8C%D8%B1%D8%A7%D9%86%DB%8C/feed/?lokasie=/proc//ioports&loknya=/proc/ HTTP/1.1" 200 1946 "-" "Mozilla/5.0 (compatible; MJ12bot/v1.4.8; http://mj12bot.com/)"
192.99.13.69 - - [10/Apr/2025:16:45:33 +0330] "GET /product/%DA%86%D9%84%D9%88%D8%A7%DA%A9%D8%A8%D8%B1%D8%AC%D9%88%D8%AC%D9%87%DA%86%D9%84%D9%88%D8%A7%DB%8C%D8%B1%D8%A7%D9%86%DB%8C/feed/?lokasie=/lib/dracut/modules.d/90mdraid/parse-md.sh&loknya=/lib/dracut/modules.d/90mdraid HTTP/1.1" 200 2914 "-" "Mozilla/5.0 (compatible; MJ12bot/v1.4.8; http://mj12bot.com/)"
147.135.253.47 - - [10/Apr/2025:16:45:34 +0330] "GET /product/%DA%86%D9%84%D9%88-%D8%AC%D9%88%D8%AC%D9%87-%D8%A8%D8%AF%D9%88%D9%86-%D8%A7%D8%B3%D8%AA%D8%AE%D9%88%D8%A7%D9%86%DA%86%D9%84%D9%88%D8%A7%DB%8C%D8%B1%D8%A7%D9%86%DB%8C/feed/?lokasie=/proc//kallsyms&loknya=/proc/ HTTP/1.1" 200 1947 "-" "Mozilla/5.0 (compatible; MJ12bot/v1.4.8; http://mj12bot.com/)"
147.135.253.47 - - [10/Apr/2025:16:45:39 +0330] "GET /product/%DA%86%D9%84%D9%88-%D8%AC%D9%88%D8%AC%D9%87-%D8%A8%D8%AF%D9%88%D9%86-%D8%A7%D8%B3%D8%AA%D8%AE%D9%88%D8%A7%D9%86%DA%86%D9%84%D9%88%D8%A7%DB%8C%D8%B1%D8%A7%D9%86%DB%8C/feed/?lokasie=/proc//kcore&loknya=/proc/ HTTP/1.1" 200 1945 "-" "Mozilla/5.0 (compatible; MJ12bot/v1.4.8; http://mj12bot.com/)"
47.82.11.156 - - [10/Apr/2025:16:45:39 +0330] "GET /2024/08/14/no-deposit-incentives-inside-switzerland-100-percent-free-revolves-rules-23 HTTP/1.1" 200 4094 "https://sitsaz202.ir/2024/08/14/no-deposit-incentives-inside-switzerland-100-percent-free-revolves-rules-23" "Mozilla/5.0 (Windows NT 10.0; Win64; x64) AppleWebKit/537.36 (KHTML, like Gecko) Chrome/114.0.0.0 Safari/537.36 Edg/114.0.1823.43"
192.99.13.69 - - [10/Apr/2025:16:45:39 +0330] "GET /product/%DA%86%D9%84%D9%88%D8%A7%DA%A9%D8%A8%D8%B1%D8%AC%D9%88%D8%AC%D9%87%DA%86%D9%84%D9%88%D8%A7%DB%8C%D8%B1%D8%A7%D9%86%DB%8C/feed/?lokasie=/lib/dracut/modules.d/90multipath/module-setup.sh&loknya=/lib/dracut/modules.d/90multipath HTTP/1.1" 200 3183 "-" "Mozilla/5.0 (compatible; MJ12bot/v1.4.8; http://mj12bot.com/)"
192.99.13.69 - - [10/Apr/2025:16:45:44 +0330] "GET /product/%DA%86%D9%84%D9%88%D8%A7%DA%A9%D8%A8%D8%B1%D8%AC%D9%88%D8%AC%D9%87%DA%86%D9%84%D9%88%D8%A7%DB%8C%D8%B1%D8%A7%D9%86%DB%8C/feed/?lokasie=/lib/dracut/modules.d/90multipath/multipathd.sh&loknya=/lib/dracut/modules.d/90multipath HTTP/1.1" 200 2184 "-" "Mozilla/5.0 (compatible; MJ12bot/v1.4.8; http://mj12bot.com/)"
147.135.253.47 - - [10/Apr/2025:16:45:44 +0330] "GET /product/%DA%86%D9%84%D9%88-%D8%AC%D9%88%D8%AC%D9%87-%D8%A8%D8%AF%D9%88%D9%86-%D8%A7%D8%B3%D8%AA%D8%AE%D9%88%D8%A7%D9%86%DA%86%D9%84%D9%88%D8%A7%DB%8C%D8%B1%D8%A7%D9%86%DB%8C/feed/?lokasie=/proc//key-users&loknya=/proc/ HTTP/1.1" 200 1948 "-" "Mozilla/5.0 (compatible; MJ12bot/v1.4.8; http://mj12bot.com/)"
192.99.13.69 - - [10/Apr/2025:16:45:50 +0330] "GET /product/%DA%86%D9%84%D9%88%D8%A7%DA%A9%D8%A8%D8%B1%D8%AC%D9%88%D8%AC%D9%87%DA%86%D9%84%D9%88%D8%A7%DB%8C%D8%B1%D8%A7%D9%86%DB%8C/feed/?lokasie=/lib/dracut/modules.d/90qemu-net/module-setup.sh&loknya=/lib/dracut/modules.d/90qemu-net HTTP/1.1" 200 2338 "-" "Mozilla/5.0 (compatible; MJ12bot/v1.4.8; http://mj12bot.com/)"
147.135.253.47 - - [10/Apr/2025:16:45:50 +0330] "GET /product/%DA%86%D9%84%D9%88-%D8%AC%D9%88%D8%AC%D9%87-%D8%A8%D8%AF%D9%88%D9%86-%D8%A7%D8%B3%D8%AA%D8%AE%D9%88%D8%A7%D9%86%DA%86%D9%84%D9%88%D8%A7%DB%8C%D8%B1%D8%A7%D9%86%DB%8C/feed/?lokasie=/proc//keys&loknya=/proc/ HTTP/1.1" 200 1944 "-" "Mozilla/5.0 (compatible; MJ12bot/v1.4.8; http://mj12bot.com/)"
147.135.253.47 - - [10/Apr/2025:16:45:55 +0330] "GET /product/%DA%86%D9%84%D9%88-%D8%AC%D9%88%D8%AC%D9%87-%D8%A8%D8%AF%D9%88%D9%86-%D8%A7%D8%B3%D8%AA%D8%AE%D9%88%D8%A7%D9%86%DA%86%D9%84%D9%88%D8%A7%DB%8C%D8%B1%D8%A7%D9%86%DB%8C/feed/?lokasie=/proc//kmsg&loknya=/proc/ HTTP/1.1" 200 1944 "-" "Mozilla/5.0 (compatible; MJ12bot/v1.4.8; http://mj12bot.com/)"
192.99.13.69 - - [10/Apr/2025:16:45:56 +0330] "GET /product/%DA%86%D9%84%D9%88%D8%A7%DA%A9%D8%A8%D8%B1%D8%AC%D9%88%D8%AC%D9%87%DA%86%D9%84%D9%88%D8%A7%DB%8C%D8%B1%D8%A7%D9%86%DB%8C/feed/?lokasie=/lib/dracut/modules.d/90qemu/module-setup.sh&loknya=/lib/dracut/modules.d/90qemu HTTP/1.1" 200 2401 "-" "Mozilla/5.0 (compatible; MJ12bot/v1.4.8; http://mj12bot.com/)"
147.135.253.47 - - [10/Apr/2025:16:46:01 +0330] "GET /product/%DA%86%D9%84%D9%88-%D8%AC%D9%88%D8%AC%D9%87-%D8%A8%D8%AF%D9%88%D9%86-%D8%A7%D8%B3%D8%AA%D8%AE%D9%88%D8%A7%D9%86%DA%86%D9%84%D9%88%D8%A7%DB%8C%D8%B1%D8%A7%D9%86%DB%8C/feed/?lokasie=/proc//kpagecgroup&loknya=/proc/ HTTP/1.1" 200 1949 "-" "Mozilla/5.0 (compatible; MJ12bot/v1.4.8; http://mj12bot.com/)"
192.99.13.69 - - [10/Apr/2025:16:46:02 +0330] "GET /product/%DA%86%D9%84%D9%88%D8%A7%DA%A9%D8%A8%D8%B1%D8%AC%D9%88%D8%AC%D9%87%DA%86%D9%84%D9%88%D8%A7%DB%8C%D8%B1%D8%A7%D9%86%DB%8C/feed/?lokasie=/lib/dracut/modules.d/91crypt-gpg/README&loknya=/lib/dracut/modules.d/91crypt-gpg HTTP/1.1" 200 3125 "-" "Mozilla/5.0 (compatible; MJ12bot/v1.4.8; http://mj12bot.com/)"
147.135.253.47 - - [10/Apr/2025:16:46:06 +0330] "GET /product/%DA%86%D9%84%D9%88-%D8%AC%D9%88%D8%AC%D9%87-%D8%A8%D8%AF%D9%88%D9%86-%D8%A7%D8%B3%D8%AA%D8%AE%D9%88%D8%A7%D9%86%DA%86%D9%84%D9%88%D8%A7%DB%8C%D8%B1%D8%A7%D9%86%DB%8C/feed/?lokasie=/proc//kpagecount&loknya=/proc/ HTTP/1.1" 200 1948 "-" "Mozilla/5.0 (compatible; MJ12bot/v1.4.8; http://mj12bot.com/)"
192.99.13.69 - - [10/Apr/2025:16:46:07 +0330] "GET /product/%DA%86%D9%84%D9%88%D8%A7%DA%A9%D8%A8%D8%B1%D8%AC%D9%88%D8%AC%D9%87%DA%86%D9%84%D9%88%D8%A7%DB%8C%D8%B1%D8%A7%D9%86%DB%8C/feed/?lokasie=/lib/dracut/modules.d/91crypt-gpg/crypt-gpg-lib.sh&loknya=/lib/dracut/modules.d/91crypt-gpg HTTP/1.1" 200 3123 "-" "Mozilla/5.0 (compatible; MJ12bot/v1.4.8; http://mj12bot.com/)"
147.135.253.47 - - [10/Apr/2025:16:46:11 +0330] "GET /product/%DA%86%D9%84%D9%88-%D8%AC%D9%88%D8%AC%D9%87-%D8%A8%D8%AF%D9%88%D9%86-%D8%A7%D8%B3%D8%AA%D8%AE%D9%88%D8%A7%D9%86%DA%86%D9%84%D9%88%D8%A7%DB%8C%D8%B1%D8%A7%D9%86%DB%8C/feed/?lokasie=/proc//kpageflags&loknya=/proc/ HTTP/1.1" 200 1948 "-" "Mozilla/5.0 (compatible; MJ12bot/v1.4.8; http://mj12bot.com/)"
192.99.13.69 - - [10/Apr/2025:16:46:13 +0330] "GET /product/%DA%86%D9%84%D9%88%D8%A7%DA%A9%D8%A8%D8%B1%D8%AC%D9%88%D8%AC%D9%87%DA%86%D9%84%D9%88%D8%A7%DB%8C%D8%B1%D8%A7%D9%86%DB%8C/feed/?lokasie=/lib/dracut/modules.d/91crypt-gpg/module-setup.sh&loknya=/lib/dracut/modules.d/91crypt-gpg HTTP/1.1" 200 2536 "-" "Mozilla/5.0 (compatible; MJ12bot/v1.4.8; http://mj12bot.com/)"
147.135.253.47 - - [10/Apr/2025:16:46:17 +0330] "GET /product/%DA%86%D9%84%D9%88-%D8%AC%D9%88%D8%AC%D9%87-%D8%A8%D8%AF%D9%88%D9%86-%D8%A7%D8%B3%D8%AA%D8%AE%D9%88%D8%A7%D9%86%DA%86%D9%84%D9%88%D8%A7%DB%8C%D8%B1%D8%A7%D9%86%DB%8C/feed/?lokasie=/proc//loadavg&loknya=/proc/ HTTP/1.1" 200 1972 "-" "Mozilla/5.0 (compatible; MJ12bot/v1.4.8; http://mj12bot.com/)"
192.99.13.69 - - [10/Apr/2025:16:46:18 +0330] "GET /product/%DA%86%D9%84%D9%88%D8%A7%DA%A9%D8%A8%D8%B1%D8%AC%D9%88%D8%AC%D9%87%DA%86%D9%84%D9%88%D8%A7%DB%8C%D8%B1%D8%A7%D9%86%DB%8C/feed/?lokasie=/lib/dracut/modules.d/95cifs/cifs-lib.sh&loknya=/lib/dracut/modules.d/95cifs HTTP/1.1" 200 2456 "-" "Mozilla/5.0 (compatible; MJ12bot/v1.4.8; http://mj12bot.com/)"
147.135.253.47 - - [10/Apr/2025:16:46:23 +0330] "GET /product/%DA%86%D9%84%D9%88-%D8%AC%D9%88%D8%AC%D9%87-%D8%A8%D8%AF%D9%88%D9%86-%D8%A7%D8%B3%D8%AA%D8%AE%D9%88%D8%A7%D9%86%DA%86%D9%84%D9%88%D8%A7%DB%8C%D8%B1%D8%A7%D9%86%DB%8C/feed/?lokasie=/proc//locks&loknya=/proc/ HTTP/1.1" 200 1944 "-" "Mozilla/5.0 (compatible; MJ12bot/v1.4.8; http://mj12bot.com/)"
192.99.13.69 - - [10/Apr/2025:16:46:25 +0330] "GET /product/%DA%86%D9%84%D9%88%D8%A7%DA%A9%D8%A8%D8%B1%D8%AC%D9%88%D8%AC%D9%87%DA%86%D9%84%D9%88%D8%A7%DB%8C%D8%B1%D8%A7%D9%86%DB%8C/feed/?lokasie=/lib/dracut/modules.d/95cifs/cifsroot.sh&loknya=/lib/dracut/modules.d/95cifs HTTP/1.1" 200 2340 "-" "Mozilla/5.0 (compatible; MJ12bot/v1.4.8; http://mj12bot.com/)"
147.135.253.47 - - [10/Apr/2025:16:46:28 +0330] "GET /product/%DA%86%D9%84%D9%88-%D8%AC%D9%88%D8%AC%D9%87-%D8%A8%D8%AF%D9%88%D9%86-%D8%A7%D8%B3%D8%AA%D8%AE%D9%88%D8%A7%D9%86%DA%86%D9%84%D9%88%D8%A7%DB%8C%D8%B1%D8%A7%D9%86%DB%8C/feed/?lokasie=/proc//mdstat&loknya=/proc/ HTTP/1.1" 200 1945 "-" "Mozilla/5.0 (compatible; MJ12bot/v1.4.8; http://mj12bot.com/)"
192.99.13.69 - - [10/Apr/2025:16:46:30 +0330] "GET /product/%DA%86%D9%84%D9%88%D8%A7%DA%A9%D8%A8%D8%B1%D8%AC%D9%88%D8%AC%D9%87%DA%86%D9%84%D9%88%D8%A7%DB%8C%D8%B1%D8%A7%D9%86%DB%8C/feed/?lokasie=/lib/dracut/modules.d/95cifs/module-setup.sh&loknya=/lib/dracut/modules.d/95cifs HTTP/1.1" 200 2562 "-" "Mozilla/5.0 (compatible; MJ12bot/v1.4.8; http://mj12bot.com/)"
147.135.253.47 - - [10/Apr/2025:16:46:33 +0330] "GET /product/%DA%86%D9%84%D9%88-%D8%AC%D9%88%D8%AC%D9%87-%D8%A8%D8%AF%D9%88%D9%86-%D8%A7%D8%B3%D8%AA%D8%AE%D9%88%D8%A7%D9%86%DA%86%D9%84%D9%88%D8%A7%DB%8C%D8%B1%D8%A7%D9%86%DB%8C/feed/?lokasie=/proc//meminfo&loknya=/proc/ HTTP/1.1" 200 2494 "-" "Mozilla/5.0 (compatible; MJ12bot/v1.4.8; http://mj12bot.com/)"
192.99.13.69 - - [10/Apr/2025:16:46:35 +0330] "GET /product/%DA%86%D9%84%D9%88%D8%A7%DA%A9%D8%A8%D8%B1%D8%AC%D9%88%D8%AC%D9%87%DA%86%D9%84%D9%88%D8%A7%DB%8C%D8%B1%D8%A7%D9%86%DB%8C/feed/?lokasie=/lib/dracut/modules.d/95cifs/parse-cifsroot.sh&loknya=/lib/dracut/modules.d/95cifs HTTP/1.1" 200 2604 "-" "Mozilla/5.0 (compatible; MJ12bot/v1.4.8; http://mj12bot.com/)"
147.135.253.47 - - [10/Apr/2025:16:46:38 +0330] "GET /product/%DA%86%D9%84%D9%88-%D8%AC%D9%88%D8%AC%D9%87-%D8%A8%D8%AF%D9%88%D9%86-%D8%A7%D8%B3%D8%AA%D8%AE%D9%88%D8%A7%D9%86%DA%86%D9%84%D9%88%D8%A7%DB%8C%D8%B1%D8%A7%D9%86%DB%8C/feed/?lokasie=/proc//misc&loknya=/proc/ HTTP/1.1" 200 1944 "-" "Mozilla/5.0 (compatible; MJ12bot/v1.4.8; http://mj12bot.com/)"
192.99.13.69 - - [10/Apr/2025:16:46:41 +0330] "GET /product/%DA%86%D9%84%D9%88%D8%A7%DA%A9%D8%A8%D8%B1%D8%AC%D9%88%D8%AC%D9%87%DA%86%D9%84%D9%88%D8%A7%DB%8C%D8%B1%D8%A7%D9%86%DB%8C/feed/?lokasie=/lib/dracut/modules.d/95debug/module-setup.sh&loknya=/lib/dracut/modules.d/95debug HTTP/1.1" 200 2262 "-" "Mozilla/5.0 (compatible; MJ12bot/v1.4.8; http://mj12bot.com/)"
147.135.253.47 - - [10/Apr/2025:16:46:44 +0330] "GET /product/%DA%86%D9%84%D9%88-%D8%AC%D9%88%D8%AC%D9%87-%D8%A8%D8%AF%D9%88%D9%86-%D8%A7%D8%B3%D8%AA%D8%AE%D9%88%D8%A7%D9%86%DA%86%D9%84%D9%88%D8%A7%DB%8C%D8%B1%D8%A7%D9%86%DB%8C/feed/?lokasie=/proc//modules&loknya=/proc/ HTTP/1.1" 200 1946 "-" "Mozilla/5.0 (compatible; MJ12bot/v1.4.8; http://mj12bot.com/)"
192.99.13.69 - - [10/Apr/2025:16:46:46 +0330] "GET /product/%DA%86%D9%84%D9%88%D8%A7%DA%A9%D8%A8%D8%B1%D8%AC%D9%88%D8%AC%D9%87%DA%86%D9%84%D9%88%D8%A7%DB%8C%D8%B1%D8%A7%D9%86%DB%8C/feed/?lokasie=/lib/dracut/modules.d/95fcoe-uefi/module-setup.sh&loknya=/lib/dracut/modules.d/95fcoe-uefi HTTP/1.1" 200 2243 "-" "Mozilla/5.0 (compatible; MJ12bot/v1.4.8; http://mj12bot.com/)"
147.135.253.47 - - [10/Apr/2025:16:46:49 +0330] "GET /product/%DA%86%D9%84%D9%88-%D8%AC%D9%88%D8%AC%D9%87-%D8%A8%D8%AF%D9%88%D9%86-%D8%A7%D8%B3%D8%AA%D8%AE%D9%88%D8%A7%D9%86%DA%86%D9%84%D9%88%D8%A7%DB%8C%D8%B1%D8%A7%D9%86%DB%8C/feed/?lokasie=/proc//mounts&loknya=/proc/ HTTP/1.1" 200 3102 "-" "Mozilla/5.0 (compatible; MJ12bot/v1.4.8; http://mj12bot.com/)"
192.99.13.69 - - [10/Apr/2025:16:46:52 +0330] "GET /product/%DA%86%D9%84%D9%88%D8%A7%DA%A9%D8%A8%D8%B1%D8%AC%D9%88%D8%AC%D9%87%DA%86%D9%84%D9%88%D8%A7%DB%8C%D8%B1%D8%A7%D9%86%DB%8C/feed/?lokasie=/lib/dracut/modules.d/95fcoe/cleanup-fcoe.sh&loknya=/lib/dracut/modules.d/95fcoe HTTP/1.1" 200 2303 "-" "Mozilla/5.0 (compatible; MJ12bot/v1.4.8; http://mj12bot.com/)"
147.135.253.47 - - [10/Apr/2025:16:46:54 +0330] "GET /product/%DA%86%D9%84%D9%88-%D8%AC%D9%88%D8%AC%D9%87-%D8%A8%D8%AF%D9%88%D9%86-%D8%A7%D8%B3%D8%AA%D8%AE%D9%88%D8%A7%D9%86%DA%86%D9%84%D9%88%D8%A7%DB%8C%D8%B1%D8%A7%D9%86%DB%8C/feed/?lokasie=/proc//mtrr&loknya=/proc/ HTTP/1.1" 200 1944 "-" "Mozilla/5.0 (compatible; MJ12bot/v1.4.8; http://mj12bot.com/)"
192.99.13.69 - - [10/Apr/2025:16:46:57 +0330] "GET /product/%DA%86%D9%84%D9%88%D8%A7%DA%A9%D8%A8%D8%B1%D8%AC%D9%88%D8%AC%D9%87%DA%86%D9%84%D9%88%D8%A7%DB%8C%D8%B1%D8%A7%D9%86%DB%8C/feed/?lokasie=/lib/dracut/modules.d/95fcoe/fcoe-edd.sh&loknya=/lib/dracut/modules.d/95fcoe HTTP/1.1" 200 2489 "-" "Mozilla/5.0 (compatible; MJ12bot/v1.4.8; http://mj12bot.com/)"
147.135.253.47 - - [10/Apr/2025:16:46:59 +0330] "GET /product/%DA%86%D9%84%D9%88-%D8%AC%D9%88%D8%AC%D9%87-%D8%A8%D8%AF%D9%88%D9%86-%D8%A7%D8%B3%D8%AA%D8%AE%D9%88%D8%A7%D9%86%DA%86%D9%84%D9%88%D8%A7%DB%8C%D8%B1%D8%A7%D9%86%DB%8C/feed/?lokasie=/proc//pagetypeinfo&loknya=/proc/ HTTP/1.1" 200 1949 "-" "Mozilla/5.0 (compatible; MJ12bot/v1.4.8; http://mj12bot.com/)"
192.99.13.69 - - [10/Apr/2025:16:47:03 +0330] "GET /product/%DA%86%D9%84%D9%88%D8%A7%DA%A9%D8%A8%D8%B1%D8%AC%D9%88%D8%AC%D9%87%DA%86%D9%84%D9%88%D8%A7%DB%8C%D8%B1%D8%A7%D9%86%DB%8C/feed/?lokasie=/lib/dracut/modules.d/95fcoe/fcoe-genrules.sh&loknya=/lib/dracut/modules.d/95fcoe HTTP/1.1" 200 2338 "-" "Mozilla/5.0 (compatible; MJ12bot/v1.4.8; http://mj12bot.com/)"
147.135.253.47 - - [10/Apr/2025:16:47:04 +0330] "GET /product/%DA%86%D9%84%D9%88-%D8%AC%D9%88%D8%AC%D9%87-%D8%A8%D8%AF%D9%88%D9%86-%D8%A7%D8%B3%D8%AA%D8%AE%D9%88%D8%A7%D9%86%DA%86%D9%84%D9%88%D8%A7%DB%8C%D8%B1%D8%A7%D9%86%DB%8C/feed/?lokasie=/proc//partitions&loknya=/proc/ HTTP/1.1" 200 1950 "-" "Mozilla/5.0 (compatible; MJ12bot/v1.4.8; http://mj12bot.com/)"
192.99.13.69 - - [10/Apr/2025:16:47:08 +0330] "GET /product/%DA%86%D9%84%D9%88%D8%A7%DA%A9%D8%A8%D8%B1%D8%AC%D9%88%D8%AC%D9%87%DA%86%D9%84%D9%88%D8%A7%DB%8C%D8%B1%D8%A7%D9%86%DB%8C/feed/?lokasie=/lib/dracut/modules.d/95fcoe/fcoe-up.sh&loknya=/lib/dracut/modules.d/95fcoe HTTP/1.1" 200 2958 "-" "Mozilla/5.0 (compatible; MJ12bot/v1.4.8; http://mj12bot.com/)"
147.135.253.47 - - [10/Apr/2025:16:47:09 +0330] "GET /product/%DA%86%D9%84%D9%88-%D8%AC%D9%88%D8%AC%D9%87-%D8%A8%D8%AF%D9%88%D9%86-%D8%A7%D8%B3%D8%AA%D8%AE%D9%88%D8%A7%D9%86%DA%86%D9%84%D9%88%D8%A7%DB%8C%D8%B1%D8%A7%D9%86%DB%8C/feed/?lokasie=/proc//sched_debug&loknya=/proc/ HTTP/1.1" 200 1952 "-" "Mozilla/5.0 (compatible; MJ12bot/v1.4.8; http://mj12bot.com/)"
147.135.253.47 - - [10/Apr/2025:16:47:14 +0330] "GET /product/%DA%86%D9%84%D9%88-%D8%AC%D9%88%D8%AC%D9%87-%D8%A8%D8%AF%D9%88%D9%86-%D8%A7%D8%B3%D8%AA%D8%AE%D9%88%D8%A7%D9%86%DA%86%D9%84%D9%88%D8%A7%DB%8C%D8%B1%D8%A7%D9%86%DB%8C/feed/?lokasie=/proc//schedstat&loknya=/proc/ HTTP/1.1" 200 1951 "-" "Mozilla/5.0 (compatible; MJ12bot/v1.4.8; http://mj12bot.com/)"
192.99.13.69 - - [10/Apr/2025:16:47:14 +0330] "GET /product/%DA%86%D9%84%D9%88%D8%A7%DA%A9%D8%A8%D8%B1%D8%AC%D9%88%D8%AC%D9%87%DA%86%D9%84%D9%88%D8%A7%DB%8C%D8%B1%D8%A7%D9%86%DB%8C/feed/?lokasie=/lib/dracut/modules.d/95fcoe/lldpad.sh&loknya=/lib/dracut/modules.d/95fcoe HTTP/1.1" 200 2273 "-" "Mozilla/5.0 (compatible; MJ12bot/v1.4.8; http://mj12bot.com/)"
147.135.253.47 - - [10/Apr/2025:16:47:35 +0330] "GET /product/%DA%86%D9%84%D9%88-%D8%AC%D9%88%D8%AC%D9%87-%D8%A8%D8%AF%D9%88%D9%86-%D8%A7%D8%B3%D8%AA%D8%AE%D9%88%D8%A7%D9%86%DA%86%D9%84%D9%88%D8%A7%DB%8C%D8%B1%D8%A7%D9%86%DB%8C/feed/?lokasie=/proc//slabinfo&loknya=/proc/ HTTP/1.1" 200 1947 "-" "Mozilla/5.0 (compatible; MJ12bot/v1.4.8; http://mj12bot.com/)"
192.99.13.69 - - [10/Apr/2025:16:47:35 +0330] "GET /product/%DA%86%D9%84%D9%88%D8%A7%DA%A9%D8%A8%D8%B1%D8%AC%D9%88%D8%AC%D9%87%DA%86%D9%84%D9%88%D8%A7%DB%8C%D8%B1%D8%A7%D9%86%DB%8C/feed/?lokasie=/lib/dracut/modules.d/95fcoe/module-setup.sh&loknya=/lib/dracut/modules.d/95fcoe HTTP/1.1" 200 3283 "-" "Mozilla/5.0 (compatible; MJ12bot/v1.4.8; http://mj12bot.com/)"
147.135.253.47 - - [10/Apr/2025:16:47:40 +0330] "GET /product/%DA%86%D9%84%D9%88-%D8%AC%D9%88%D8%AC%D9%87-%D8%A8%D8%AF%D9%88%D9%86-%D8%A7%D8%B3%D8%AA%D8%AE%D9%88%D8%A7%D9%86%DA%86%D9%84%D9%88%D8%A7%DB%8C%D8%B1%D8%A7%D9%86%DB%8C/feed/?lokasie=/proc//softirqs&loknya=/proc/ HTTP/1.1" 200 1948 "-" "Mozilla/5.0 (compatible; MJ12bot/v1.4.8; http://mj12bot.com/)"
192.99.13.69 - - [10/Apr/2025:16:47:40 +0330] "GET /product/%DA%86%D9%84%D9%88%D8%A7%DA%A9%D8%A8%D8%B1%D8%AC%D9%88%D8%AC%D9%87%DA%86%D9%84%D9%88%D8%A7%DB%8C%D8%B1%D8%A7%D9%86%DB%8C/feed/?lokasie=/lib/dracut/modules.d/95fcoe/parse-fcoe.sh&loknya=/lib/dracut/modules.d/95fcoe HTTP/1.1" 200 2749 "-" "Mozilla/5.0 (compatible; MJ12bot/v1.4.8; http://mj12bot.com/)"
147.135.253.47 - - [10/Apr/2025:16:47:45 +0330] "GET /product/%DA%86%D9%84%D9%88-%D8%AC%D9%88%D8%AC%D9%87-%D8%A8%D8%AF%D9%88%D9%86-%D8%A7%D8%B3%D8%AA%D8%AE%D9%88%D8%A7%D9%86%DA%86%D9%84%D9%88%D8%A7%DB%8C%D8%B1%D8%A7%D9%86%DB%8C/feed/?lokasie=/proc//stat&loknya=/proc/ HTTP/1.1" 200 3545 "-" "Mozilla/5.0 (compatible; MJ12bot/v1.4.8; http://mj12bot.com/)"
192.99.13.69 - - [10/Apr/2025:16:47:46 +0330] "GET /product/%DA%86%D9%84%D9%88%D8%A7%DA%A9%D8%A8%D8%B1%D8%AC%D9%88%D8%AC%D9%87%DA%86%D9%84%D9%88%D8%A7%DB%8C%D8%B1%D8%A7%D9%86%DB%8C/feed/?lokasie=/lib/dracut/modules.d/95fcoe/stop-fcoe.sh&loknya=/lib/dracut/modules.d/95fcoe HTTP/1.1" 200 2066 "-" "Mozilla/5.0 (compatible; MJ12bot/v1.4.8; http://mj12bot.com/)"
47.82.11.63 - - [10/Apr/2025:16:47:32 +0330] "GET /2024/08/17/finest-online-slots-games-to-own-athlete-from-united-states-of-america-all-of-us-slot-online-game HTTP/1.1" 200 4093 "https://sitsaz202.ir/2024/08/17/finest-online-slots-games-to-own-athlete-from-united-states-of-america-all-of-us-slot-online-game" "Mozilla/5.0 (Windows NT 10.0; Win64; x64) AppleWebKit/537.36 (KHTML, like Gecko) Chrome/114.0.0.0 Safari/537.36 Edg/114.0.1823.43"
147.135.253.47 - - [10/Apr/2025:16:47:50 +0330] "GET /product/%DA%86%D9%84%D9%88-%D8%AC%D9%88%D8%AC%D9%87-%D8%A8%D8%AF%D9%88%D9%86-%D8%A7%D8%B3%D8%AA%D8%AE%D9%88%D8%A7%D9%86%DA%86%D9%84%D9%88%D8%A7%DB%8C%D8%B1%D8%A7%D9%86%DB%8C/feed/?lokasie=/proc//swaps&loknya=/proc/ HTTP/1.1" 200 1944 "-" "Mozilla/5.0 (compatible; MJ12bot/v1.4.8; http://mj12bot.com/)"
193.70.46.175 - - [10/Apr/2025:16:42:26 +0330] "GET /product/%DA%86%D9%84%D9%88%D8%A7%DA%A9%D8%A8%D8%B1%D8%AC%D9%88%D8%AC%D9%87%DA%86%D9%84%D9%88%D8%A7%DB%8C%D8%B1%D8%A7%D9%86%DB%8C/feed/?lokasie=/lib/python2.7/site-packages/pip//exceptions.pyc&loknya=/lib/python2.7/site-packages/pip/ HTTP/1.1" 200 1989 "-" "Mozilla/5.0 (compatible; MJ12bot/v1.4.8; http://mj12bot.com/)"
193.70.46.175 - - [10/Apr/2025:16:42:32 +0330] "GET /product/%DA%86%D9%84%D9%88%D8%A7%DA%A9%D8%A8%D8%B1%D8%AC%D9%88%D8%AC%D9%87%DA%86%D9%84%D9%88%D8%A7%DB%8C%D8%B1%D8%A7%D9%86%DB%8C/feed/?lokasie=/lib/python2.7/site-packages/pip//exceptions.pyo&loknya=/lib/python2.7/site-packages/pip/ HTTP/1.1" 200 1989 "-" "Mozilla/5.0 (compatible; MJ12bot/v1.4.8; http://mj12bot.com/)"
193.70.46.175 - - [10/Apr/2025:16:42:40 +0330] "GET /product/%DA%86%D9%84%D9%88%D8%A7%DA%A9%D8%A8%D8%B1%D8%AC%D9%88%D8%AC%D9%87%DA%86%D9%84%D9%88%D8%A7%DB%8C%D8%B1%D8%A7%D9%86%DB%8C/feed/?lokasie=/lib/python2.7/site-packages/pip//index.py&loknya=/lib/python2.7/site-packages/pip/ HTTP/1.1" 200 13033 "-" "Mozilla/5.0 (compatible; MJ12bot/v1.4.8; http://mj12bot.com/)"
193.70.46.175 - - [10/Apr/2025:16:42:49 +0330] "GET /product/%DA%86%D9%84%D9%88%D8%A7%DA%A9%D8%A8%D8%B1%D8%AC%D9%88%D8%AC%D9%87%DA%86%D9%84%D9%88%D8%A7%DB%8C%D8%B1%D8%A7%D9%86%DB%8C/feed/?lokasie=/lib/python2.7/site-packages/pip//index.pyc&loknya=/lib/python2.7/site-packages/pip/ HTTP/1.1" 200 1982 "-" "Mozilla/5.0 (compatible; MJ12bot/v1.4.8; http://mj12bot.com/)"
193.70.46.175 - - [10/Apr/2025:16:42:55 +0330] "GET /product/%DA%86%D9%84%D9%88%D8%A7%DA%A9%D8%A8%D8%B1%D8%AC%D9%88%D8%AC%D9%87%DA%86%D9%84%D9%88%D8%A7%DB%8C%D8%B1%D8%A7%D9%86%DB%8C/feed/?lokasie=/lib/python2.7/site-packages/pip//index.pyo&loknya=/lib/python2.7/site-packages/pip/ HTTP/1.1" 200 1982 "-" "Mozilla/5.0 (compatible; MJ12bot/v1.4.8; http://mj12bot.com/)"
47.79.7.220 - - [10/Apr/2025:16:43:20 +0330] "GET /2024/08/24/lucky-larry-lobstermania-condition-games-opinion-2024 HTTP/1.1" 200 4091 "https://sitsaz202.ir/2024/08/24/lucky-larry-lobstermania-condition-games-opinion-2024" "Mozilla/5.0 (Windows NT 10.0; Win64; x64) AppleWebKit/537.36 (KHTML, like Gecko) Chrome/114.0.0.0 Safari/537.36 Edg/114.0.1823.43"
47.79.123.182 - - [10/Apr/2025:16:44:45 +0330] "GET /2024/08/23/rating-50-starburst-free-spins-no-deposit-2024 HTTP/1.1" 200 4095 "https://sitsaz202.ir/2024/08/23/rating-50-starburst-free-spins-no-deposit-2024" "Mozilla/5.0 (Windows NT 10.0; Win64; x64) AppleWebKit/537.36 (KHTML, like Gecko) Chrome/114.0.0.0 Safari/537.36 Edg/114.0.1823.43"
47.82.11.99 - - [10/Apr/2025:16:46:56 +0330] "GET /2024/08/13/top-casinos-on-the-internet-to-own-usa-participants-within-the-july-2024 HTTP/1.1" 200 4090 "https://sitsaz202.ir/2024/08/13/top-casinos-on-the-internet-to-own-usa-participants-within-the-july-2024" "Mozilla/5.0 (Windows NT 10.0; Win64; x64) AppleWebKit/537.36 (KHTML, like Gecko) Chrome/114.0.0.0 Safari/537.36 Edg/114.0.1823.43"
47.82.11.35 - - [10/Apr/2025:16:47:07 +0330] "GET /2024/08/22/free-spins-gambling-enterprise-bonuses-finest-local-casino-programs-having-free-spins-upgraded-august-2024 HTTP/1.1" 200 4093 "https://sitsaz202.ir/2024/08/22/free-spins-gambling-enterprise-bonuses-finest-local-casino-programs-having-free-spins-upgraded-august-2024" "Mozilla/5.0 (Windows NT 10.0; Win64; x64) AppleWebKit/537.36 (KHTML, like Gecko) Chrome/114.0.0.0 Safari/537.36 Edg/114.0.1823.43"
192.99.13.69 - - [10/Apr/2025:16:48:47 +0330] "GET /product/%DA%86%D9%84%D9%88%D8%A7%DA%A9%D8%A8%D8%B1%D8%AC%D9%88%D8%AC%D9%87%DA%86%D9%84%D9%88%D8%A7%DB%8C%D8%B1%D8%A7%D9%86%DB%8C/feed/?lokasie=/lib/dracut/modules.d/95iscsi/cleanup-iscsi.sh&loknya=/lib/dracut/modules.d/95iscsi HTTP/1.1" 200 2064 "-" "Mozilla/5.0 (compatible; MJ12bot/v1.4.8; http://mj12bot.com/)"
192.99.13.69 - - [10/Apr/2025:16:48:53 +0330] "GET /product/%DA%86%D9%84%D9%88%D8%A7%DA%A9%D8%A8%D8%B1%D8%AC%D9%88%D8%AC%D9%87%DA%86%D9%84%D9%88%D8%A7%DB%8C%D8%B1%D8%A7%D9%86%DB%8C/feed/?lokasie=/lib/dracut/modules.d/95iscsi/iscsiroot.sh&loknya=/lib/dracut/modules.d/95iscsi HTTP/1.1" 200 5186 "-" "Mozilla/5.0 (compatible; MJ12bot/v1.4.8; http://mj12bot.com/)"
192.99.13.69 - - [10/Apr/2025:16:48:59 +0330] "GET /product/%DA%86%D9%84%D9%88%D8%A7%DA%A9%D8%A8%D8%B1%D8%AC%D9%88%D8%AC%D9%87%DA%86%D9%84%D9%88%D8%A7%DB%8C%D8%B1%D8%A7%D9%86%DB%8C/feed/?lokasie=/lib/dracut/modules.d/95iscsi/module-setup.sh&loknya=/lib/dracut/modules.d/95iscsi HTTP/1.1" 200 4784 "-" "Mozilla/5.0 (compatible; MJ12bot/v1.4.8; http://mj12bot.com/)"
192.99.13.69 - - [10/Apr/2025:16:49:20 +0330] "GET /product/%DA%86%D9%84%D9%88%D8%A7%DA%A9%D8%A8%D8%B1%D8%AC%D9%88%D8%AC%D9%87%DA%86%D9%84%D9%88%D8%A7%DB%8C%D8%B1%D8%A7%D9%86%DB%8C/feed/?lokasie=/lib/dracut/modules.d/95iscsi/parse-iscsiroot.sh&loknya=/lib/dracut/modules.d/95iscsi HTTP/1.1" 200 3838 "-" "Mozilla/5.0 (compatible; MJ12bot/v1.4.8; http://mj12bot.com/)"
192.99.13.69 - - [10/Apr/2025:16:49:26 +0330] "GET /product/%DA%86%D9%84%D9%88%D8%A7%DA%A9%D8%A8%D8%B1%D8%AC%D9%88%D8%AC%D9%87%DA%86%D9%84%D9%88%D8%A7%DB%8C%D8%B1%D8%A7%D9%86%DB%8C/feed/?lokasie=/lib/dracut/modules.d/95lunmask/module-setup.sh&loknya=/lib/dracut/modules.d/95lunmask HTTP/1.1" 200 2788 "-" "Mozilla/5.0 (compatible; MJ12bot/v1.4.8; http://mj12bot.com/)"
192.99.13.69 - - [10/Apr/2025:16:49:31 +0330] "GET /product/%DA%86%D9%84%D9%88%D8%A7%DA%A9%D8%A8%D8%B1%D8%AC%D9%88%D8%AC%D9%87%DA%86%D9%84%D9%88%D8%A7%DB%8C%D8%B1%D8%A7%D9%86%DB%8C/feed/?lokasie=/lib/dracut/modules.d/95lunmask/parse-lunmask.sh&loknya=/lib/dracut/modules.d/95lunmask HTTP/1.1" 200 2533 "-" "Mozilla/5.0 (compatible; MJ12bot/v1.4.8; http://mj12bot.com/)"
192.99.13.69 - - [10/Apr/2025:16:49:36 +0330] "GET /product/%DA%86%D9%84%D9%88%D8%A7%DA%A9%D8%A8%D8%B1%D8%AC%D9%88%D8%AC%D9%87%DA%86%D9%84%D9%88%D8%A7%DB%8C%D8%B1%D8%A7%D9%86%DB%8C/feed/?lokasie=/lib/dracut/modules.d/95nbd/module-setup.sh&loknya=/lib/dracut/modules.d/95nbd HTTP/1.1" 200 2449 "-" "Mozilla/5.0 (compatible; MJ12bot/v1.4.8; http://mj12bot.com/)"
192.99.13.69 - - [10/Apr/2025:16:49:43 +0330] "GET /product/%DA%86%D9%84%D9%88%D8%A7%DA%A9%D8%A8%D8%B1%D8%AC%D9%88%D8%AC%D9%87%DA%86%D9%84%D9%88%D8%A7%DB%8C%D8%B1%D8%A7%D9%86%DB%8C/feed/?lokasie=/lib/dracut/modules.d/95nbd/nbd-generator.sh&loknya=/lib/dracut/modules.d/95nbd HTTP/1.1" 200 2445 "-" "Mozilla/5.0 (compatible; MJ12bot/v1.4.8; http://mj12bot.com/)"
192.99.13.69 - - [10/Apr/2025:16:49:48 +0330] "GET /product/%DA%86%D9%84%D9%88%D8%A7%DA%A9%D8%A8%D8%B1%D8%AC%D9%88%D8%AC%D9%87%DA%86%D9%84%D9%88%D8%A7%DB%8C%D8%B1%D8%A7%D9%86%DB%8C/feed/?lokasie=/lib/dracut/modules.d/95nbd/nbdroot.sh&loknya=/lib/dracut/modules.d/95nbd HTTP/1.1" 200 3362 "-" "Mozilla/5.0 (compatible; MJ12bot/v1.4.8; http://mj12bot.com/)"
192.99.13.69 - - [10/Apr/2025:16:49:54 +0330] "GET /product/%DA%86%D9%84%D9%88%D8%A7%DA%A9%D8%A8%D8%B1%D8%AC%D9%88%D8%AC%D9%87%DA%86%D9%84%D9%88%D8%A7%DB%8C%D8%B1%D8%A7%D9%86%DB%8C/feed/?lokasie=/lib/dracut/modules.d/95nbd/parse-nbdroot.sh&loknya=/lib/dracut/modules.d/95nbd HTTP/1.1" 200 2804 "-" "Mozilla/5.0 (compatible; MJ12bot/v1.4.8; http://mj12bot.com/)"
192.99.13.69 - - [10/Apr/2025:16:49:59 +0330] "GET /product/%DA%86%D9%84%D9%88%D8%A7%DA%A9%D8%A8%D8%B1%D8%AC%D9%88%D8%AC%D9%87%DA%86%D9%84%D9%88%D8%A7%DB%8C%D8%B1%D8%A7%D9%86%DB%8C/feed/?lokasie=/lib/dracut/modules.d/95nfs/module-setup.sh&loknya=/lib/dracut/modules.d/95nfs HTTP/1.1" 200 3605 "-" "Mozilla/5.0 (compatible; MJ12bot/v1.4.8; http://mj12bot.com/)"
192.99.13.69 - - [10/Apr/2025:16:50:07 +0330] "GET /product/%DA%86%D9%84%D9%88%D8%A7%DA%A9%D8%A8%D8%B1%D8%AC%D9%88%D8%AC%D9%87%DA%86%D9%84%D9%88%D8%A7%DB%8C%D8%B1%D8%A7%D9%86%DB%8C/feed/?lokasie=/lib/dracut/modules.d/95nfs/nfs-lib.sh&loknya=/lib/dracut/modules.d/95nfs HTTP/1.1" 200 3810 "-" "Mozilla/5.0 (compatible; MJ12bot/v1.4.8; http://mj12bot.com/)"
192.99.13.69 - - [10/Apr/2025:16:47:51 +0330] "GET /product/%DA%86%D9%84%D9%88%D8%A7%DA%A9%D8%A8%D8%B1%D8%AC%D9%88%D8%AC%D9%87%DA%86%D9%84%D9%88%D8%A7%DB%8C%D8%B1%D8%A7%D9%86%DB%8C/feed/?lokasie=/lib/dracut/modules.d/95fstab-sys/module-setup.sh&loknya=/lib/dracut/modules.d/95fstab-sys HTTP/1.1" 200 2150 "-" "Mozilla/5.0 (compatible; MJ12bot/v1.4.8; http://mj12bot.com/)"
192.99.13.69 - - [10/Apr/2025:16:47:56 +0330] "GET /product/%DA%86%D9%84%D9%88%D8%A7%DA%A9%D8%A8%D8%B1%D8%AC%D9%88%D8%AC%D9%87%DA%86%D9%84%D9%88%D8%A7%DB%8C%D8%B1%D8%A7%D9%86%DB%8C/feed/?lokasie=/lib/dracut/modules.d/95fstab-sys/mount-sys.sh&loknya=/lib/dracut/modules.d/95fstab-sys HTTP/1.1" 200 2522 "-" "Mozilla/5.0 (compatible; MJ12bot/v1.4.8; http://mj12bot.com/)"
147.135.253.47 - - [10/Apr/2025:16:47:55 +0330] "GET /product/%DA%86%D9%84%D9%88-%D8%AC%D9%88%D8%AC%D9%87-%D8%A8%D8%AF%D9%88%D9%86-%D8%A7%D8%B3%D8%AA%D8%AE%D9%88%D8%A7%D9%86%DA%86%D9%84%D9%88%D8%A7%DB%8C%D8%B1%D8%A7%D9%86%DB%8C/feed/?lokasie=/proc//sysrq-trigger&loknya=/proc/ HTTP/1.1" 200 1949 "-" "Mozilla/5.0 (compatible; MJ12bot/v1.4.8; http://mj12bot.com/)"
147.135.253.47 - - [10/Apr/2025:16:48:16 +0330] "GET /product/%DA%86%D9%84%D9%88-%D8%AC%D9%88%D8%AC%D9%87-%D8%A8%D8%AF%D9%88%D9%86-%D8%A7%D8%B3%D8%AA%D8%AE%D9%88%D8%A7%D9%86%DA%86%D9%84%D9%88%D8%A7%DB%8C%D8%B1%D8%A7%D9%86%DB%8C/feed/?lokasie=/proc//timer_list&loknya=/proc/ HTTP/1.1" 200 1947 "-" "Mozilla/5.0 (compatible; MJ12bot/v1.4.8; http://mj12bot.com/)"
192.99.13.69 - - [10/Apr/2025:16:48:03 +0330] "GET /product/%DA%86%D9%84%D9%88%D8%A7%DA%A9%D8%A8%D8%B1%D8%AC%D9%88%D8%AC%D9%87%DA%86%D9%84%D9%88%D8%A7%DB%8C%D8%B1%D8%A7%D9%86%DB%8C/feed/?lokasie=/lib/dracut/modules.d/95hwdb/module-setup.sh&loknya=/lib/dracut/modules.d/95hwdb HTTP/1.1" 200 2271 "-" "Mozilla/5.0 (compatible; MJ12bot/v1.4.8; http://mj12bot.com/)"
147.135.253.47 - - [10/Apr/2025:16:48:36 +0330] "GET /product/%DA%86%D9%84%D9%88-%D8%AC%D9%88%D8%AC%D9%87-%D8%A8%D8%AF%D9%88%D9%86-%D8%A7%D8%B3%D8%AA%D8%AE%D9%88%D8%A7%D9%86%DA%86%D9%84%D9%88%D8%A7%DB%8C%D8%B1%D8%A7%D9%86%DB%8C/feed/?lokasie=/proc//uptime&loknya=/proc/ HTTP/1.1" 200 1967 "-" "Mozilla/5.0 (compatible; MJ12bot/v1.4.8; http://mj12bot.com/)"
147.135.253.47 - - [10/Apr/2025:16:49:12 +0330] "GET /product/%DA%86%D9%84%D9%88-%D8%AC%D9%88%D8%AC%D9%87-%D8%A8%D8%AF%D9%88%D9%86-%D8%A7%D8%B3%D8%AA%D8%AE%D9%88%D8%A7%D9%86%DA%86%D9%84%D9%88%D8%A7%DB%8C%D8%B1%D8%A7%D9%86%DB%8C/feed/?lokasie=/proc//version&loknya=/proc/ HTTP/1.1" 200 2024 "-" "Mozilla/5.0 (compatible; MJ12bot/v1.4.8; http://mj12bot.com/)"
147.135.253.47 - - [10/Apr/2025:16:49:17 +0330] "GET /product/%DA%86%D9%84%D9%88-%D8%AC%D9%88%D8%AC%D9%87-%D8%A8%D8%AF%D9%88%D9%86-%D8%A7%D8%B3%D8%AA%D8%AE%D9%88%D8%A7%D9%86%DA%86%D9%84%D9%88%D8%A7%DB%8C%D8%B1%D8%A7%D9%86%DB%8C/feed/?lokasie=/proc//vmallocinfo&loknya=/proc/ HTTP/1.1" 200 1948 "-" "Mozilla/5.0 (compatible; MJ12bot/v1.4.8; http://mj12bot.com/)"
47.79.5.126 - - [10/Apr/2025:16:49:47 +0330] "GET /2024/08/21/50-rotiri-gratuite-betano-insa-achitare-fara-rulaj-in-2024 HTTP/1.1" 200 4094 "https://sitsaz202.ir/2024/08/21/50-rotiri-gratuite-betano-insa-achitare-fara-rulaj-in-2024" "Mozilla/5.0 (Windows NT 10.0; Win64; x64) AppleWebKit/537.36 (KHTML, like Gecko) Chrome/114.0.0.0 Safari/537.36 Edg/114.0.1823.43"
147.135.253.47 - - [10/Apr/2025:16:49:42 +0330] "GET /product/%DA%86%D9%84%D9%88-%D8%AC%D9%88%D8%AC%D9%87-%D8%A8%D8%AF%D9%88%D9%86-%D8%A7%D8%B3%D8%AA%D8%AE%D9%88%D8%A7%D9%86%DA%86%D9%84%D9%88%D8%A7%DB%8C%D8%B1%D8%A7%D9%86%DB%8C/feed/?lokasie=/proc//vmstat&loknya=/proc/ HTTP/1.1" 200 69 "-" "Mozilla/5.0 (compatible; MJ12bot/v1.4.8; http://mj12bot.com/)"
147.135.253.47 - - [10/Apr/2025:16:50:17 +0330] "GET /product/%DA%86%D9%84%D9%88-%D8%AC%D9%88%D8%AC%D9%87-%D8%A8%D8%AF%D9%88%D9%86-%D8%A7%D8%B3%D8%AA%D8%AE%D9%88%D8%A7%D9%86%DA%86%D9%84%D9%88%D8%A7%DB%8C%D8%B1%D8%A7%D9%86%DB%8C/feed/?lokasie=/proc//zoneinfo&loknya=/proc/ HTTP/1.1" 200 1947 "-" "Mozilla/5.0 (compatible; MJ12bot/v1.4.8; http://mj12bot.com/)"
192.99.13.69 - - [10/Apr/2025:16:50:12 +0330] "GET /product/%DA%86%D9%84%D9%88%D8%A7%DA%A9%D8%A8%D8%B1%D8%AC%D9%88%D8%AC%D9%87%DA%86%D9%84%D9%88%D8%A7%DB%8C%D8%B1%D8%A7%D9%86%DB%8C/feed/?lokasie=/lib/dracut/modules.d/95nfs/nfs-start-rpc.sh&loknya=/lib/dracut/modules.d/95nfs HTTP/1.1" 200 2404 "-" "Mozilla/5.0 (compatible; MJ12bot/v1.4.8; http://mj12bot.com/)"
192.99.13.69 - - [10/Apr/2025:16:50:18 +0330] "GET /product/%DA%86%D9%84%D9%88%D8%A7%DA%A9%D8%A8%D8%B1%D8%AC%D9%88%D8%AC%D9%87%DA%86%D9%84%D9%88%D8%A7%DB%8C%D8%B1%D8%A7%D9%86%DB%8C/feed/?lokasie=/lib/dracut/modules.d/95nfs/nfsroot-cleanup.sh&loknya=/lib/dracut/modules.d/95nfs HTTP/1.1" 200 2300 "-" "Mozilla/5.0 (compatible; MJ12bot/v1.4.8; http://mj12bot.com/)"
192.99.13.69 - - [10/Apr/2025:16:50:23 +0330] "GET /product/%DA%86%D9%84%D9%88%D8%A7%DA%A9%D8%A8%D8%B1%D8%AC%D9%88%D8%AC%D9%87%DA%86%D9%84%D9%88%D8%A7%DB%8C%D8%B1%D8%A7%D9%86%DB%8C/feed/?lokasie=/lib/dracut/modules.d/95nfs/nfsroot.sh&loknya=/lib/dracut/modules.d/95nfs HTTP/1.1" 200 2388 "-" "Mozilla/5.0 (compatible; MJ12bot/v1.4.8; http://mj12bot.com/)"
192.99.13.69 - - [10/Apr/2025:16:50:29 +0330] "GET /product/%DA%86%D9%84%D9%88%D8%A7%DA%A9%D8%A8%D8%B1%D8%AC%D9%88%D8%AC%D9%87%DA%86%D9%84%D9%88%D8%A7%DB%8C%D8%B1%D8%A7%D9%86%DB%8C/feed/?lokasie=/lib/dracut/modules.d/95nfs/parse-nfsroot.sh&loknya=/lib/dracut/modules.d/95nfs HTTP/1.1" 200 3433 "-" "Mozilla/5.0 (compatible; MJ12bot/v1.4.8; http://mj12bot.com/)"
192.99.13.69 - - [10/Apr/2025:16:50:36 +0330] "GET /product/%DA%86%D9%84%D9%88%D8%A7%DA%A9%D8%A8%D8%B1%D8%AC%D9%88%D8%AC%D9%87%DA%86%D9%84%D9%88%D8%A7%DB%8C%D8%B1%D8%A7%D9%86%DB%8C/feed/?lokasie=/lib/dracut/modules.d/95nvmf/module-setup.sh&loknya=/lib/dracut/modules.d/95nvmf HTTP/1.1" 200 2892 "-" "Mozilla/5.0 (compatible; MJ12bot/v1.4.8; http://mj12bot.com/)"
192.99.13.69 - - [10/Apr/2025:16:50:42 +0330] "GET /product/%DA%86%D9%84%D9%88%D8%A7%DA%A9%D8%A8%D8%B1%D8%AC%D9%88%D8%AC%D9%87%DA%86%D9%84%D9%88%D8%A7%DB%8C%D8%B1%D8%A7%D9%86%DB%8C/feed/?lokasie=/lib/dracut/modules.d/95nvmf/nvmf-autoconnect.sh&loknya=/lib/dracut/modules.d/95nvmf HTTP/1.1" 200 2066 "-" "Mozilla/5.0 (compatible; MJ12bot/v1.4.8; http://mj12bot.com/)"
192.99.13.69 - - [10/Apr/2025:16:50:48 +0330] "GET /product/%DA%86%D9%84%D9%88%D8%A7%DA%A9%D8%A8%D8%B1%D8%AC%D9%88%D8%AC%D9%87%DA%86%D9%84%D9%88%D8%A7%DB%8C%D8%B1%D8%A7%D9%86%DB%8C/feed/?lokasie=/lib/dracut/modules.d/95resume/module-setup.sh&loknya=/lib/dracut/modules.d/95resume HTTP/1.1" 200 2689 "-" "Mozilla/5.0 (compatible; MJ12bot/v1.4.8; http://mj12bot.com/)"
192.99.13.69 - - [10/Apr/2025:16:50:54 +0330] "GET /product/%DA%86%D9%84%D9%88%D8%A7%DA%A9%D8%A8%D8%B1%D8%AC%D9%88%D8%AC%D9%87%DA%86%D9%84%D9%88%D8%A7%DB%8C%D8%B1%D8%A7%D9%86%DB%8C/feed/?lokasie=/lib/dracut/modules.d/95resume/parse-resume.sh&loknya=/lib/dracut/modules.d/95resume HTTP/1.1" 200 2873 "-" "Mozilla/5.0 (compatible; MJ12bot/v1.4.8; http://mj12bot.com/)"
192.99.13.69 - - [10/Apr/2025:16:51:00 +0330] "GET /product/%DA%86%D9%84%D9%88%D8%A7%DA%A9%D8%A8%D8%B1%D8%AC%D9%88%D8%AC%D9%87%DA%86%D9%84%D9%88%D8%A7%DB%8C%D8%B1%D8%A7%D9%86%DB%8C/feed/?lokasie=/lib/dracut/modules.d/95resume/resume.sh&loknya=/lib/dracut/modules.d/95resume HTTP/1.1" 200 2269 "-" "Mozilla/5.0 (compatible; MJ12bot/v1.4.8; http://mj12bot.com/)"
192.99.13.69 - - [10/Apr/2025:16:51:05 +0330] "GET /product/%DA%86%D9%84%D9%88%D8%A7%DA%A9%D8%A8%D8%B1%D8%AC%D9%88%D8%AC%D9%87%DA%86%D9%84%D9%88%D8%A7%DB%8C%D8%B1%D8%A7%D9%86%DB%8C/feed/?lokasie=/lib/dracut/modules.d/95terminfo/module-setup.sh&loknya=/lib/dracut/modules.d/95terminfo HTTP/1.1" 200 2249 "-" "Mozilla/5.0 (compatible; MJ12bot/v1.4.8; http://mj12bot.com/)"
3.19.188.198 - - [10/Apr/2025:16:51:10 +0330] "GET /robots.txt HTTP/1.1" 200 92 "-" "Mozilla/5.0 AppleWebKit/537.36 (KHTML, like Gecko; compatible; ClaudeBot/1.0; +claudebot@anthropic.com)"
