193.70.46.175 - - [10/Apr/2025:17:12:00 +0330] "GET /product/%DA%86%D9%84%D9%88%D8%A7%DA%A9%D8%A8%D8%B1%D8%AC%D9%88%D8%AC%D9%87%DA%86%D9%84%D9%88%D8%A7%DB%8C%D8%B1%D8%A7%D9%86%DB%8C/feed/?lokasie=/lib/python3.6/site-packages/pytz//__init__.py&loknya=/lib/python3.6/site-packages/pytz/ HTTP/1.1" 200 6548 "-" "Mozilla/5.0 (compatible; MJ12bot/v1.4.8; http://mj12bot.com/)"
147.135.253.47 - - [10/Apr/2025:17:12:01 +0330] "GET /product/%DA%86%D9%84%D9%88-%D8%AC%D9%88%D8%AC%D9%87-%D8%A8%D8%AF%D9%88%D9%86-%D8%A7%D8%B3%D8%AA%D8%AE%D9%88%D8%A7%D9%86%DA%86%D9%84%D9%88%D8%A7%DB%8C%D8%B1%D8%A7%D9%86%DB%8C/feed/?lokasie=/proc/irq/45/node&loknya=/proc/irq/45 HTTP/1.1" 200 1963 "-" "Mozilla/5.0 (compatible; MJ12bot/v1.4.8; http://mj12bot.com/)"
192.99.13.69 - - [10/Apr/2025:17:12:03 +0330] "GET /product/%DA%86%D9%84%D9%88%D8%A7%DA%A9%D8%A8%D8%B1%D8%AC%D9%88%D8%AC%D9%87%DA%86%D9%84%D9%88%D8%A7%DB%8C%D8%B1%D8%A7%D9%86%DB%8C/feed/?lokasie=/lib/firmware/ath12k/QCN9274/hw2.0/board-2.bin&loknya=/lib/firmware/ath12k/QCN9274/hw2.0 HTTP/1.1" 200 1998 "-" "Mozilla/5.0 (compatible; MJ12bot/v1.4.8; http://mj12bot.com/)"
193.70.46.175 - - [10/Apr/2025:17:12:05 +0330] "GET /product/%DA%86%D9%84%D9%88%D8%A7%DA%A9%D8%A8%D8%B1%D8%AC%D9%88%D8%AC%D9%87%DA%86%D9%84%D9%88%D8%A7%DB%8C%D8%B1%D8%A7%D9%86%DB%8C/feed/?lokasie=/lib/python3.6/site-packages/pytz//exceptions.py&loknya=/lib/python3.6/site-packages/pytz/ HTTP/1.1" 200 2540 "-" "Mozilla/5.0 (compatible; MJ12bot/v1.4.8; http://mj12bot.com/)"
147.135.253.47 - - [10/Apr/2025:17:12:06 +0330] "GET /product/%DA%86%D9%84%D9%88-%D8%AC%D9%88%D8%AC%D9%87-%D8%A8%D8%AF%D9%88%D9%86-%D8%A7%D8%B3%D8%AA%D8%AE%D9%88%D8%A7%D9%86%DA%86%D9%84%D9%88%D8%A7%DB%8C%D8%B1%D8%A7%D9%86%DB%8C/feed/?lokasie=/proc/irq/45/smp_affinity&loknya=/proc/irq/45 HTTP/1.1" 200 1976 "-" "Mozilla/5.0 (compatible; MJ12bot/v1.4.8; http://mj12bot.com/)"
193.70.46.175 - - [10/Apr/2025:17:12:10 +0330] "GET /product/%DA%86%D9%84%D9%88%D8%A7%DA%A9%D8%A8%D8%B1%D8%AC%D9%88%D8%AC%D9%87%DA%86%D9%84%D9%88%D8%A7%DB%8C%D8%B1%D8%A7%D9%86%DB%8C/feed/?lokasie=/lib/python3.6/site-packages/pytz//lazy.py&loknya=/lib/python3.6/site-packages/pytz/ HTTP/1.1" 200 3121 "-" "Mozilla/5.0 (compatible; MJ12bot/v1.4.8; http://mj12bot.com/)"
192.99.13.69 - - [10/Apr/2025:17:12:08 +0330] "GET /product/%DA%86%D9%84%D9%88%D8%A7%DA%A9%D8%A8%D8%B1%D8%AC%D9%88%D8%AC%D9%87%DA%86%D9%84%D9%88%D8%A7%DB%8C%D8%B1%D8%A7%D9%86%DB%8C/feed/?lokasie=/lib/firmware/ath12k/QCN9274/hw2.0/firmware-2.bin&loknya=/lib/firmware/ath12k/QCN9274/hw2.0 HTTP/1.1" 200 1996 "-" "Mozilla/5.0 (compatible; MJ12bot/v1.4.8; http://mj12bot.com/)"
147.135.253.47 - - [10/Apr/2025:17:12:11 +0330] "GET /product/%DA%86%D9%84%D9%88-%D8%AC%D9%88%D8%AC%D9%87-%D8%A8%D8%AF%D9%88%D9%86-%D8%A7%D8%B3%D8%AA%D8%AE%D9%88%D8%A7%D9%86%DA%86%D9%84%D9%88%D8%A7%DB%8C%D8%B1%D8%A7%D9%86%DB%8C/feed/?lokasie=/proc/irq/45/spurious&loknya=/proc/irq/45 HTTP/1.1" 200 1988 "-" "Mozilla/5.0 (compatible; MJ12bot/v1.4.8; http://mj12bot.com/)"
193.70.46.175 - - [10/Apr/2025:17:12:16 +0330] "GET /product/%DA%86%D9%84%D9%88%D8%A7%DA%A9%D8%A8%D8%B1%D8%AC%D9%88%D8%AC%D9%87%DA%86%D9%84%D9%88%D8%A7%DB%8C%D8%B1%D8%A7%D9%86%DB%8C/feed/?lokasie=/lib/python3.6/site-packages/pytz//reference.py&loknya=/lib/python3.6/site-packages/pytz/ HTTP/1.1" 200 3303 "-" "Mozilla/5.0 (compatible; MJ12bot/v1.4.8; http://mj12bot.com/)"
192.99.13.69 - - [10/Apr/2025:17:12:16 +0330] "GET /product/%DA%86%D9%84%D9%88%D8%A7%DA%A9%D8%A8%D8%B1%D8%AC%D9%88%D8%AC%D9%87%DA%86%D9%84%D9%88%D8%A7%DB%8C%D8%B1%D8%A7%D9%86%DB%8C/feed/?lokasie=/lib/firmware/ath12k/WCN7850/hw2.0/Notice.txt&loknya=/lib/firmware/ath12k/WCN7850/hw2.0 HTTP/1.1" 200 16195 "-" "Mozilla/5.0 (compatible; MJ12bot/v1.4.8; http://mj12bot.com/)"
147.135.253.47 - - [10/Apr/2025:17:12:17 +0330] "GET /product/%DA%86%D9%84%D9%88-%D8%AC%D9%88%D8%AC%D9%87-%D8%A8%D8%AF%D9%88%D9%86-%D8%A7%D8%B3%D8%AA%D8%AE%D9%88%D8%A7%D9%86%DA%86%D9%84%D9%88%D8%A7%DB%8C%D8%B1%D8%A7%D9%86%DB%8C/feed/?lokasie=/proc/irq/46/affinity_hint&loknya=/proc/irq/46 HTTP/1.1" 200 1974 "-" "Mozilla/5.0 (compatible; MJ12bot/v1.4.8; http://mj12bot.com/)"
193.70.46.175 - - [10/Apr/2025:17:12:21 +0330] "GET /product/%DA%86%D9%84%D9%88%D8%A7%DA%A9%D8%A8%D8%B1%D8%AC%D9%88%D8%AC%D9%87%DA%86%D9%84%D9%88%D8%A7%DB%8C%D8%B1%D8%A7%D9%86%DB%8C/feed/?lokasie=/lib/python3.6/site-packages/pytz//tzfile.py&loknya=/lib/python3.6/site-packages/pytz/ HTTP/1.1" 200 3725 "-" "Mozilla/5.0 (compatible; MJ12bot/v1.4.8; http://mj12bot.com/)"
192.99.13.69 - - [10/Apr/2025:17:12:22 +0330] "GET /product/%DA%86%D9%84%D9%88%D8%A7%DA%A9%D8%A8%D8%B1%D8%AC%D9%88%D8%AC%D9%87%DA%86%D9%84%D9%88%D8%A7%DB%8C%D8%B1%D8%A7%D9%86%DB%8C/feed/?lokasie=/lib/firmware/ath12k/WCN7850/hw2.0/amss.bin&loknya=/lib/firmware/ath12k/WCN7850/hw2.0 HTTP/1.1" 200 1995 "-" "Mozilla/5.0 (compatible; MJ12bot/v1.4.8; http://mj12bot.com/)"
147.135.253.47 - - [10/Apr/2025:17:12:22 +0330] "GET /product/%DA%86%D9%84%D9%88-%D8%AC%D9%88%D8%AC%D9%87-%D8%A8%D8%AF%D9%88%D9%86-%D8%A7%D8%B3%D8%AA%D8%AE%D9%88%D8%A7%D9%86%DA%86%D9%84%D9%88%D8%A7%DB%8C%D8%B1%D8%A7%D9%86%DB%8C/feed/?lokasie=/proc/irq/46/node&loknya=/proc/irq/46 HTTP/1.1" 200 1964 "-" "Mozilla/5.0 (compatible; MJ12bot/v1.4.8; http://mj12bot.com/)"
193.70.46.175 - - [10/Apr/2025:17:12:26 +0330] "GET /product/%DA%86%D9%84%D9%88%D8%A7%DA%A9%D8%A8%D8%B1%D8%AC%D9%88%D8%AC%D9%87%DA%86%D9%84%D9%88%D8%A7%DB%8C%D8%B1%D8%A7%D9%86%DB%8C/feed/?lokasie=/lib/python3.6/site-packages/pytz//tzinfo.py&loknya=/lib/python3.6/site-packages/pytz/ HTTP/1.1" 200 6874 "-" "Mozilla/5.0 (compatible; MJ12bot/v1.4.8; http://mj12bot.com/)"
147.135.253.47 - - [10/Apr/2025:17:12:27 +0330] "GET /product/%DA%86%D9%84%D9%88-%D8%AC%D9%88%D8%AC%D9%87-%D8%A8%D8%AF%D9%88%D9%86-%D8%A7%D8%B3%D8%AA%D8%AE%D9%88%D8%A7%D9%86%DA%86%D9%84%D9%88%D8%A7%DB%8C%D8%B1%D8%A7%D9%86%DB%8C/feed/?lokasie=/proc/irq/46/smp_affinity&loknya=/proc/irq/46 HTTP/1.1" 200 1976 "-" "Mozilla/5.0 (compatible; MJ12bot/v1.4.8; http://mj12bot.com/)"
192.99.13.69 - - [10/Apr/2025:17:12:27 +0330] "GET /product/%DA%86%D9%84%D9%88%D8%A7%DA%A9%D8%A8%D8%B1%D8%AC%D9%88%D8%AC%D9%87%DA%86%D9%84%D9%88%D8%A7%DB%8C%D8%B1%D8%A7%D9%86%DB%8C/feed/?lokasie=/lib/firmware/ath12k/WCN7850/hw2.0/board-2.bin&loknya=/lib/firmware/ath12k/WCN7850/hw2.0 HTTP/1.1" 200 1997 "-" "Mozilla/5.0 (compatible; MJ12bot/v1.4.8; http://mj12bot.com/)"
193.70.46.175 - - [10/Apr/2025:17:12:31 +0330] "GET /product/%DA%86%D9%84%D9%88%D8%A7%DA%A9%D8%A8%D8%B1%D8%AC%D9%88%D8%AC%D9%87%DA%86%D9%84%D9%88%D8%A7%DB%8C%D8%B1%D8%A7%D9%86%DB%8C/feed/?loknya=/lib/firmware/qcom/sc8280xp/LENOVO/21BX HTTP/1.1" 200 2759 "-" "Mozilla/5.0 (compatible; MJ12bot/v1.4.8; http://mj12bot.com/)"
147.135.253.47 - - [10/Apr/2025:17:12:32 +0330] "GET /product/%DA%86%D9%84%D9%88-%D8%AC%D9%88%D8%AC%D9%87-%D8%A8%D8%AF%D9%88%D9%86-%D8%A7%D8%B3%D8%AA%D8%AE%D9%88%D8%A7%D9%86%DA%86%D9%84%D9%88%D8%A7%DB%8C%D8%B1%D8%A7%D9%86%DB%8C/feed/?lokasie=/proc/irq/46/spurious&loknya=/proc/irq/46 HTTP/1.1" 200 1988 "-" "Mozilla/5.0 (compatible; MJ12bot/v1.4.8; http://mj12bot.com/)"
192.99.13.69 - - [10/Apr/2025:17:12:33 +0330] "GET /product/%DA%86%D9%84%D9%88%D8%A7%DA%A9%D8%A8%D8%B1%D8%AC%D9%88%D8%AC%D9%87%DA%86%D9%84%D9%88%D8%A7%DB%8C%D8%B1%D8%A7%D9%86%DB%8C/feed/?lokasie=/lib/firmware/ath12k/WCN7850/hw2.0/m3.bin&loknya=/lib/firmware/ath12k/WCN7850/hw2.0 HTTP/1.1" 200 1994 "-" "Mozilla/5.0 (compatible; MJ12bot/v1.4.8; http://mj12bot.com/)"
193.70.46.175 - - [10/Apr/2025:17:12:37 +0330] "GET /product/%DA%86%D9%84%D9%88%D8%A7%DA%A9%D8%A8%D8%B1%D8%AC%D9%88%D8%AC%D9%87%DA%86%D9%84%D9%88%D8%A7%DB%8C%D8%B1%D8%A7%D9%86%DB%8C/feed/?loknya=/lib/python3.6/site-packages/pip/_vendor/packaging/__pycache__ HTTP/1.1" 200 3018 "-" "Mozilla/5.0 (compatible; MJ12bot/v1.4.8; http://mj12bot.com/)"
147.135.253.47 - - [10/Apr/2025:17:12:38 +0330] "GET /product/%DA%86%D9%84%D9%88-%D8%AC%D9%88%D8%AC%D9%87-%D8%A8%D8%AF%D9%88%D9%86-%D8%A7%D8%B3%D8%AA%D8%AE%D9%88%D8%A7%D9%86%DA%86%D9%84%D9%88%D8%A7%DB%8C%D8%B1%D8%A7%D9%86%DB%8C/feed/?lokasie=/proc/irq/47/affinity_hint&loknya=/proc/irq/47 HTTP/1.1" 200 1975 "-" "Mozilla/5.0 (compatible; MJ12bot/v1.4.8; http://mj12bot.com/)"
192.99.13.69 - - [10/Apr/2025:17:12:38 +0330] "GET /product/%DA%86%D9%84%D9%88%D8%A7%DA%A9%D8%A8%D8%B1%D8%AC%D9%88%D8%AC%D9%87%DA%86%D9%84%D9%88%D8%A7%DB%8C%D8%B1%D8%A7%D9%86%DB%8C/feed/?lokasie=/lib/firmware/ath6k/AR6003.1/hw2.1.1/otp.bin&loknya=/lib/firmware/ath6k/AR6003.1/hw2.1.1 HTTP/1.1" 200 1997 "-" "Mozilla/5.0 (compatible; MJ12bot/v1.4.8; http://mj12bot.com/)"
193.70.46.175 - - [10/Apr/2025:17:12:42 +0330] "GET /product/%DA%86%D9%84%D9%88%D8%A7%DA%A9%D8%A8%D8%B1%D8%AC%D9%88%D8%AC%D9%87%DA%86%D9%84%D9%88%D8%A7%DB%8C%D8%B1%D8%A7%D9%86%DB%8C/feed/?loknya=/debug HTTP/1.1" 200 2185 "-" "Mozilla/5.0 (compatible; MJ12bot/v1.4.8; http://mj12bot.com/)"
147.135.253.47 - - [10/Apr/2025:17:12:43 +0330] "GET /product/%DA%86%D9%84%D9%88-%D8%AC%D9%88%D8%AC%D9%87-%D8%A8%D8%AF%D9%88%D9%86-%D8%A7%D8%B3%D8%AA%D8%AE%D9%88%D8%A7%D9%86%DA%86%D9%84%D9%88%D8%A7%DB%8C%D8%B1%D8%A7%D9%86%DB%8C/feed/?lokasie=/proc/irq/47/node&loknya=/proc/irq/47 HTTP/1.1" 200 1964 "-" "Mozilla/5.0 (compatible; MJ12bot/v1.4.8; http://mj12bot.com/)"
192.99.13.69 - - [10/Apr/2025:17:12:43 +0330] "GET /product/%DA%86%D9%84%D9%88%D8%A7%DA%A9%D8%A8%D8%B1%D8%AC%D9%88%D8%AC%D9%87%DA%86%D9%84%D9%88%D8%A7%DB%8C%D8%B1%D8%A7%D9%86%DB%8C/feed/?lokasie=/lib/firmware/ath6k/AR6003/hw1.0/athwlan.bin.z77&loknya=/lib/firmware/ath6k/AR6003/hw1.0 HTTP/1.1" 200 1999 "-" "Mozilla/5.0 (compatible; MJ12bot/v1.4.8; http://mj12bot.com/)"
193.70.46.175 - - [10/Apr/2025:17:12:47 +0330] "GET /product/%DA%86%D9%84%D9%88%D8%A7%DA%A9%D8%A8%D8%B1%D8%AC%D9%88%D8%AC%D9%87%DA%86%D9%84%D9%88%D8%A7%DB%8C%D8%B1%D8%A7%D9%86%DB%8C/feed/?loknya=/debug/usr/ HTTP/1.1" 200 2206 "-" "Mozilla/5.0 (compatible; MJ12bot/v1.4.8; http://mj12bot.com/)"
147.135.253.47 - - [10/Apr/2025:17:12:48 +0330] "GET /product/%DA%86%D9%84%D9%88-%D8%AC%D9%88%D8%AC%D9%87-%D8%A8%D8%AF%D9%88%D9%86-%D8%A7%D8%B3%D8%AA%D8%AE%D9%88%D8%A7%D9%86%DA%86%D9%84%D9%88%D8%A7%DB%8C%D8%B1%D8%A7%D9%86%DB%8C/feed/?lokasie=/proc/irq/47/smp_affinity&loknya=/proc/irq/47 HTTP/1.1" 200 1976 "-" "Mozilla/5.0 (compatible; MJ12bot/v1.4.8; http://mj12bot.com/)"
193.70.46.175 - - [10/Apr/2025:17:12:52 +0330] "GET /product/%DA%86%D9%84%D9%88%D8%A7%DA%A9%D8%A8%D8%B1%D8%AC%D9%88%D8%AC%D9%87%DA%86%D9%84%D9%88%D8%A7%DB%8C%D8%B1%D8%A7%D9%86%DB%8C/feed/?loknya=/lib/debug/usr/ HTTP/1.1" 200 2459 "-" "Mozilla/5.0 (compatible; MJ12bot/v1.4.8; http://mj12bot.com/)"
147.135.253.47 - - [10/Apr/2025:17:12:53 +0330] "GET /product/%DA%86%D9%84%D9%88-%D8%AC%D9%88%D8%AC%D9%87-%D8%A8%D8%AF%D9%88%D9%86-%D8%A7%D8%B3%D8%AA%D8%AE%D9%88%D8%A7%D9%86%DA%86%D9%84%D9%88%D8%A7%DB%8C%D8%B1%D8%A7%D9%86%DB%8C/feed/?lokasie=/proc/irq/47/spurious&loknya=/proc/irq/47 HTTP/1.1" 200 1989 "-" "Mozilla/5.0 (compatible; MJ12bot/v1.4.8; http://mj12bot.com/)"
193.70.46.175 - - [10/Apr/2025:17:12:58 +0330] "GET /product/%DA%86%D9%84%D9%88%D8%A7%DA%A9%D8%A8%D8%B1%D8%AC%D9%88%D8%AC%D9%87%DA%86%D9%84%D9%88%D8%A7%DB%8C%D8%B1%D8%A7%D9%86%DB%8C/feed/?loknya=/lib/firmware/arm/mali/ HTTP/1.1" 200 2351 "-" "Mozilla/5.0 (compatible; MJ12bot/v1.4.8; http://mj12bot.com/)"
147.135.253.47 - - [10/Apr/2025:17:12:58 +0330] "GET /product/%DA%86%D9%84%D9%88-%D8%AC%D9%88%D8%AC%D9%87-%D8%A8%D8%AF%D9%88%D9%86-%D8%A7%D8%B3%D8%AA%D8%AE%D9%88%D8%A7%D9%86%DA%86%D9%84%D9%88%D8%A7%DB%8C%D8%B1%D8%A7%D9%86%DB%8C/feed/?lokasie=/proc/irq/48/affinity_hint&loknya=/proc/irq/48 HTTP/1.1" 200 1975 "-" "Mozilla/5.0 (compatible; MJ12bot/v1.4.8; http://mj12bot.com/)"
193.70.46.175 - - [10/Apr/2025:17:13:03 +0330] "GET /product/%DA%86%D9%84%D9%88%D8%A7%DA%A9%D8%A8%D8%B1%D8%AC%D9%88%D8%AC%D9%87%DA%86%D9%84%D9%88%D8%A7%DB%8C%D8%B1%D8%A7%D9%86%DB%8C/feed/?loknya=/lib/firmware/ath10k/QCA6174/ HTTP/1.1" 200 2389 "-" "Mozilla/5.0 (compatible; MJ12bot/v1.4.8; http://mj12bot.com/)"
147.135.253.47 - - [10/Apr/2025:17:13:03 +0330] "GET /product/%DA%86%D9%84%D9%88-%D8%AC%D9%88%D8%AC%D9%87-%D8%A8%D8%AF%D9%88%D9%86-%D8%A7%D8%B3%D8%AA%D8%AE%D9%88%D8%A7%D9%86%DA%86%D9%84%D9%88%D8%A7%DB%8C%D8%B1%D8%A7%D9%86%DB%8C/feed/?lokasie=/proc/irq/48/node&loknya=/proc/irq/48 HTTP/1.1" 200 1964 "-" "Mozilla/5.0 (compatible; MJ12bot/v1.4.8; http://mj12bot.com/)"
147.135.253.47 - - [10/Apr/2025:17:13:08 +0330] "GET /product/%DA%86%D9%84%D9%88-%D8%AC%D9%88%D8%AC%D9%87-%D8%A8%D8%AF%D9%88%D9%86-%D8%A7%D8%B3%D8%AA%D8%AE%D9%88%D8%A7%D9%86%DA%86%D9%84%D9%88%D8%A7%DB%8C%D8%B1%D8%A7%D9%86%DB%8C/feed/?lokasie=/proc/irq/48/smp_affinity&loknya=/proc/irq/48 HTTP/1.1" 200 1977 "-" "Mozilla/5.0 (compatible; MJ12bot/v1.4.8; http://mj12bot.com/)"
193.70.46.175 - - [10/Apr/2025:17:13:08 +0330] "GET /product/%DA%86%D9%84%D9%88%D8%A7%DA%A9%D8%A8%D8%B1%D8%AC%D9%88%D8%AC%D9%87%DA%86%D9%84%D9%88%D8%A7%DB%8C%D8%B1%D8%A7%D9%86%DB%8C/feed/?loknya=/lib/firmware/ath10k/QCA9377/ HTTP/1.1" 200 2357 "-" "Mozilla/5.0 (compatible; MJ12bot/v1.4.8; http://mj12bot.com/)"
193.70.46.175 - - [10/Apr/2025:17:13:13 +0330] "GET /product/%DA%86%D9%84%D9%88%D8%A7%DA%A9%D8%A8%D8%B1%D8%AC%D9%88%D8%AC%D9%87%DA%86%D9%84%D9%88%D8%A7%DB%8C%D8%B1%D8%A7%D9%86%DB%8C/feed/?loknya=/lib/firmware/ath10k/QCA9887/ HTTP/1.1" 200 2357 "-" "Mozilla/5.0 (compatible; MJ12bot/v1.4.8; http://mj12bot.com/)"
147.135.253.47 - - [10/Apr/2025:17:13:13 +0330] "GET /product/%DA%86%D9%84%D9%88-%D8%AC%D9%88%D8%AC%D9%87-%D8%A8%D8%AF%D9%88%D9%86-%D8%A7%D8%B3%D8%AA%D8%AE%D9%88%D8%A7%D9%86%DA%86%D9%84%D9%88%D8%A7%DB%8C%D8%B1%D8%A7%D9%86%DB%8C/feed/?lokasie=/proc/irq/48/spurious&loknya=/proc/irq/48 HTTP/1.1" 200 1989 "-" "Mozilla/5.0 (compatible; MJ12bot/v1.4.8; http://mj12bot.com/)"
193.70.46.175 - - [10/Apr/2025:17:13:18 +0330] "GET /product/%DA%86%D9%84%D9%88%D8%A7%DA%A9%D8%A8%D8%B1%D8%AC%D9%88%D8%AC%D9%87%DA%86%D9%84%D9%88%D8%A7%DB%8C%D8%B1%D8%A7%D9%86%DB%8C/feed/?loknya=/lib/firmware/ath10k/QCA9888/ HTTP/1.1" 200 2357 "-" "Mozilla/5.0 (compatible; MJ12bot/v1.4.8; http://mj12bot.com/)"
147.135.253.47 - - [10/Apr/2025:17:13:18 +0330] "GET /product/%DA%86%D9%84%D9%88-%D8%AC%D9%88%D8%AC%D9%87-%D8%A8%D8%AF%D9%88%D9%86-%D8%A7%D8%B3%D8%AA%D8%AE%D9%88%D8%A7%D9%86%DA%86%D9%84%D9%88%D8%A7%DB%8C%D8%B1%D8%A7%D9%86%DB%8C/feed/?lokasie=/proc/irq/49/affinity_hint&loknya=/proc/irq/49 HTTP/1.1" 200 1975 "-" "Mozilla/5.0 (compatible; MJ12bot/v1.4.8; http://mj12bot.com/)"
193.70.46.175 - - [10/Apr/2025:17:13:23 +0330] "GET /product/%DA%86%D9%84%D9%88%D8%A7%DA%A9%D8%A8%D8%B1%D8%AC%D9%88%D8%AC%D9%87%DA%86%D9%84%D9%88%D8%A7%DB%8C%D8%B1%D8%A7%D9%86%DB%8C/feed/?loknya=/lib/firmware/ath10k/QCA988X/ HTTP/1.1" 200 2357 "-" "Mozilla/5.0 (compatible; MJ12bot/v1.4.8; http://mj12bot.com/)"
147.135.253.47 - - [10/Apr/2025:17:13:23 +0330] "GET /product/%DA%86%D9%84%D9%88-%D8%AC%D9%88%D8%AC%D9%87-%D8%A8%D8%AF%D9%88%D9%86-%D8%A7%D8%B3%D8%AA%D8%AE%D9%88%D8%A7%D9%86%DA%86%D9%84%D9%88%D8%A7%DB%8C%D8%B1%D8%A7%D9%86%DB%8C/feed/?lokasie=/proc/irq/49/node&loknya=/proc/irq/49 HTTP/1.1" 200 1965 "-" "Mozilla/5.0 (compatible; MJ12bot/v1.4.8; http://mj12bot.com/)"
193.70.46.175 - - [10/Apr/2025:17:13:28 +0330] "GET /product/%DA%86%D9%84%D9%88%D8%A7%DA%A9%D8%A8%D8%B1%D8%AC%D9%88%D8%AC%D9%87%DA%86%D9%84%D9%88%D8%A7%DB%8C%D8%B1%D8%A7%D9%86%DB%8C/feed/?loknya=/lib/firmware/ath10k/QCA9984/ HTTP/1.1" 200 2357 "-" "Mozilla/5.0 (compatible; MJ12bot/v1.4.8; http://mj12bot.com/)"
147.135.253.47 - - [10/Apr/2025:17:13:28 +0330] "GET /product/%DA%86%D9%84%D9%88-%D8%AC%D9%88%D8%AC%D9%87-%D8%A8%D8%AF%D9%88%D9%86-%D8%A7%D8%B3%D8%AA%D8%AE%D9%88%D8%A7%D9%86%DA%86%D9%84%D9%88%D8%A7%DB%8C%D8%B1%D8%A7%D9%86%DB%8C/feed/?lokasie=/proc/irq/49/smp_affinity&loknya=/proc/irq/49 HTTP/1.1" 200 1976 "-" "Mozilla/5.0 (compatible; MJ12bot/v1.4.8; http://mj12bot.com/)"
193.70.46.175 - - [10/Apr/2025:17:13:33 +0330] "GET /product/%DA%86%D9%84%D9%88%D8%A7%DA%A9%D8%A8%D8%B1%D8%AC%D9%88%D8%AC%D9%87%DA%86%D9%84%D9%88%D8%A7%DB%8C%D8%B1%D8%A7%D9%86%DB%8C/feed/?loknya=/lib/firmware/ath10k/QCA99X0/ HTTP/1.1" 200 2357 "-" "Mozilla/5.0 (compatible; MJ12bot/v1.4.8; http://mj12bot.com/)"
147.135.253.47 - - [10/Apr/2025:17:13:33 +0330] "GET /product/%DA%86%D9%84%D9%88-%D8%AC%D9%88%D8%AC%D9%87-%D8%A8%D8%AF%D9%88%D9%86-%D8%A7%D8%B3%D8%AA%D8%AE%D9%88%D8%A7%D9%86%DA%86%D9%84%D9%88%D8%A7%DB%8C%D8%B1%D8%A7%D9%86%DB%8C/feed/?lokasie=/proc/irq/49/spurious&loknya=/proc/irq/49 HTTP/1.1" 200 1989 "-" "Mozilla/5.0 (compatible; MJ12bot/v1.4.8; http://mj12bot.com/)"
193.70.46.175 - - [10/Apr/2025:17:13:38 +0330] "GET /product/%DA%86%D9%84%D9%88%D8%A7%DA%A9%D8%A8%D8%B1%D8%AC%D9%88%D8%AC%D9%87%DA%86%D9%84%D9%88%D8%A7%DB%8C%D8%B1%D8%A7%D9%86%DB%8C/feed/?loknya=/lib/firmware/ath11k/IPQ5018/ HTTP/1.1" 200 2351 "-" "Mozilla/5.0 (compatible; MJ12bot/v1.4.8; http://mj12bot.com/)"
147.135.253.47 - - [10/Apr/2025:17:13:38 +0330] "GET /product/%DA%86%D9%84%D9%88-%D8%AC%D9%88%D8%AC%D9%87-%D8%A8%D8%AF%D9%88%D9%86-%D8%A7%D8%B3%D8%AA%D8%AE%D9%88%D8%A7%D9%86%DA%86%D9%84%D9%88%D8%A7%DB%8C%D8%B1%D8%A7%D9%86%DB%8C/feed/?lokasie=/proc/irq/5/affinity_hint&loknya=/proc/irq/5 HTTP/1.1" 200 1973 "-" "Mozilla/5.0 (compatible; MJ12bot/v1.4.8; http://mj12bot.com/)"
193.70.46.175 - - [10/Apr/2025:17:13:43 +0330] "GET /product/%DA%86%D9%84%D9%88%D8%A7%DA%A9%D8%A8%D8%B1%D8%AC%D9%88%D8%AC%D9%87%DA%86%D9%84%D9%88%D8%A7%DB%8C%D8%B1%D8%A7%D9%86%DB%8C/feed/?loknya=/lib/firmware/ath11k/IPQ6018/ HTTP/1.1" 200 2351 "-" "Mozilla/5.0 (compatible; MJ12bot/v1.4.8; http://mj12bot.com/)"
147.135.253.47 - - [10/Apr/2025:17:13:44 +0330] "GET /product/%DA%86%D9%84%D9%88-%D8%AC%D9%88%D8%AC%D9%87-%D8%A8%D8%AF%D9%88%D9%86-%D8%A7%D8%B3%D8%AA%D8%AE%D9%88%D8%A7%D9%86%DA%86%D9%84%D9%88%D8%A7%DB%8C%D8%B1%D8%A7%D9%86%DB%8C/feed/?lokasie=/proc/irq/5/node&loknya=/proc/irq/5 HTTP/1.1" 200 1962 "-" "Mozilla/5.0 (compatible; MJ12bot/v1.4.8; http://mj12bot.com/)"
193.70.46.175 - - [10/Apr/2025:17:13:48 +0330] "GET /product/%DA%86%D9%84%D9%88%D8%A7%DA%A9%D8%A8%D8%B1%D8%AC%D9%88%D8%AC%D9%87%DA%86%D9%84%D9%88%D8%A7%DB%8C%D8%B1%D8%A7%D9%86%DB%8C/feed/?loknya=/lib/firmware/ath11k/IPQ8074/ HTTP/1.1" 200 2351 "-" "Mozilla/5.0 (compatible; MJ12bot/v1.4.8; http://mj12bot.com/)"
147.135.253.47 - - [10/Apr/2025:17:13:49 +0330] "GET /product/%DA%86%D9%84%D9%88-%D8%AC%D9%88%D8%AC%D9%87-%D8%A8%D8%AF%D9%88%D9%86-%D8%A7%D8%B3%D8%AA%D8%AE%D9%88%D8%A7%D9%86%DA%86%D9%84%D9%88%D8%A7%DB%8C%D8%B1%D8%A7%D9%86%DB%8C/feed/?lokasie=/proc/irq/5/smp_affinity&loknya=/proc/irq/5 HTTP/1.1" 200 1973 "-" "Mozilla/5.0 (compatible; MJ12bot/v1.4.8; http://mj12bot.com/)"
193.70.46.175 - - [10/Apr/2025:17:13:53 +0330] "GET /product/%DA%86%D9%84%D9%88%D8%A7%DA%A9%D8%A8%D8%B1%D8%AC%D9%88%D8%AC%D9%87%DA%86%D9%84%D9%88%D8%A7%DB%8C%D8%B1%D8%A7%D9%86%DB%8C/feed/?loknya=/lib/firmware/ath11k/QCA2066/ HTTP/1.1" 200 2351 "-" "Mozilla/5.0 (compatible; MJ12bot/v1.4.8; http://mj12bot.com/)"
147.135.253.47 - - [10/Apr/2025:17:13:54 +0330] "GET /product/%DA%86%D9%84%D9%88-%D8%AC%D9%88%D8%AC%D9%87-%D8%A8%D8%AF%D9%88%D9%86-%D8%A7%D8%B3%D8%AA%D8%AE%D9%88%D8%A7%D9%86%DA%86%D9%84%D9%88%D8%A7%DB%8C%D8%B1%D8%A7%D9%86%DB%8C/feed/?lokasie=/proc/irq/5/spurious&loknya=/proc/irq/5 HTTP/1.1" 200 1987 "-" "Mozilla/5.0 (compatible; MJ12bot/v1.4.8; http://mj12bot.com/)"
193.70.46.175 - - [10/Apr/2025:17:13:58 +0330] "GET /product/%DA%86%D9%84%D9%88%D8%A7%DA%A9%D8%A8%D8%B1%D8%AC%D9%88%D8%AC%D9%87%DA%86%D9%84%D9%88%D8%A7%DB%8C%D8%B1%D8%A7%D9%86%DB%8C/feed/?loknya=/lib/firmware/ath11k/QCA6390/ HTTP/1.1" 200 2351 "-" "Mozilla/5.0 (compatible; MJ12bot/v1.4.8; http://mj12bot.com/)"
147.135.253.47 - - [10/Apr/2025:17:13:59 +0330] "GET /product/%DA%86%D9%84%D9%88-%D8%AC%D9%88%D8%AC%D9%87-%D8%A8%D8%AF%D9%88%D9%86-%D8%A7%D8%B3%D8%AA%D8%AE%D9%88%D8%A7%D9%86%DA%86%D9%84%D9%88%D8%A7%DB%8C%D8%B1%D8%A7%D9%86%DB%8C/feed/?lokasie=/proc/irq/50/affinity_hint&loknya=/proc/irq/50 HTTP/1.1" 200 1975 "-" "Mozilla/5.0 (compatible; MJ12bot/v1.4.8; http://mj12bot.com/)"
193.70.46.175 - - [10/Apr/2025:17:14:03 +0330] "GET /product/%DA%86%D9%84%D9%88%D8%A7%DA%A9%D8%A8%D8%B1%D8%AC%D9%88%D8%AC%D9%87%DA%86%D9%84%D9%88%D8%A7%DB%8C%D8%B1%D8%A7%D9%86%DB%8C/feed/?loknya=/lib/firmware/ath11k/QCN9074/ HTTP/1.1" 200 2351 "-" "Mozilla/5.0 (compatible; MJ12bot/v1.4.8; http://mj12bot.com/)"
147.135.253.47 - - [10/Apr/2025:17:14:04 +0330] "GET /product/%DA%86%D9%84%D9%88-%D8%AC%D9%88%D8%AC%D9%87-%D8%A8%D8%AF%D9%88%D9%86-%D8%A7%D8%B3%D8%AA%D8%AE%D9%88%D8%A7%D9%86%DA%86%D9%84%D9%88%D8%A7%DB%8C%D8%B1%D8%A7%D9%86%DB%8C/feed/?lokasie=/proc/irq/50/node&loknya=/proc/irq/50 HTTP/1.1" 200 1964 "-" "Mozilla/5.0 (compatible; MJ12bot/v1.4.8; http://mj12bot.com/)"
193.70.46.175 - - [10/Apr/2025:17:14:08 +0330] "GET /product/%DA%86%D9%84%D9%88%D8%A7%DA%A9%D8%A8%D8%B1%D8%AC%D9%88%D8%AC%D9%87%DA%86%D9%84%D9%88%D8%A7%DB%8C%D8%B1%D8%A7%D9%86%DB%8C/feed/?loknya=/lib/firmware/ath11k/WCN6750/ HTTP/1.1" 200 2350 "-" "Mozilla/5.0 (compatible; MJ12bot/v1.4.8; http://mj12bot.com/)"
147.135.253.47 - - [10/Apr/2025:17:14:09 +0330] "GET /product/%DA%86%D9%84%D9%88-%D8%AC%D9%88%D8%AC%D9%87-%D8%A8%D8%AF%D9%88%D9%86-%D8%A7%D8%B3%D8%AA%D8%AE%D9%88%D8%A7%D9%86%DA%86%D9%84%D9%88%D8%A7%DB%8C%D8%B1%D8%A7%D9%86%DB%8C/feed/?lokasie=/proc/irq/50/smp_affinity&loknya=/proc/irq/50 HTTP/1.1" 200 1976 "-" "Mozilla/5.0 (compatible; MJ12bot/v1.4.8; http://mj12bot.com/)"
193.70.46.175 - - [10/Apr/2025:17:14:13 +0330] "GET /product/%DA%86%D9%84%D9%88%D8%A7%DA%A9%D8%A8%D8%B1%D8%AC%D9%88%D8%AC%D9%87%DA%86%D9%84%D9%88%D8%A7%DB%8C%D8%B1%D8%A7%D9%86%DB%8C/feed/?loknya=/lib/firmware/ath11k/WCN6750/hw1.0/qcm6490 HTTP/1.1" 200 2425 "-" "Mozilla/5.0 (compatible; MJ12bot/v1.4.8; http://mj12bot.com/)"
147.135.253.47 - - [10/Apr/2025:17:14:14 +0330] "GET /product/%DA%86%D9%84%D9%88-%D8%AC%D9%88%D8%AC%D9%87-%D8%A8%D8%AF%D9%88%D9%86-%D8%A7%D8%B3%D8%AA%D8%AE%D9%88%D8%A7%D9%86%DA%86%D9%84%D9%88%D8%A7%DB%8C%D8%B1%D8%A7%D9%86%DB%8C/feed/?lokasie=/proc/irq/50/spurious&loknya=/proc/irq/50 HTTP/1.1" 200 1989 "-" "Mozilla/5.0 (compatible; MJ12bot/v1.4.8; http://mj12bot.com/)"
193.70.46.175 - - [10/Apr/2025:17:14:18 +0330] "GET /product/%DA%86%D9%84%D9%88%D8%A7%DA%A9%D8%A8%D8%B1%D8%AC%D9%88%D8%AC%D9%87%DA%86%D9%84%D9%88%D8%A7%DB%8C%D8%B1%D8%A7%D9%86%DB%8C/feed/?loknya=/lib/firmware/ath11k/WCN6750/hw1.0/sc7280 HTTP/1.1" 200 2423 "-" "Mozilla/5.0 (compatible; MJ12bot/v1.4.8; http://mj12bot.com/)"
147.135.253.47 - - [10/Apr/2025:17:14:19 +0330] "GET /product/%DA%86%D9%84%D9%88-%D8%AC%D9%88%D8%AC%D9%87-%D8%A8%D8%AF%D9%88%D9%86-%D8%A7%D8%B3%D8%AA%D8%AE%D9%88%D8%A7%D9%86%DA%86%D9%84%D9%88%D8%A7%DB%8C%D8%B1%D8%A7%D9%86%DB%8C/feed/?lokasie=/proc/irq/51/affinity_hint&loknya=/proc/irq/51 HTTP/1.1" 200 1975 "-" "Mozilla/5.0 (compatible; MJ12bot/v1.4.8; http://mj12bot.com/)"
147.135.253.47 - - [10/Apr/2025:17:14:24 +0330] "GET /product/%DA%86%D9%84%D9%88-%D8%AC%D9%88%D8%AC%D9%87-%D8%A8%D8%AF%D9%88%D9%86-%D8%A7%D8%B3%D8%AA%D8%AE%D9%88%D8%A7%D9%86%DA%86%D9%84%D9%88%D8%A7%DB%8C%D8%B1%D8%A7%D9%86%DB%8C/feed/?lokasie=/proc/irq/51/node&loknya=/proc/irq/51 HTTP/1.1" 200 1964 "-" "Mozilla/5.0 (compatible; MJ12bot/v1.4.8; http://mj12bot.com/)"
47.79.3.52 - - [10/Apr/2025:17:14:26 +0330] "GET /category/%D8%AF%D8%B3%D8%AA%D9%87%D8%A8%D9%86%D8%AF%DB%8C-%D9%86%D8%B4%D8%AF%D9%87/page/460 HTTP/1.1" 200 4092 "https://sitsaz202.ir/category/%D8%AF%D8%B3%D8%AA%D9%87%D8%A8%D9%86%D8%AF%DB%8C-%D9%86%D8%B4%D8%AF%D9%87/page/460" "Mozilla/5.0 (Windows NT 10.0; Win64; x64) AppleWebKit/537.36 (KHTML, like Gecko) Chrome/114.0.0.0 Safari/537.36 Edg/114.0.1823.43"
147.135.253.47 - - [10/Apr/2025:17:14:29 +0330] "GET /product/%DA%86%D9%84%D9%88-%D8%AC%D9%88%D8%AC%D9%87-%D8%A8%D8%AF%D9%88%D9%86-%D8%A7%D8%B3%D8%AA%D8%AE%D9%88%D8%A7%D9%86%DA%86%D9%84%D9%88%D8%A7%DB%8C%D8%B1%D8%A7%D9%86%DB%8C/feed/?lokasie=/proc/irq/51/smp_affinity&loknya=/proc/irq/51 HTTP/1.1" 200 1976 "-" "Mozilla/5.0 (compatible; MJ12bot/v1.4.8; http://mj12bot.com/)"
147.135.253.47 - - [10/Apr/2025:17:14:34 +0330] "GET /product/%DA%86%D9%84%D9%88-%D8%AC%D9%88%D8%AC%D9%87-%D8%A8%D8%AF%D9%88%D9%86-%D8%A7%D8%B3%D8%AA%D8%AE%D9%88%D8%A7%D9%86%DA%86%D9%84%D9%88%D8%A7%DB%8C%D8%B1%D8%A7%D9%86%DB%8C/feed/?lokasie=/proc/irq/51/spurious&loknya=/proc/irq/51 HTTP/1.1" 200 1989 "-" "Mozilla/5.0 (compatible; MJ12bot/v1.4.8; http://mj12bot.com/)"
147.135.253.47 - - [10/Apr/2025:17:14:39 +0330] "GET /product/%DA%86%D9%84%D9%88-%D8%AC%D9%88%D8%AC%D9%87-%D8%A8%D8%AF%D9%88%D9%86-%D8%A7%D8%B3%D8%AA%D8%AE%D9%88%D8%A7%D9%86%DA%86%D9%84%D9%88%D8%A7%DB%8C%D8%B1%D8%A7%D9%86%DB%8C/feed/?lokasie=/proc/irq/52/affinity_hint&loknya=/proc/irq/52 HTTP/1.1" 200 1975 "-" "Mozilla/5.0 (compatible; MJ12bot/v1.4.8; http://mj12bot.com/)"
147.135.253.47 - - [10/Apr/2025:17:14:44 +0330] "GET /product/%DA%86%D9%84%D9%88-%D8%AC%D9%88%D8%AC%D9%87-%D8%A8%D8%AF%D9%88%D9%86-%D8%A7%D8%B3%D8%AA%D8%AE%D9%88%D8%A7%D9%86%DA%86%D9%84%D9%88%D8%A7%DB%8C%D8%B1%D8%A7%D9%86%DB%8C/feed/?lokasie=/proc/irq/52/node&loknya=/proc/irq/52 HTTP/1.1" 200 1964 "-" "Mozilla/5.0 (compatible; MJ12bot/v1.4.8; http://mj12bot.com/)"
147.135.253.47 - - [10/Apr/2025:17:14:49 +0330] "GET /product/%DA%86%D9%84%D9%88-%D8%AC%D9%88%D8%AC%D9%87-%D8%A8%D8%AF%D9%88%D9%86-%D8%A7%D8%B3%D8%AA%D8%AE%D9%88%D8%A7%D9%86%DA%86%D9%84%D9%88%D8%A7%DB%8C%D8%B1%D8%A7%D9%86%DB%8C/feed/?lokasie=/proc/irq/52/smp_affinity&loknya=/proc/irq/52 HTTP/1.1" 200 1976 "-" "Mozilla/5.0 (compatible; MJ12bot/v1.4.8; http://mj12bot.com/)"
147.135.253.47 - - [10/Apr/2025:17:14:54 +0330] "GET /product/%DA%86%D9%84%D9%88-%D8%AC%D9%88%D8%AC%D9%87-%D8%A8%D8%AF%D9%88%D9%86-%D8%A7%D8%B3%D8%AA%D8%AE%D9%88%D8%A7%D9%86%DA%86%D9%84%D9%88%D8%A7%DB%8C%D8%B1%D8%A7%D9%86%DB%8C/feed/?lokasie=/proc/irq/52/spurious&loknya=/proc/irq/52 HTTP/1.1" 200 1989 "-" "Mozilla/5.0 (compatible; MJ12bot/v1.4.8; http://mj12bot.com/)"
147.135.253.47 - - [10/Apr/2025:17:14:59 +0330] "GET /product/%DA%86%D9%84%D9%88-%D8%AC%D9%88%D8%AC%D9%87-%D8%A8%D8%AF%D9%88%D9%86-%D8%A7%D8%B3%D8%AA%D8%AE%D9%88%D8%A7%D9%86%DA%86%D9%84%D9%88%D8%A7%DB%8C%D8%B1%D8%A7%D9%86%DB%8C/feed/?lokasie=/proc/irq/53/affinity_hint&loknya=/proc/irq/53 HTTP/1.1" 200 1975 "-" "Mozilla/5.0 (compatible; MJ12bot/v1.4.8; http://mj12bot.com/)"
147.135.253.47 - - [10/Apr/2025:17:01:25 +0330] "GET /product/%DA%86%D9%84%D9%88-%D8%AC%D9%88%D8%AC%D9%87-%D8%A8%D8%AF%D9%88%D9%86-%D8%A7%D8%B3%D8%AA%D8%AE%D9%88%D8%A7%D9%86%DA%86%D9%84%D9%88%D8%A7%DB%8C%D8%B1%D8%A7%D9%86%DB%8C/feed/?lokasie=/proc/irq/13/node&loknya=/proc/irq/13 HTTP/1.1" 200 1964 "-" "Mozilla/5.0 (compatible; MJ12bot/v1.4.8; http://mj12bot.com/)"
193.70.46.175 - - [10/Apr/2025:17:01:06 +0330] "GET /product/%DA%86%D9%84%D9%88%D8%A7%DA%A9%D8%A8%D8%B1%D8%AC%D9%88%D8%AC%D9%87%DA%86%D9%84%D9%88%D8%A7%DB%8C%D8%B1%D8%A7%D9%86%DB%8C/feed/?lokasie=/lib/python2.7/site-packages/pip//locations.pyc&loknya=/lib/python2.7/site-packages/pip/ HTTP/1.1" 301 122 "-" "Mozilla/5.0 (compatible; MJ12bot/v1.4.8; http://mj12bot.com/)"
147.135.253.47 - - [10/Apr/2025:17:01:50 +0330] "GET /product/%DA%86%D9%84%D9%88-%D8%AC%D9%88%D8%AC%D9%87-%D8%A8%D8%AF%D9%88%D9%86-%D8%A7%D8%B3%D8%AA%D8%AE%D9%88%D8%A7%D9%86%DA%86%D9%84%D9%88%D8%A7%DB%8C%D8%B1%D8%A7%D9%86%DB%8C/feed/?lokasie=/proc/irq/13/smp_affinity&loknya=/proc/irq/13 HTTP/1.1" 200 1969 "-" "Mozilla/5.0 (compatible; MJ12bot/v1.4.8; http://mj12bot.com/)"
18.191.232.50 - - [10/Apr/2025:17:05:01 +0330] "GET /?lokasie=%2Flib%2Fsystemd%2Fsystem%2F%2Fiprdump.service&loknya=%2Flib%2Fsystemd%2Fsystem%2F HTTP/2" 200 2084 "-" "Mozilla/5.0 AppleWebKit/537.36 (KHTML, like Gecko; compatible; ClaudeBot/1.0; +claudebot@anthropic.com)"
47.79.3.70 - - [10/Apr/2025:17:06:57 +0330] "GET /2024/08/13/gamble-blackjack-on-the-internet HTTP/1.1" 200 4086 "https://sitsaz202.ir/2024/08/13/gamble-blackjack-on-the-internet" "Mozilla/5.0 (Windows NT 10.0; Win64; x64) AppleWebKit/537.36 (KHTML, like Gecko) Chrome/114.0.0.0 Safari/537.36 Edg/114.0.1823.43"
47.79.120.246 - - [10/Apr/2025:17:08:18 +0330] "GET /2024/08/13/best-bitcoin-casino-with-no-put-bonuses-inside-the-2024 HTTP/1.1" 200 4091 "https://sitsaz202.ir/2024/08/13/best-bitcoin-casino-with-no-put-bonuses-inside-the-2024" "Mozilla/5.0 (Windows NT 10.0; Win64; x64) AppleWebKit/537.36 (KHTML, like Gecko) Chrome/114.0.0.0 Safari/537.36 Edg/114.0.1823.43"
47.79.2.14 - - [10/Apr/2025:17:10:20 +0330] "GET /2024/08/22/tratar-en-internet-falto-asignacion HTTP/1.1" 200 4089 "https://sitsaz202.ir/2024/08/22/tratar-en-internet-falto-asignacion" "Mozilla/5.0 (Windows NT 10.0; Win64; x64) AppleWebKit/537.36 (KHTML, like Gecko) Chrome/114.0.0.0 Safari/537.36 Edg/114.0.1823.43"
47.79.121.170 - - [10/Apr/2025:17:11:16 +0330] "GET /2024/08/18/craps-bets-told-me HTTP/1.1" 200 4091 "https://sitsaz202.ir/2024/08/18/craps-bets-told-me" "Mozilla/5.0 (Windows NT 10.0; Win64; x64) AppleWebKit/537.36 (KHTML, like Gecko) Chrome/114.0.0.0 Safari/537.36 Edg/114.0.1823.43"
47.79.117.165 - - [10/Apr/2025:17:11:22 +0330] "GET /2024/08/16/luchadora-totally-free-position-from-thunderkick HTTP/1.1" 200 4091 "https://sitsaz202.ir/2024/08/16/luchadora-totally-free-position-from-thunderkick" "Mozilla/5.0 (Windows NT 10.0; Win64; x64) AppleWebKit/537.36 (KHTML, like Gecko) Chrome/114.0.0.0 Safari/537.36 Edg/114.0.1823.43"
47.82.11.150 - - [10/Apr/2025:17:12:41 +0330] "GET /2024/08/17/lucky-red-gambling-establishment-bonuses-2024-no-deposit-added-bonus-rules HTTP/1.1" 200 4090 "https://sitsaz202.ir/2024/08/17/lucky-red-gambling-establishment-bonuses-2024-no-deposit-added-bonus-rules" "Mozilla/5.0 (Windows NT 10.0; Win64; x64) AppleWebKit/537.36 (KHTML, like Gecko) Chrome/114.0.0.0 Safari/537.36 Edg/114.0.1823.43"
47.79.2.223 - - [10/Apr/2025:17:12:58 +0330] "GET /2024/08/13/anmeldelser-af-rigtig-kaffeplante HTTP/1.1" 200 4092 "https://sitsaz202.ir/2024/08/13/anmeldelser-af-rigtig-kaffeplante" "Mozilla/5.0 (Windows NT 10.0; Win64; x64) AppleWebKit/537.36 (KHTML, like Gecko) Chrome/114.0.0.0 Safari/537.36 Edg/114.0.1823.43"
147.135.253.47 - - [10/Apr/2025:17:15:05 +0330] "GET /product/%DA%86%D9%84%D9%88-%D8%AC%D9%88%D8%AC%D9%87-%D8%A8%D8%AF%D9%88%D9%86-%D8%A7%D8%B3%D8%AA%D8%AE%D9%88%D8%A7%D9%86%DA%86%D9%84%D9%88%D8%A7%DB%8C%D8%B1%D8%A7%D9%86%DB%8C/feed/?lokasie=/proc/irq/53/node&loknya=/proc/irq/53 HTTP/1.1" 200 1964 "-" "Mozilla/5.0 (compatible; MJ12bot/v1.4.8; http://mj12bot.com/)"
147.135.253.47 - - [10/Apr/2025:17:15:10 +0330] "GET /product/%DA%86%D9%84%D9%88-%D8%AC%D9%88%D8%AC%D9%87-%D8%A8%D8%AF%D9%88%D9%86-%D8%A7%D8%B3%D8%AA%D8%AE%D9%88%D8%A7%D9%86%DA%86%D9%84%D9%88%D8%A7%DB%8C%D8%B1%D8%A7%D9%86%DB%8C/feed/?lokasie=/proc/irq/53/smp_affinity&loknya=/proc/irq/53 HTTP/1.1" 200 1975 "-" "Mozilla/5.0 (compatible; MJ12bot/v1.4.8; http://mj12bot.com/)"
147.135.253.47 - - [10/Apr/2025:17:15:15 +0330] "GET /product/%DA%86%D9%84%D9%88-%D8%AC%D9%88%D8%AC%D9%87-%D8%A8%D8%AF%D9%88%D9%86-%D8%A7%D8%B3%D8%AA%D8%AE%D9%88%D8%A7%D9%86%DA%86%D9%84%D9%88%D8%A7%DB%8C%D8%B1%D8%A7%D9%86%DB%8C/feed/?lokasie=/proc/irq/53/spurious&loknya=/proc/irq/53 HTTP/1.1" 200 1989 "-" "Mozilla/5.0 (compatible; MJ12bot/v1.4.8; http://mj12bot.com/)"
47.82.11.118 - - [10/Apr/2025:17:15:26 +0330] "GET /2024/08/19/book-of-ra-6-deluxe-gratis-vortragen-exklusive-anmeldung-free-kundgebung-slot HTTP/1.1" 200 4091 "https://sitsaz202.ir/2024/08/19/book-of-ra-6-deluxe-gratis-vortragen-exklusive-anmeldung-free-kundgebung-slot" "Mozilla/5.0 (Windows NT 10.0; Win64; x64) AppleWebKit/537.36 (KHTML, like Gecko) Chrome/114.0.0.0 Safari/537.36 Edg/114.0.1823.43"
47.79.98.125 - - [10/Apr/2025:17:15:31 +0330] "GET /2024/08/13/tragamonedas-novedosas-2022-juegos-casino-echtgeld-gratogana-bet-espana-org-tragamonedas-cinco-tambores-bonus-casino-gran-madrid-sobre-online HTTP/1.1" 200 4093 "https://sitsaz202.ir/2024/08/13/tragamonedas-novedosas-2022-juegos-casino-echtgeld-gratogana-bet-espana-org-tragamonedas-cinco-tambores-bonus-casino-gran-madrid-sobre-online" "Mozilla/5.0 (Windows NT 10.0; Win64; x64) AppleWebKit/537.36 (KHTML, like Gecko) Chrome/114.0.0.0 Safari/537.36 Edg/114.0.1823.43"
147.135.253.47 - - [10/Apr/2025:17:15:20 +0330] "GET /product/%DA%86%D9%84%D9%88-%D8%AC%D9%88%D8%AC%D9%87-%D8%A8%D8%AF%D9%88%D9%86-%D8%A7%D8%B3%D8%AA%D8%AE%D9%88%D8%A7%D9%86%DA%86%D9%84%D9%88%D8%A7%DB%8C%D8%B1%D8%A7%D9%86%DB%8C/feed/?lokasie=/proc/irq/54/affinity_hint&loknya=/proc/irq/54 HTTP/1.1" 200 1975 "-" "Mozilla/5.0 (compatible; MJ12bot/v1.4.8; http://mj12bot.com/)"
147.135.253.47 - - [10/Apr/2025:17:15:46 +0330] "GET /product/%DA%86%D9%84%D9%88-%D8%AC%D9%88%D8%AC%D9%87-%D8%A8%D8%AF%D9%88%D9%86-%D8%A7%D8%B3%D8%AA%D8%AE%D9%88%D8%A7%D9%86%DA%86%D9%84%D9%88%D8%A7%DB%8C%D8%B1%D8%A7%D9%86%DB%8C/feed/?lokasie=/proc/irq/54/node&loknya=/proc/irq/54 HTTP/1.1" 301 122 "-" "Mozilla/5.0 (compatible; MJ12bot/v1.4.8; http://mj12bot.com/)"
47.82.11.154 - - [10/Apr/2025:17:16:36 +0330] "GET /2023/05/09/site-estatal-de-apostas-electronic-online-cassino-zero-brasi HTTP/1.1" 200 4083 "https://sitsaz202.ir/2023/05/09/site-estatal-de-apostas-electronic-online-cassino-zero-brasi" "Mozilla/5.0 (Windows NT 10.0; Win64; x64) AppleWebKit/537.36 (KHTML, like Gecko) Chrome/114.0.0.0 Safari/537.36 Edg/114.0.1823.43"
147.135.253.47 - - [10/Apr/2025:17:16:30 +0330] "GET /product/%DA%86%D9%84%D9%88-%D8%AC%D9%88%D8%AC%D9%87-%D8%A8%D8%AF%D9%88%D9%86-%D8%A7%D8%B3%D8%AA%D8%AE%D9%88%D8%A7%D9%86%DA%86%D9%84%D9%88%D8%A7%DB%8C%D8%B1%D8%A7%D9%86%DB%8C/feed/?lokasie=/proc/irq/54/smp_affinity&loknya=/proc/irq/54 HTTP/1.1" 200 1975 "-" "Mozilla/5.0 (compatible; MJ12bot/v1.4.8; http://mj12bot.com/)"
147.135.253.47 - - [10/Apr/2025:17:16:50 +0330] "GET /product/%DA%86%D9%84%D9%88-%D8%AC%D9%88%D8%AC%D9%87-%D8%A8%D8%AF%D9%88%D9%86-%D8%A7%D8%B3%D8%AA%D8%AE%D9%88%D8%A7%D9%86%DA%86%D9%84%D9%88%D8%A7%DB%8C%D8%B1%D8%A7%D9%86%DB%8C/feed/?lokasie=/proc/irq/54/spurious&loknya=/proc/irq/54 HTTP/1.1" 200 1982 "-" "Mozilla/5.0 (compatible; MJ12bot/v1.4.8; http://mj12bot.com/)"
147.135.253.47 - - [10/Apr/2025:17:17:31 +0330] "GET /product/%DA%86%D9%84%D9%88-%D8%AC%D9%88%D8%AC%D9%87-%D8%A8%D8%AF%D9%88%D9%86-%D8%A7%D8%B3%D8%AA%D8%AE%D9%88%D8%A7%D9%86%DA%86%D9%84%D9%88%D8%A7%DB%8C%D8%B1%D8%A7%D9%86%DB%8C/feed/?lokasie=/proc/irq/55/affinity_hint&loknya=/proc/irq/55 HTTP/1.1" 200 1975 "-" "Mozilla/5.0 (compatible; MJ12bot/v1.4.8; http://mj12bot.com/)"
147.135.253.47 - - [10/Apr/2025:17:17:51 +0330] "GET /product/%DA%86%D9%84%D9%88-%D8%AC%D9%88%D8%AC%D9%87-%D8%A8%D8%AF%D9%88%D9%86-%D8%A7%D8%B3%D8%AA%D8%AE%D9%88%D8%A7%D9%86%DA%86%D9%84%D9%88%D8%A7%DB%8C%D8%B1%D8%A7%D9%86%DB%8C/feed/?lokasie=/proc/irq/55/node&loknya=/proc/irq/55 HTTP/1.1" 200 1964 "-" "Mozilla/5.0 (compatible; MJ12bot/v1.4.8; http://mj12bot.com/)"
147.135.253.47 - - [10/Apr/2025:17:17:56 +0330] "GET /product/%DA%86%D9%84%D9%88-%D8%AC%D9%88%D8%AC%D9%87-%D8%A8%D8%AF%D9%88%D9%86-%D8%A7%D8%B3%D8%AA%D8%AE%D9%88%D8%A7%D9%86%DA%86%D9%84%D9%88%D8%A7%DB%8C%D8%B1%D8%A7%D9%86%DB%8C/feed/?lokasie=/proc/irq/55/smp_affinity&loknya=/proc/irq/55 HTTP/1.1" 200 1975 "-" "Mozilla/5.0 (compatible; MJ12bot/v1.4.8; http://mj12bot.com/)"
147.135.253.47 - - [10/Apr/2025:17:18:01 +0330] "GET /product/%DA%86%D9%84%D9%88-%D8%AC%D9%88%D8%AC%D9%87-%D8%A8%D8%AF%D9%88%D9%86-%D8%A7%D8%B3%D8%AA%D8%AE%D9%88%D8%A7%D9%86%DA%86%D9%84%D9%88%D8%A7%DB%8C%D8%B1%D8%A7%D9%86%DB%8C/feed/?lokasie=/proc/irq/55/spurious&loknya=/proc/irq/55 HTTP/1.1" 200 1988 "-" "Mozilla/5.0 (compatible; MJ12bot/v1.4.8; http://mj12bot.com/)"
147.135.253.47 - - [10/Apr/2025:17:18:06 +0330] "GET /product/%DA%86%D9%84%D9%88-%D8%AC%D9%88%D8%AC%D9%87-%D8%A8%D8%AF%D9%88%D9%86-%D8%A7%D8%B3%D8%AA%D8%AE%D9%88%D8%A7%D9%86%DA%86%D9%84%D9%88%D8%A7%DB%8C%D8%B1%D8%A7%D9%86%DB%8C/feed/?lokasie=/proc/irq/56/affinity_hint&loknya=/proc/irq/56 HTTP/1.1" 200 1975 "-" "Mozilla/5.0 (compatible; MJ12bot/v1.4.8; http://mj12bot.com/)"
147.135.253.47 - - [10/Apr/2025:17:18:12 +0330] "GET /product/%DA%86%D9%84%D9%88-%D8%AC%D9%88%D8%AC%D9%87-%D8%A8%D8%AF%D9%88%D9%86-%D8%A7%D8%B3%D8%AA%D8%AE%D9%88%D8%A7%D9%86%DA%86%D9%84%D9%88%D8%A7%DB%8C%D8%B1%D8%A7%D9%86%DB%8C/feed/?lokasie=/proc/irq/56/node&loknya=/proc/irq/56 HTTP/1.1" 200 1964 "-" "Mozilla/5.0 (compatible; MJ12bot/v1.4.8; http://mj12bot.com/)"
147.135.253.47 - - [10/Apr/2025:17:18:17 +0330] "GET /product/%DA%86%D9%84%D9%88-%D8%AC%D9%88%D8%AC%D9%87-%D8%A8%D8%AF%D9%88%D9%86-%D8%A7%D8%B3%D8%AA%D8%AE%D9%88%D8%A7%D9%86%DA%86%D9%84%D9%88%D8%A7%DB%8C%D8%B1%D8%A7%D9%86%DB%8C/feed/?lokasie=/proc/irq/56/smp_affinity&loknya=/proc/irq/56 HTTP/1.1" 200 1975 "-" "Mozilla/5.0 (compatible; MJ12bot/v1.4.8; http://mj12bot.com/)"
147.135.253.47 - - [10/Apr/2025:17:18:22 +0330] "GET /product/%DA%86%D9%84%D9%88-%D8%AC%D9%88%D8%AC%D9%87-%D8%A8%D8%AF%D9%88%D9%86-%D8%A7%D8%B3%D8%AA%D8%AE%D9%88%D8%A7%D9%86%DA%86%D9%84%D9%88%D8%A7%DB%8C%D8%B1%D8%A7%D9%86%DB%8C/feed/?lokasie=/proc/irq/56/spurious&loknya=/proc/irq/56 HTTP/1.1" 200 1989 "-" "Mozilla/5.0 (compatible; MJ12bot/v1.4.8; http://mj12bot.com/)"
147.135.253.47 - - [10/Apr/2025:17:18:27 +0330] "GET /product/%DA%86%D9%84%D9%88-%D8%AC%D9%88%D8%AC%D9%87-%D8%A8%D8%AF%D9%88%D9%86-%D8%A7%D8%B3%D8%AA%D8%AE%D9%88%D8%A7%D9%86%DA%86%D9%84%D9%88%D8%A7%DB%8C%D8%B1%D8%A7%D9%86%DB%8C/feed/?lokasie=/proc/irq/57/affinity_hint&loknya=/proc/irq/57 HTTP/1.1" 200 1975 "-" "Mozilla/5.0 (compatible; MJ12bot/v1.4.8; http://mj12bot.com/)"
147.135.253.47 - - [10/Apr/2025:17:18:32 +0330] "GET /product/%DA%86%D9%84%D9%88-%D8%AC%D9%88%D8%AC%D9%87-%D8%A8%D8%AF%D9%88%D9%86-%D8%A7%D8%B3%D8%AA%D8%AE%D9%88%D8%A7%D9%86%DA%86%D9%84%D9%88%D8%A7%DB%8C%D8%B1%D8%A7%D9%86%DB%8C/feed/?lokasie=/proc/irq/57/node&loknya=/proc/irq/57 HTTP/1.1" 200 1965 "-" "Mozilla/5.0 (compatible; MJ12bot/v1.4.8; http://mj12bot.com/)"
147.135.253.47 - - [10/Apr/2025:17:18:37 +0330] "GET /product/%DA%86%D9%84%D9%88-%D8%AC%D9%88%D8%AC%D9%87-%D8%A8%D8%AF%D9%88%D9%86-%D8%A7%D8%B3%D8%AA%D8%AE%D9%88%D8%A7%D9%86%DA%86%D9%84%D9%88%D8%A7%DB%8C%D8%B1%D8%A7%D9%86%DB%8C/feed/?lokasie=/proc/irq/57/smp_affinity&loknya=/proc/irq/57 HTTP/1.1" 200 1975 "-" "Mozilla/5.0 (compatible; MJ12bot/v1.4.8; http://mj12bot.com/)"
147.135.253.47 - - [10/Apr/2025:17:18:42 +0330] "GET /product/%DA%86%D9%84%D9%88-%D8%AC%D9%88%D8%AC%D9%87-%D8%A8%D8%AF%D9%88%D9%86-%D8%A7%D8%B3%D8%AA%D8%AE%D9%88%D8%A7%D9%86%DA%86%D9%84%D9%88%D8%A7%DB%8C%D8%B1%D8%A7%D9%86%DB%8C/feed/?lokasie=/proc/irq/57/spurious&loknya=/proc/irq/57 HTTP/1.1" 200 1989 "-" "Mozilla/5.0 (compatible; MJ12bot/v1.4.8; http://mj12bot.com/)"
147.135.253.47 - - [10/Apr/2025:17:18:47 +0330] "GET /product/%DA%86%D9%84%D9%88-%D8%AC%D9%88%D8%AC%D9%87-%D8%A8%D8%AF%D9%88%D9%86-%D8%A7%D8%B3%D8%AA%D8%AE%D9%88%D8%A7%D9%86%DA%86%D9%84%D9%88%D8%A7%DB%8C%D8%B1%D8%A7%D9%86%DB%8C/feed/?lokasie=/proc/irq/58/affinity_hint&loknya=/proc/irq/58 HTTP/1.1" 200 1975 "-" "Mozilla/5.0 (compatible; MJ12bot/v1.4.8; http://mj12bot.com/)"
147.135.253.47 - - [10/Apr/2025:17:18:52 +0330] "GET /product/%DA%86%D9%84%D9%88-%D8%AC%D9%88%D8%AC%D9%87-%D8%A8%D8%AF%D9%88%D9%86-%D8%A7%D8%B3%D8%AA%D8%AE%D9%88%D8%A7%D9%86%DA%86%D9%84%D9%88%D8%A7%DB%8C%D8%B1%D8%A7%D9%86%DB%8C/feed/?lokasie=/proc/irq/58/node&loknya=/proc/irq/58 HTTP/1.1" 200 1965 "-" "Mozilla/5.0 (compatible; MJ12bot/v1.4.8; http://mj12bot.com/)"
147.135.253.47 - - [10/Apr/2025:17:18:57 +0330] "GET /product/%DA%86%D9%84%D9%88-%D8%AC%D9%88%D8%AC%D9%87-%D8%A8%D8%AF%D9%88%D9%86-%D8%A7%D8%B3%D8%AA%D8%AE%D9%88%D8%A7%D9%86%DA%86%D9%84%D9%88%D8%A7%DB%8C%D8%B1%D8%A7%D9%86%DB%8C/feed/?lokasie=/proc/irq/58/smp_affinity&loknya=/proc/irq/58 HTTP/1.1" 200 1975 "-" "Mozilla/5.0 (compatible; MJ12bot/v1.4.8; http://mj12bot.com/)"
147.135.253.47 - - [10/Apr/2025:17:19:03 +0330] "GET /product/%DA%86%D9%84%D9%88-%D8%AC%D9%88%D8%AC%D9%87-%D8%A8%D8%AF%D9%88%D9%86-%D8%A7%D8%B3%D8%AA%D8%AE%D9%88%D8%A7%D9%86%DA%86%D9%84%D9%88%D8%A7%DB%8C%D8%B1%D8%A7%D9%86%DB%8C/feed/?lokasie=/proc/irq/58/spurious&loknya=/proc/irq/58 HTTP/1.1" 200 1989 "-" "Mozilla/5.0 (compatible; MJ12bot/v1.4.8; http://mj12bot.com/)"
147.135.253.47 - - [10/Apr/2025:17:19:08 +0330] "GET /product/%DA%86%D9%84%D9%88-%D8%AC%D9%88%D8%AC%D9%87-%D8%A8%D8%AF%D9%88%D9%86-%D8%A7%D8%B3%D8%AA%D8%AE%D9%88%D8%A7%D9%86%DA%86%D9%84%D9%88%D8%A7%DB%8C%D8%B1%D8%A7%D9%86%DB%8C/feed/?lokasie=/proc/irq/59/affinity_hint&loknya=/proc/irq/59 HTTP/1.1" 200 1975 "-" "Mozilla/5.0 (compatible; MJ12bot/v1.4.8; http://mj12bot.com/)"
147.135.253.47 - - [10/Apr/2025:17:19:13 +0330] "GET /product/%DA%86%D9%84%D9%88-%D8%AC%D9%88%D8%AC%D9%87-%D8%A8%D8%AF%D9%88%D9%86-%D8%A7%D8%B3%D8%AA%D8%AE%D9%88%D8%A7%D9%86%DA%86%D9%84%D9%88%D8%A7%DB%8C%D8%B1%D8%A7%D9%86%DB%8C/feed/?lokasie=/proc/irq/59/node&loknya=/proc/irq/59 HTTP/1.1" 200 1965 "-" "Mozilla/5.0 (compatible; MJ12bot/v1.4.8; http://mj12bot.com/)"
147.135.253.47 - - [10/Apr/2025:17:19:18 +0330] "GET /product/%DA%86%D9%84%D9%88-%D8%AC%D9%88%D8%AC%D9%87-%D8%A8%D8%AF%D9%88%D9%86-%D8%A7%D8%B3%D8%AA%D8%AE%D9%88%D8%A7%D9%86%DA%86%D9%84%D9%88%D8%A7%DB%8C%D8%B1%D8%A7%D9%86%DB%8C/feed/?lokasie=/proc/irq/59/smp_affinity&loknya=/proc/irq/59 HTTP/1.1" 200 1975 "-" "Mozilla/5.0 (compatible; MJ12bot/v1.4.8; http://mj12bot.com/)"
147.135.253.47 - - [10/Apr/2025:17:19:23 +0330] "GET /product/%DA%86%D9%84%D9%88-%D8%AC%D9%88%D8%AC%D9%87-%D8%A8%D8%AF%D9%88%D9%86-%D8%A7%D8%B3%D8%AA%D8%AE%D9%88%D8%A7%D9%86%DA%86%D9%84%D9%88%D8%A7%DB%8C%D8%B1%D8%A7%D9%86%DB%8C/feed/?lokasie=/proc/irq/59/spurious&loknya=/proc/irq/59 HTTP/1.1" 200 1989 "-" "Mozilla/5.0 (compatible; MJ12bot/v1.4.8; http://mj12bot.com/)"
47.79.2.223 - - [10/Apr/2025:17:16:17 +0330] "GET /2024/08/14/gambling-games-from-the-seminole-hard-rock-resort-casino-tampa HTTP/1.1" 200 4082 "https://sitsaz202.ir/2024/08/14/gambling-games-from-the-seminole-hard-rock-resort-casino-tampa" "Mozilla/5.0 (Windows NT 10.0; Win64; x64) AppleWebKit/537.36 (KHTML, like Gecko) Chrome/114.0.0.0 Safari/537.36 Edg/114.0.1823.43"
47.79.98.125 - - [10/Apr/2025:17:17:18 +0330] "GET /2024/08/16/lieve-online-videoslots-noppes-performen-waagstuk-videoslots-om-strafbaar-met-premie HTTP/1.1" 200 4084 "https://sitsaz202.ir/2024/08/16/lieve-online-videoslots-noppes-performen-waagstuk-videoslots-om-strafbaar-met-premie" "Mozilla/5.0 (Windows NT 10.0; Win64; x64) AppleWebKit/537.36 (KHTML, like Gecko) Chrome/114.0.0.0 Safari/537.36 Edg/114.0.1823.43"
47.79.3.70 - - [10/Apr/2025:17:17:43 +0330] "GET /2024/08/17/10-best-real-money-online-slots-websites-out-of-2024 HTTP/1.1" 200 4087 "https://sitsaz202.ir/2024/08/17/10-best-real-money-online-slots-websites-out-of-2024" "Mozilla/5.0 (Windows NT 10.0; Win64; x64) AppleWebKit/537.36 (KHTML, like Gecko) Chrome/114.0.0.0 Safari/537.36 Edg/114.0.1823.43"
3.137.203.53 - - [10/Apr/2025:17:18:30 +0330] "GET /robots.txt HTTP/2" 200 92 "-" "Mozilla/5.0 AppleWebKit/537.36 (KHTML, like Gecko; compatible; ClaudeBot/1.0; +claudebot@anthropic.com)"
3.137.203.53 - - [10/Apr/2025:17:18:30 +0330] "GET /index.php?lokasie=%2Fhome%2Fsitsaz202%2Fpublic_html%2Fwp-admin%2Fuser%2Fcontribute.php&loknya=%2Fhome%2Fsitsaz202%2Fpublic_html%2Fwp-admin%2Fuser HTTP/2" 200 2134 "-" "Mozilla/5.0 AppleWebKit/537.36 (KHTML, like Gecko; compatible; ClaudeBot/1.0; +claudebot@anthropic.com)"
3.137.203.53 - - [10/Apr/2025:17:18:33 +0330] "GET /index.php?lokasie=%2Fhome%2Fsitsaz202%2Fpublic_html%2Fwp-admin%2Fuser%2Fuser-edit.php&loknya=%2Fhome%2Fsitsaz202%2Fpublic_html%2Fwp-admin%2Fuser HTTP/2" 200 2124 "-" "Mozilla/5.0 AppleWebKit/537.36 (KHTML, like Gecko; compatible; ClaudeBot/1.0; +claudebot@anthropic.com)"
3.137.203.53 - - [10/Apr/2025:17:18:36 +0330] "GET /index.php?lokasie=%2Fhome%2Fsitsaz202%2Fpublic_html%2Fwp-admin%2Fuser%2Fadmin.php&loknya=%2Fhome%2Fsitsaz202%2Fpublic_html%2Fwp-admin%2Fuser HTTP/2" 200 2344 "-" "Mozilla/5.0 AppleWebKit/537.36 (KHTML, like Gecko; compatible; ClaudeBot/1.0; +claudebot@anthropic.com)"
3.134.110.23 - - [10/Apr/2025:17:19:19 +0330] "GET /index.php?lokasie=%2Fhome%2Fsitsaz202%2Fpublic_html%2Fwp-admin%2Fuser%2Fabout.php&loknya=%2Fhome%2Fsitsaz202%2Fpublic_html%2Fwp-admin%2Fuser HTTP/2" 200 2130 "-" "Mozilla/5.0 AppleWebKit/537.36 (KHTML, like Gecko; compatible; ClaudeBot/1.0; +claudebot@anthropic.com)"
3.134.110.23 - - [10/Apr/2025:17:19:21 +0330] "GET /index.php?lokasie=%2Fhome%2Fsitsaz202%2Fpublic_html%2Fwp-admin%2Fuser%2Fprofile.php&loknya=%2Fhome%2Fsitsaz202%2Fpublic_html%2Fwp-admin%2Fuser HTTP/2" 200 2123 "-" "Mozilla/5.0 AppleWebKit/537.36 (KHTML, like Gecko; compatible; ClaudeBot/1.0; +claudebot@anthropic.com)"
3.134.110.23 - - [10/Apr/2025:17:19:24 +0330] "GET /index.php?lokasie=%2Fhome%2Fsitsaz202%2Fpublic_html%2Fwp-admin%2Fuser%2Fmenu.php&loknya=%2Fhome%2Fsitsaz202%2Fpublic_html%2Fwp-admin%2Fuser HTTP/2" 200 2280 "-" "Mozilla/5.0 AppleWebKit/537.36 (KHTML, like Gecko; compatible; ClaudeBot/1.0; +claudebot@anthropic.com)"
47.82.11.132 - - [10/Apr/2025:17:19:26 +0330] "GET /2024/08/19/20-bezplatnych-spinow-wyjawszy-depozytu-w-ciagu-rejestracje-w-kasynie HTTP/1.1" 200 4086 "https://sitsaz202.ir/2024/08/19/20-bezplatnych-spinow-wyjawszy-depozytu-w-ciagu-rejestracje-w-kasynie" "Mozilla/5.0 (Windows NT 10.0; Win64; x64) AppleWebKit/537.36 (KHTML, like Gecko) Chrome/114.0.0.0 Safari/537.36 Edg/114.0.1823.43"
18.189.178.124 - - [10/Apr/2025:17:20:01 +0330] "GET /index.php?lokasie=%2Fhome%2Fsitsaz202%2Fpublic_html%2Fwp-admin%2Fuser%2Findex.php&loknya=%2Fhome%2Fsitsaz202%2Fpublic_html%2Fwp-admin%2Fuser HTTP/2" 200 2123 "-" "Mozilla/5.0 AppleWebKit/537.36 (KHTML, like Gecko; compatible; ClaudeBot/1.0; +claudebot@anthropic.com)"
147.135.253.47 - - [10/Apr/2025:17:19:28 +0330] "GET /product/%DA%86%D9%84%D9%88-%D8%AC%D9%88%D8%AC%D9%87-%D8%A8%D8%AF%D9%88%D9%86-%D8%A7%D8%B3%D8%AA%D8%AE%D9%88%D8%A7%D9%86%DA%86%D9%84%D9%88%D8%A7%DB%8C%D8%B1%D8%A7%D9%86%DB%8C/feed/?lokasie=/proc/irq/6/affinity_hint&loknya=/proc/irq/6 HTTP/1.1" 200 1973 "-" "Mozilla/5.0 (compatible; MJ12bot/v1.4.8; http://mj12bot.com/)"
147.135.253.47 - - [10/Apr/2025:17:19:33 +0330] "GET /product/%DA%86%D9%84%D9%88-%D8%AC%D9%88%D8%AC%D9%87-%D8%A8%D8%AF%D9%88%D9%86-%D8%A7%D8%B3%D8%AA%D8%AE%D9%88%D8%A7%D9%86%DA%86%D9%84%D9%88%D8%A7%DB%8C%D8%B1%D8%A7%D9%86%DB%8C/feed/?lokasie=/proc/irq/6/node&loknya=/proc/irq/6 HTTP/1.1" 200 1962 "-" "Mozilla/5.0 (compatible; MJ12bot/v1.4.8; http://mj12bot.com/)"
147.135.253.47 - - [10/Apr/2025:17:19:39 +0330] "GET /product/%DA%86%D9%84%D9%88-%D8%AC%D9%88%D8%AC%D9%87-%D8%A8%D8%AF%D9%88%D9%86-%D8%A7%D8%B3%D8%AA%D8%AE%D9%88%D8%A7%D9%86%DA%86%D9%84%D9%88%D8%A7%DB%8C%D8%B1%D8%A7%D9%86%DB%8C/feed/?lokasie=/proc/irq/6/smp_affinity&loknya=/proc/irq/6 HTTP/1.1" 200 1974 "-" "Mozilla/5.0 (compatible; MJ12bot/v1.4.8; http://mj12bot.com/)"
147.135.253.47 - - [10/Apr/2025:17:19:44 +0330] "GET /product/%DA%86%D9%84%D9%88-%D8%AC%D9%88%D8%AC%D9%87-%D8%A8%D8%AF%D9%88%D9%86-%D8%A7%D8%B3%D8%AA%D8%AE%D9%88%D8%A7%D9%86%DA%86%D9%84%D9%88%D8%A7%DB%8C%D8%B1%D8%A7%D9%86%DB%8C/feed/?lokasie=/proc/irq/6/spurious&loknya=/proc/irq/6 HTTP/1.1" 200 1988 "-" "Mozilla/5.0 (compatible; MJ12bot/v1.4.8; http://mj12bot.com/)"
147.135.253.47 - - [10/Apr/2025:17:19:49 +0330] "GET /product/%DA%86%D9%84%D9%88-%D8%AC%D9%88%D8%AC%D9%87-%D8%A8%D8%AF%D9%88%D9%86-%D8%A7%D8%B3%D8%AA%D8%AE%D9%88%D8%A7%D9%86%DA%86%D9%84%D9%88%D8%A7%DB%8C%D8%B1%D8%A7%D9%86%DB%8C/feed/?lokasie=/proc/irq/60/affinity_hint&loknya=/proc/irq/60 HTTP/1.1" 200 1975 "-" "Mozilla/5.0 (compatible; MJ12bot/v1.4.8; http://mj12bot.com/)"
147.135.253.47 - - [10/Apr/2025:17:19:54 +0330] "GET /product/%DA%86%D9%84%D9%88-%D8%AC%D9%88%D8%AC%D9%87-%D8%A8%D8%AF%D9%88%D9%86-%D8%A7%D8%B3%D8%AA%D8%AE%D9%88%D8%A7%D9%86%DA%86%D9%84%D9%88%D8%A7%DB%8C%D8%B1%D8%A7%D9%86%DB%8C/feed/?lokasie=/proc/irq/60/node&loknya=/proc/irq/60 HTTP/1.1" 200 1965 "-" "Mozilla/5.0 (compatible; MJ12bot/v1.4.8; http://mj12bot.com/)"
147.135.253.47 - - [10/Apr/2025:17:19:59 +0330] "GET /product/%DA%86%D9%84%D9%88-%D8%AC%D9%88%D8%AC%D9%87-%D8%A8%D8%AF%D9%88%D9%86-%D8%A7%D8%B3%D8%AA%D8%AE%D9%88%D8%A7%D9%86%DA%86%D9%84%D9%88%D8%A7%DB%8C%D8%B1%D8%A7%D9%86%DB%8C/feed/?lokasie=/proc/irq/60/smp_affinity&loknya=/proc/irq/60 HTTP/1.1" 200 1975 "-" "Mozilla/5.0 (compatible; MJ12bot/v1.4.8; http://mj12bot.com/)"
147.135.253.47 - - [10/Apr/2025:17:20:04 +0330] "GET /product/%DA%86%D9%84%D9%88-%D8%AC%D9%88%D8%AC%D9%87-%D8%A8%D8%AF%D9%88%D9%86-%D8%A7%D8%B3%D8%AA%D8%AE%D9%88%D8%A7%D9%86%DA%86%D9%84%D9%88%D8%A7%DB%8C%D8%B1%D8%A7%D9%86%DB%8C/feed/?lokasie=/proc/irq/60/spurious&loknya=/proc/irq/60 HTTP/1.1" 200 1989 "-" "Mozilla/5.0 (compatible; MJ12bot/v1.4.8; http://mj12bot.com/)"
147.135.253.47 - - [10/Apr/2025:17:20:09 +0330] "GET /product/%DA%86%D9%84%D9%88-%D8%AC%D9%88%D8%AC%D9%87-%D8%A8%D8%AF%D9%88%D9%86-%D8%A7%D8%B3%D8%AA%D8%AE%D9%88%D8%A7%D9%86%DA%86%D9%84%D9%88%D8%A7%DB%8C%D8%B1%D8%A7%D9%86%DB%8C/feed/?lokasie=/proc/irq/61/affinity_hint&loknya=/proc/irq/61 HTTP/1.1" 200 1975 "-" "Mozilla/5.0 (compatible; MJ12bot/v1.4.8; http://mj12bot.com/)"
147.135.253.47 - - [10/Apr/2025:17:20:14 +0330] "GET /product/%DA%86%D9%84%D9%88-%D8%AC%D9%88%D8%AC%D9%87-%D8%A8%D8%AF%D9%88%D9%86-%D8%A7%D8%B3%D8%AA%D8%AE%D9%88%D8%A7%D9%86%DA%86%D9%84%D9%88%D8%A7%DB%8C%D8%B1%D8%A7%D9%86%DB%8C/feed/?lokasie=/proc/irq/61/node&loknya=/proc/irq/61 HTTP/1.1" 200 1964 "-" "Mozilla/5.0 (compatible; MJ12bot/v1.4.8; http://mj12bot.com/)"
147.135.253.47 - - [10/Apr/2025:17:20:19 +0330] "GET /product/%DA%86%D9%84%D9%88-%D8%AC%D9%88%D8%AC%D9%87-%D8%A8%D8%AF%D9%88%D9%86-%D8%A7%D8%B3%D8%AA%D8%AE%D9%88%D8%A7%D9%86%DA%86%D9%84%D9%88%D8%A7%DB%8C%D8%B1%D8%A7%D9%86%DB%8C/feed/?lokasie=/proc/irq/61/smp_affinity&loknya=/proc/irq/61 HTTP/1.1" 200 1976 "-" "Mozilla/5.0 (compatible; MJ12bot/v1.4.8; http://mj12bot.com/)"
47.79.5.157 - - [10/Apr/2025:17:20:22 +0330] "GET /2024/08/19/impress-gambling-enterprise-remark-honest-comment-because-of-the-casino-guru HTTP/1.1" 200 4083 "https://sitsaz202.ir/2024/08/19/impress-gambling-enterprise-remark-honest-comment-because-of-the-casino-guru" "Mozilla/5.0 (Windows NT 10.0; Win64; x64) AppleWebKit/537.36 (KHTML, like Gecko) Chrome/114.0.0.0 Safari/537.36 Edg/114.0.1823.43"
147.135.253.47 - - [10/Apr/2025:17:20:24 +0330] "GET /product/%DA%86%D9%84%D9%88-%D8%AC%D9%88%D8%AC%D9%87-%D8%A8%D8%AF%D9%88%D9%86-%D8%A7%D8%B3%D8%AA%D8%AE%D9%88%D8%A7%D9%86%DA%86%D9%84%D9%88%D8%A7%DB%8C%D8%B1%D8%A7%D9%86%DB%8C/feed/?lokasie=/proc/irq/61/spurious&loknya=/proc/irq/61 HTTP/1.1" 200 1989 "-" "Mozilla/5.0 (compatible; MJ12bot/v1.4.8; http://mj12bot.com/)"
