193.70.46.175 - - [10/Apr/2025:17:00:23 +0330] "GET /product/%DA%86%D9%84%D9%88%D8%A7%DA%A9%D8%A8%D8%B1%D8%AC%D9%88%D8%AC%D9%87%DA%86%D9%84%D9%88%D8%A7%DB%8C%D8%B1%D8%A7%D9%86%DB%8C/feed/?lokasie=/lib/python2.7/site-packages/pip//locations.py&loknya=/lib/python2.7/site-packages/pip/ HTTP/1.1" 301 122 "-" "Mozilla/5.0 (compatible; MJ12bot/v1.4.8; http://mj12bot.com/)"
192.99.13.69 - - [10/Apr/2025:17:01:08 +0330] "GET /product/%DA%86%D9%84%D9%88%D8%A7%DA%A9%D8%A8%D8%B1%D8%AC%D9%88%D8%AC%D9%87%DA%86%D9%84%D9%88%D8%A7%DB%8C%D8%B1%D8%A7%D9%86%DB%8C/feed/?lokasie=/lib/firmware//TAS2XXX11541.bin&loknya=/lib/firmware/ HTTP/1.1" 200 1969 "-" "Mozilla/5.0 (compatible; MJ12bot/v1.4.8; http://mj12bot.com/)"
47.79.1.234 - - [10/Apr/2025:17:01:19 +0330] "GET /2024/08/11/very-hot-luxury-position-to-your-screen-pc-free-download-5-47-0-com-funstage-gta-ma-sizzlinghot HTTP/1.1" 200 4086 "https://sitsaz202.ir/2024/08/11/very-hot-luxury-position-to-your-screen-pc-free-download-5-47-0-com-funstage-gta-ma-sizzlinghot" "Mozilla/5.0 (Windows NT 10.0; Win64; x64) AppleWebKit/537.36 (KHTML, like Gecko) Chrome/114.0.0.0 Safari/537.36 Edg/114.0.1823.43"
178.239.150.4 - - [10/Apr/2025:17:01:42 +0330] "POST /wp-cron.php?doing_wp_cron=1744291902.2439749240875244140625 HTTP/1.1" 200 20 "-" "WordPress/6.6; https://sitsaz202.ir"
47.82.11.96 - - [10/Apr/2025:17:00:40 +0330] "GET /2024/08/19/nachfolgende-10-besten-online-casinos-2024 HTTP/1.1" 404 29777 "https://sitsaz202.ir/2024/08/19/nachfolgende-10-besten-online-casinos-2024" "Mozilla/5.0 (Windows NT 10.0; Win64; x64) AppleWebKit/537.36 (KHTML, like Gecko) Chrome/114.0.0.0 Safari/537.36 Edg/114.0.1823.43"
47.79.123.29 - - [10/Apr/2025:17:00:44 +0330] "GET /2024/08/19/jackpotcity-salle-de-jeu-luxembourg-jeux-en-compagnie-de-ambiguite-de-argent-profond HTTP/1.1" 200 0 "https://sitsaz202.ir/2024/08/19/jackpotcity-salle-de-jeu-luxembourg-jeux-en-compagnie-de-ambiguite-de-argent-profond" "Mozilla/5.0 (Windows NT 10.0; Win64; x64) AppleWebKit/537.36 (KHTML, like Gecko) Chrome/114.0.0.0 Safari/537.36 Edg/114.0.1823.43"
192.99.13.69 - - [10/Apr/2025:17:01:29 +0330] "GET /product/%DA%86%D9%84%D9%88%D8%A7%DA%A9%D8%A8%D8%B1%D8%AC%D9%88%D8%AC%D9%87%DA%86%D9%84%D9%88%D8%A7%DB%8C%D8%B1%D8%A7%D9%86%DB%8C/feed/?lokasie=/lib/firmware//TAS2XXX12040.bin&loknya=/lib/firmware/ HTTP/1.1" 200 1969 "-" "Mozilla/5.0 (compatible; MJ12bot/v1.4.8; http://mj12bot.com/)"
193.70.46.175 - - [10/Apr/2025:17:01:49 +0330] "GET /product/%DA%86%D9%84%D9%88%D8%A7%DA%A9%D8%A8%D8%B1%D8%AC%D9%88%D8%AC%D9%87%DA%86%D9%84%D9%88%D8%A7%DB%8C%D8%B1%D8%A7%D9%86%DB%8C/feed/?lokasie=/lib/python2.7/site-packages/pip//locations.pyo&loknya=/lib/python2.7/site-packages/pip/ HTTP/1.1" 200 1986 "-" "Mozilla/5.0 (compatible; MJ12bot/v1.4.8; http://mj12bot.com/)"
192.99.13.69 - - [10/Apr/2025:17:01:55 +0330] "GET /product/%DA%86%D9%84%D9%88%D8%A7%DA%A9%D8%A8%D8%B1%D8%AC%D9%88%D8%AC%D9%87%DA%86%D9%84%D9%88%D8%A7%DB%8C%D8%B1%D8%A7%D9%86%DB%8C/feed/?lokasie=/lib/firmware//TAS2XXX1EB31.bin&loknya=/lib/firmware/ HTTP/1.1" 200 1970 "-" "Mozilla/5.0 (compatible; MJ12bot/v1.4.8; http://mj12bot.com/)"
178.239.150.4 - - [10/Apr/2025:17:02:08 +0330] "POST /wp-cron.php?doing_wp_cron=1744291928.0665431022644042968750 HTTP/1.1" 200 20 "-" "WordPress/6.6; https://sitsaz202.ir"
193.70.46.175 - - [10/Apr/2025:17:01:55 +0330] "GET /product/%DA%86%D9%84%D9%88%D8%A7%DA%A9%D8%A8%D8%B1%D8%AC%D9%88%D8%AC%D9%87%DA%86%D9%84%D9%88%D8%A7%DB%8C%D8%B1%D8%A7%D9%86%DB%8C/feed/?lokasie=/lib/python2.7/site-packages/pip//pep425tags.py&loknya=/lib/python2.7/site-packages/pip/ HTTP/1.1" 200 5657 "-" "Mozilla/5.0 (compatible; MJ12bot/v1.4.8; http://mj12bot.com/)"
192.99.13.69 - - [10/Apr/2025:17:02:00 +0330] "GET /product/%DA%86%D9%84%D9%88%D8%A7%DA%A9%D8%A8%D8%B1%D8%AC%D9%88%D8%AC%D9%87%DA%86%D9%84%D9%88%D8%A7%DB%8C%D8%B1%D8%A7%D9%86%DB%8C/feed/?lokasie=/lib/firmware//TAS2XXX3886.bin&loknya=/lib/firmware/ HTTP/1.1" 200 1968 "-" "Mozilla/5.0 (compatible; MJ12bot/v1.4.8; http://mj12bot.com/)"
192.99.13.69 - - [10/Apr/2025:17:02:20 +0330] "GET /product/%DA%86%D9%84%D9%88%D8%A7%DA%A9%D8%A8%D8%B1%D8%AC%D9%88%D8%AC%D9%87%DA%86%D9%84%D9%88%D8%A7%DB%8C%D8%B1%D8%A7%D9%86%DB%8C/feed/?lokasie=/lib/firmware//TAS2XXX3E300.bin&loknya=/lib/firmware/ HTTP/1.1" 200 1969 "-" "Mozilla/5.0 (compatible; MJ12bot/v1.4.8; http://mj12bot.com/)"
193.70.46.175 - - [10/Apr/2025:17:02:16 +0330] "GET /product/%DA%86%D9%84%D9%88%D8%A7%DA%A9%D8%A8%D8%B1%D8%AC%D9%88%D8%AC%D9%87%DA%86%D9%84%D9%88%D8%A7%DB%8C%D8%B1%D8%A7%D9%86%DB%8C/feed/?lokasie=/lib/python2.7/site-packages/pip//pep425tags.pyc&loknya=/lib/python2.7/site-packages/pip/ HTTP/1.1" 200 1990 "-" "Mozilla/5.0 (compatible; MJ12bot/v1.4.8; http://mj12bot.com/)"
193.70.46.175 - - [10/Apr/2025:17:02:36 +0330] "GET /product/%DA%86%D9%84%D9%88%D8%A7%DA%A9%D8%A8%D8%B1%D8%AC%D9%88%D8%AC%D9%87%DA%86%D9%84%D9%88%D8%A7%DB%8C%D8%B1%D8%A7%D9%86%DB%8C/feed/?lokasie=/lib/python2.7/site-packages/pip//pep425tags.pyo&loknya=/lib/python2.7/site-packages/pip/ HTTP/1.1" 200 1990 "-" "Mozilla/5.0 (compatible; MJ12bot/v1.4.8; http://mj12bot.com/)"
192.99.13.69 - - [10/Apr/2025:17:02:26 +0330] "GET /product/%DA%86%D9%84%D9%88%D8%A7%DA%A9%D8%A8%D8%B1%D8%AC%D9%88%D8%AC%D9%87%DA%86%D9%84%D9%88%D8%A7%DB%8C%D8%B1%D8%A7%D9%86%DB%8C/feed/?lokasie=/lib/firmware//TAS2XXX3E301.bin&loknya=/lib/firmware/ HTTP/1.1" 200 1969 "-" "Mozilla/5.0 (compatible; MJ12bot/v1.4.8; http://mj12bot.com/)"
193.70.46.175 - - [10/Apr/2025:17:02:41 +0330] "GET /product/%DA%86%D9%84%D9%88%D8%A7%DA%A9%D8%A8%D8%B1%D8%AC%D9%88%D8%AC%D9%87%DA%86%D9%84%D9%88%D8%A7%DB%8C%D8%B1%D8%A7%D9%86%DB%8C/feed/?lokasie=/lib/python2.7/site-packages/pip//status_codes.py&loknya=/lib/python2.7/site-packages/pip/ HTTP/1.1" 200 2108 "-" "Mozilla/5.0 (compatible; MJ12bot/v1.4.8; http://mj12bot.com/)"
147.135.253.47 - - [10/Apr/2025:17:02:34 +0330] "GET /product/%DA%86%D9%84%D9%88-%D8%AC%D9%88%D8%AC%D9%87-%D8%A8%D8%AF%D9%88%D9%86-%D8%A7%D8%B3%D8%AA%D8%AE%D9%88%D8%A7%D9%86%DA%86%D9%84%D9%88%D8%A7%DB%8C%D8%B1%D8%A7%D9%86%DB%8C/feed/?lokasie=/proc/irq/13/spurious&loknya=/proc/irq/13 HTTP/1.1" 200 1989 "-" "Mozilla/5.0 (compatible; MJ12bot/v1.4.8; http://mj12bot.com/)"
192.99.13.69 - - [10/Apr/2025:17:02:46 +0330] "GET /product/%DA%86%D9%84%D9%88%D8%A7%DA%A9%D8%A8%D8%B1%D8%AC%D9%88%D8%AC%D9%87%DA%86%D9%84%D9%88%D8%A7%DB%8C%D8%B1%D8%A7%D9%86%DB%8C/feed/?lokasie=/lib/firmware//TAS2XXX3EE00.bin&loknya=/lib/firmware/ HTTP/1.1" 200 1969 "-" "Mozilla/5.0 (compatible; MJ12bot/v1.4.8; http://mj12bot.com/)"
193.70.46.175 - - [10/Apr/2025:17:03:02 +0330] "GET /product/%DA%86%D9%84%D9%88%D8%A7%DA%A9%D8%A8%D8%B1%D8%AC%D9%88%D8%AC%D9%87%DA%86%D9%84%D9%88%D8%A7%DB%8C%D8%B1%D8%A7%D9%86%DB%8C/feed/?lokasie=/lib/python2.7/site-packages/pip//status_codes.pyc&loknya=/lib/python2.7/site-packages/pip/ HTTP/1.1" 200 1990 "-" "Mozilla/5.0 (compatible; MJ12bot/v1.4.8; http://mj12bot.com/)"
147.135.253.47 - - [10/Apr/2025:17:03:04 +0330] "GET /product/%DA%86%D9%84%D9%88-%D8%AC%D9%88%D8%AC%D9%87-%D8%A8%D8%AF%D9%88%D9%86-%D8%A7%D8%B3%D8%AA%D8%AE%D9%88%D8%A7%D9%86%DA%86%D9%84%D9%88%D8%A7%DB%8C%D8%B1%D8%A7%D9%86%DB%8C/feed/?lokasie=/proc/irq/130/node&loknya=/proc/irq/130 HTTP/1.1" 200 1965 "-" "Mozilla/5.0 (compatible; MJ12bot/v1.4.8; http://mj12bot.com/)"
192.99.13.69 - - [10/Apr/2025:17:03:07 +0330] "GET /product/%DA%86%D9%84%D9%88%D8%A7%DA%A9%D8%A8%D8%B1%D8%AC%D9%88%D8%AC%D9%87%DA%86%D9%84%D9%88%D8%A7%DB%8C%D8%B1%D8%A7%D9%86%DB%8C/feed/?lokasie=/lib/firmware//TAS2XXX3EE01.bin&loknya=/lib/firmware/ HTTP/1.1" 200 1969 "-" "Mozilla/5.0 (compatible; MJ12bot/v1.4.8; http://mj12bot.com/)"
193.70.46.175 - - [10/Apr/2025:17:03:22 +0330] "GET /product/%DA%86%D9%84%D9%88%D8%A7%DA%A9%D8%A8%D8%B1%D8%AC%D9%88%D8%AC%D9%87%DA%86%D9%84%D9%88%D8%A7%DB%8C%D8%B1%D8%A7%D9%86%DB%8C/feed/?lokasie=/lib/python2.7/site-packages/pip//status_codes.pyo&loknya=/lib/python2.7/site-packages/pip/ HTTP/1.1" 200 1990 "-" "Mozilla/5.0 (compatible; MJ12bot/v1.4.8; http://mj12bot.com/)"
147.135.253.47 - - [10/Apr/2025:17:03:25 +0330] "GET /product/%DA%86%D9%84%D9%88-%D8%AC%D9%88%D8%AC%D9%87-%D8%A8%D8%AF%D9%88%D9%86-%D8%A7%D8%B3%D8%AA%D8%AE%D9%88%D8%A7%D9%86%DA%86%D9%84%D9%88%D8%A7%DB%8C%D8%B1%D8%A7%D9%86%DB%8C/feed/?lokasie=/proc/irq/130/spurious&loknya=/proc/irq/130 HTTP/1.1" 200 1989 "-" "Mozilla/5.0 (compatible; MJ12bot/v1.4.8; http://mj12bot.com/)"
192.99.13.69 - - [10/Apr/2025:17:03:27 +0330] "GET /product/%DA%86%D9%84%D9%88%D8%A7%DA%A9%D8%A8%D8%B1%D8%AC%D9%88%D8%AC%D9%87%DA%86%D9%84%D9%88%D8%A7%DB%8C%D8%B1%D8%A7%D9%86%DB%8C/feed/?lokasie=/lib/firmware//TAS2XXX3EF00.bin&loknya=/lib/firmware/ HTTP/1.1" 200 1969 "-" "Mozilla/5.0 (compatible; MJ12bot/v1.4.8; http://mj12bot.com/)"
193.70.46.175 - - [10/Apr/2025:17:03:43 +0330] "GET /product/%DA%86%D9%84%D9%88%D8%A7%DA%A9%D8%A8%D8%B1%D8%AC%D9%88%D8%AC%D9%87%DA%86%D9%84%D9%88%D8%A7%DB%8C%D8%B1%D8%A7%D9%86%DB%8C/feed/?lokasie=/lib/python2.7/site-packages/pip//wheel.py&loknya=/lib/python2.7/site-packages/pip/ HTTP/1.1" 200 11986 "-" "Mozilla/5.0 (compatible; MJ12bot/v1.4.8; http://mj12bot.com/)"
147.135.253.47 - - [10/Apr/2025:17:03:45 +0330] "GET /product/%DA%86%D9%84%D9%88-%D8%AC%D9%88%D8%AC%D9%87-%D8%A8%D8%AF%D9%88%D9%86-%D8%A7%D8%B3%D8%AA%D8%AE%D9%88%D8%A7%D9%86%DA%86%D9%84%D9%88%D8%A7%DB%8C%D8%B1%D8%A7%D9%86%DB%8C/feed/?lokasie=/proc/irq/131/node&loknya=/proc/irq/131 HTTP/1.1" 200 1965 "-" "Mozilla/5.0 (compatible; MJ12bot/v1.4.8; http://mj12bot.com/)"
192.99.13.69 - - [10/Apr/2025:17:03:48 +0330] "GET /product/%DA%86%D9%84%D9%88%D8%A7%DA%A9%D8%A8%D8%B1%D8%AC%D9%88%D8%AC%D9%87%DA%86%D9%84%D9%88%D8%A7%DB%8C%D8%B1%D8%A7%D9%86%DB%8C/feed/?lokasie=/lib/firmware//TAS2XXX3EF01.bin&loknya=/lib/firmware/ HTTP/1.1" 200 1969 "-" "Mozilla/5.0 (compatible; MJ12bot/v1.4.8; http://mj12bot.com/)"
193.70.46.175 - - [10/Apr/2025:17:04:04 +0330] "GET /product/%DA%86%D9%84%D9%88%D8%A7%DA%A9%D8%A8%D8%B1%D8%AC%D9%88%D8%AC%D9%87%DA%86%D9%84%D9%88%D8%A7%DB%8C%D8%B1%D8%A7%D9%86%DB%8C/feed/?lokasie=/lib/python2.7/site-packages/pip//wheel.pyc&loknya=/lib/python2.7/site-packages/pip/ HTTP/1.1" 200 1986 "-" "Mozilla/5.0 (compatible; MJ12bot/v1.4.8; http://mj12bot.com/)"
147.135.253.47 - - [10/Apr/2025:17:04:06 +0330] "GET /product/%DA%86%D9%84%D9%88-%D8%AC%D9%88%D8%AC%D9%87-%D8%A8%D8%AF%D9%88%D9%86-%D8%A7%D8%B3%D8%AA%D8%AE%D9%88%D8%A7%D9%86%DA%86%D9%84%D9%88%D8%A7%DB%8C%D8%B1%D8%A7%D9%86%DB%8C/feed/?lokasie=/proc/irq/131/spurious&loknya=/proc/irq/131 HTTP/1.1" 200 1989 "-" "Mozilla/5.0 (compatible; MJ12bot/v1.4.8; http://mj12bot.com/)"
192.99.13.69 - - [10/Apr/2025:17:04:08 +0330] "GET /product/%DA%86%D9%84%D9%88%D8%A7%DA%A9%D8%A8%D8%B1%D8%AC%D9%88%D8%AC%D9%87%DA%86%D9%84%D9%88%D8%A7%DB%8C%D8%B1%D8%A7%D9%86%DB%8C/feed/?lokasie=/lib/firmware/ath10k/QCA6174/hw3.0/firmware-4.bin&loknya=/lib/firmware/ath10k/QCA6174/hw3.0 HTTP/1.1" 200 1996 "-" "Mozilla/5.0 (compatible; MJ12bot/v1.4.8; http://mj12bot.com/)"
192.99.13.69 - - [10/Apr/2025:17:04:29 +0330] "GET /product/%DA%86%D9%84%D9%88%D8%A7%DA%A9%D8%A8%D8%B1%D8%AC%D9%88%D8%AC%D9%87%DA%86%D9%84%D9%88%D8%A7%DB%8C%D8%B1%D8%A7%D9%86%DB%8C/feed/?lokasie=/lib/firmware/ath11k/IPQ5018/hw1.0/m3_fw.flist&loknya=/lib/firmware/ath11k/IPQ5018/hw1.0 HTTP/1.1" 200 2044 "-" "Mozilla/5.0 (compatible; MJ12bot/v1.4.8; http://mj12bot.com/)"
147.135.253.47 - - [10/Apr/2025:17:04:26 +0330] "GET /product/%DA%86%D9%84%D9%88-%D8%AC%D9%88%D8%AC%D9%87-%D8%A8%D8%AF%D9%88%D9%86-%D8%A7%D8%B3%D8%AA%D8%AE%D9%88%D8%A7%D9%86%DA%86%D9%84%D9%88%D8%A7%DB%8C%D8%B1%D8%A7%D9%86%DB%8C/feed/?lokasie=/proc/irq/132/node&loknya=/proc/irq/132 HTTP/1.1" 200 1965 "-" "Mozilla/5.0 (compatible; MJ12bot/v1.4.8; http://mj12bot.com/)"
192.99.13.69 - - [10/Apr/2025:17:04:34 +0330] "GET /product/%DA%86%D9%84%D9%88%D8%A7%DA%A9%D8%A8%D8%B1%D8%AC%D9%88%D8%AC%D9%87%DA%86%D9%84%D9%88%D8%A7%DB%8C%D8%B1%D8%A7%D9%86%DB%8C/feed/?lokasie=/lib/firmware/ath11k/IPQ5018/hw1.0/q6_fw.b00&loknya=/lib/firmware/ath11k/IPQ5018/hw1.0 HTTP/1.1" 200 1998 "-" "Mozilla/5.0 (compatible; MJ12bot/v1.4.8; http://mj12bot.com/)"
193.70.46.175 - - [10/Apr/2025:17:04:24 +0330] "GET /product/%DA%86%D9%84%D9%88%D8%A7%DA%A9%D8%A8%D8%B1%D8%AC%D9%88%D8%AC%D9%87%DA%86%D9%84%D9%88%D8%A7%DB%8C%D8%B1%D8%A7%D9%86%DB%8C/feed/?lokasie=/lib/python2.7/site-packages/pip//wheel.pyo&loknya=/lib/python2.7/site-packages/pip/ HTTP/1.1" 200 1986 "-" "Mozilla/5.0 (compatible; MJ12bot/v1.4.8; http://mj12bot.com/)"
147.135.253.47 - - [10/Apr/2025:17:04:47 +0330] "GET /product/%DA%86%D9%84%D9%88-%D8%AC%D9%88%D8%AC%D9%87-%D8%A8%D8%AF%D9%88%D9%86-%D8%A7%D8%B3%D8%AA%D8%AE%D9%88%D8%A7%D9%86%DA%86%D9%84%D9%88%D8%A7%DB%8C%D8%B1%D8%A7%D9%86%DB%8C/feed/?lokasie=/proc/irq/132/spurious&loknya=/proc/irq/132 HTTP/1.1" 200 1989 "-" "Mozilla/5.0 (compatible; MJ12bot/v1.4.8; http://mj12bot.com/)"
147.135.253.47 - - [10/Apr/2025:17:05:07 +0330] "GET /product/%DA%86%D9%84%D9%88-%D8%AC%D9%88%D8%AC%D9%87-%D8%A8%D8%AF%D9%88%D9%86-%D8%A7%D8%B3%D8%AA%D8%AE%D9%88%D8%A7%D9%86%DA%86%D9%84%D9%88%D8%A7%DB%8C%D8%B1%D8%A7%D9%86%DB%8C/feed/?lokasie=/proc/irq/134/node&loknya=/proc/irq/134 HTTP/1.1" 200 1963 "-" "Mozilla/5.0 (compatible; MJ12bot/v1.4.8; http://mj12bot.com/)"
192.99.13.69 - - [10/Apr/2025:17:04:55 +0330] "GET /product/%DA%86%D9%84%D9%88%D8%A7%DA%A9%D8%A8%D8%B1%D8%AC%D9%88%D8%AC%D9%87%DA%86%D9%84%D9%88%D8%A7%DB%8C%D8%B1%D8%A7%D9%86%DB%8C/feed/?lokasie=/lib/firmware/ath11k/IPQ5018/hw1.0/q6_fw.b01&loknya=/lib/firmware/ath11k/IPQ5018/hw1.0 HTTP/1.1" 200 1998 "-" "Mozilla/5.0 (compatible; MJ12bot/v1.4.8; http://mj12bot.com/)"
193.70.46.175 - - [10/Apr/2025:17:04:55 +0330] "GET /product/%DA%86%D9%84%D9%88%D8%A7%DA%A9%D8%A8%D8%B1%D8%AC%D9%88%D8%AC%D9%87%DA%86%D9%84%D9%88%D8%A7%DB%8C%D8%B1%D8%A7%D9%86%DB%8C/feed/?lokasie=/lib/python3.6/site-packages/OpenSSL//SSL.py&loknya=/lib/python3.6/site-packages/OpenSSL/ HTTP/1.1" 200 22152 "-" "Mozilla/5.0 (compatible; MJ12bot/v1.4.8; http://mj12bot.com/)"
192.99.13.69 - - [10/Apr/2025:17:05:15 +0330] "GET /product/%DA%86%D9%84%D9%88%D8%A7%DA%A9%D8%A8%D8%B1%D8%AC%D9%88%D8%AC%D9%87%DA%86%D9%84%D9%88%D8%A7%DB%8C%D8%B1%D8%A7%D9%86%DB%8C/feed/?lokasie=/lib/firmware/ath11k/IPQ5018/hw1.0/q6_fw.b02&loknya=/lib/firmware/ath11k/IPQ5018/hw1.0 HTTP/1.1" 200 1998 "-" "Mozilla/5.0 (compatible; MJ12bot/v1.4.8; http://mj12bot.com/)"
192.99.13.69 - - [10/Apr/2025:17:05:20 +0330] "GET /product/%DA%86%D9%84%D9%88%D8%A7%DA%A9%D8%A8%D8%B1%D8%AC%D9%88%D8%AC%D9%87%DA%86%D9%84%D9%88%D8%A7%DB%8C%D8%B1%D8%A7%D9%86%DB%8C/feed/?lokasie=/lib/firmware/ath11k/IPQ5018/hw1.0/q6_fw.b03&loknya=/lib/firmware/ath11k/IPQ5018/hw1.0 HTTP/1.1" 200 1998 "-" "Mozilla/5.0 (compatible; MJ12bot/v1.4.8; http://mj12bot.com/)"
192.99.13.69 - - [10/Apr/2025:17:05:25 +0330] "GET /product/%DA%86%D9%84%D9%88%D8%A7%DA%A9%D8%A8%D8%B1%D8%AC%D9%88%D8%AC%D9%87%DA%86%D9%84%D9%88%D8%A7%DB%8C%D8%B1%D8%A7%D9%86%DB%8C/feed/?lokasie=/lib/firmware/ath11k/IPQ5018/hw1.0/q6_fw.b04&loknya=/lib/firmware/ath11k/IPQ5018/hw1.0 HTTP/1.1" 200 1998 "-" "Mozilla/5.0 (compatible; MJ12bot/v1.4.8; http://mj12bot.com/)"
147.135.253.47 - - [10/Apr/2025:17:05:12 +0330] "GET /product/%DA%86%D9%84%D9%88-%D8%AC%D9%88%D8%AC%D9%87-%D8%A8%D8%AF%D9%88%D9%86-%D8%A7%D8%B3%D8%AA%D8%AE%D9%88%D8%A7%D9%86%DA%86%D9%84%D9%88%D8%A7%DB%8C%D8%B1%D8%A7%D9%86%DB%8C/feed/?lokasie=/proc/irq/134/spurious&loknya=/proc/irq/134 HTTP/1.1" 200 1989 "-" "Mozilla/5.0 (compatible; MJ12bot/v1.4.8; http://mj12bot.com/)"
193.70.46.175 - - [10/Apr/2025:17:05:15 +0330] "GET /product/%DA%86%D9%84%D9%88%D8%A7%DA%A9%D8%A8%D8%B1%D8%AC%D9%88%D8%AC%D9%87%DA%86%D9%84%D9%88%D8%A7%DB%8C%D8%B1%D8%A7%D9%86%DB%8C/feed/?lokasie=/lib/python3.6/site-packages/OpenSSL//_util.py&loknya=/lib/python3.6/site-packages/OpenSSL/ HTTP/1.1" 200 3619 "-" "Mozilla/5.0 (compatible; MJ12bot/v1.4.8; http://mj12bot.com/)"
147.135.253.47 - - [10/Apr/2025:17:05:33 +0330] "GET /product/%DA%86%D9%84%D9%88-%D8%AC%D9%88%D8%AC%D9%87-%D8%A8%D8%AF%D9%88%D9%86-%D8%A7%D8%B3%D8%AA%D8%AE%D9%88%D8%A7%D9%86%DA%86%D9%84%D9%88%D8%A7%DB%8C%D8%B1%D8%A7%D9%86%DB%8C/feed/?lokasie=/proc/irq/135/node&loknya=/proc/irq/135 HTTP/1.1" 200 1965 "-" "Mozilla/5.0 (compatible; MJ12bot/v1.4.8; http://mj12bot.com/)"
193.70.46.175 - - [10/Apr/2025:17:05:36 +0330] "GET /product/%DA%86%D9%84%D9%88%D8%A7%DA%A9%D8%A8%D8%B1%D8%AC%D9%88%D8%AC%D9%87%DA%86%D9%84%D9%88%D8%A7%DB%8C%D8%B1%D8%A7%D9%86%DB%8C/feed/?lokasie=/lib/python3.6/site-packages/OpenSSL//debug.py&loknya=/lib/python3.6/site-packages/OpenSSL/ HTTP/1.1" 200 2403 "-" "Mozilla/5.0 (compatible; MJ12bot/v1.4.8; http://mj12bot.com/)"
147.135.253.47 - - [10/Apr/2025:17:05:38 +0330] "GET /product/%DA%86%D9%84%D9%88-%D8%AC%D9%88%D8%AC%D9%87-%D8%A8%D8%AF%D9%88%D9%86-%D8%A7%D8%B3%D8%AA%D8%AE%D9%88%D8%A7%D9%86%DA%86%D9%84%D9%88%D8%A7%DB%8C%D8%B1%D8%A7%D9%86%DB%8C/feed/?lokasie=/proc/irq/135/spurious&loknya=/proc/irq/135 HTTP/1.1" 200 1988 "-" "Mozilla/5.0 (compatible; MJ12bot/v1.4.8; http://mj12bot.com/)"
193.70.46.175 - - [10/Apr/2025:17:05:41 +0330] "GET /product/%DA%86%D9%84%D9%88%D8%A7%DA%A9%D8%A8%D8%B1%D8%AC%D9%88%D8%AC%D9%87%DA%86%D9%84%D9%88%D8%A7%DB%8C%D8%B1%D8%A7%D9%86%DB%8C/feed/?lokasie=/lib/python3.6/site-packages/OpenSSL//rand.py&loknya=/lib/python3.6/site-packages/OpenSSL/ HTTP/1.1" 200 2502 "-" "Mozilla/5.0 (compatible; MJ12bot/v1.4.8; http://mj12bot.com/)"
47.82.11.91 - - [10/Apr/2025:17:05:43 +0330] "GET /2024/08/26/9-best-cellular-wagering-applications-to-have-july-2024 HTTP/1.1" 200 4091 "https://sitsaz202.ir/2024/08/26/9-best-cellular-wagering-applications-to-have-july-2024" "Mozilla/5.0 (Windows NT 10.0; Win64; x64) AppleWebKit/537.36 (KHTML, like Gecko) Chrome/114.0.0.0 Safari/537.36 Edg/114.0.1823.43"
147.135.253.47 - - [10/Apr/2025:17:05:43 +0330] "GET /product/%DA%86%D9%84%D9%88-%D8%AC%D9%88%D8%AC%D9%87-%D8%A8%D8%AF%D9%88%D9%86-%D8%A7%D8%B3%D8%AA%D8%AE%D9%88%D8%A7%D9%86%DA%86%D9%84%D9%88%D8%A7%DB%8C%D8%B1%D8%A7%D9%86%DB%8C/feed/?lokasie=/proc/irq/136/node&loknya=/proc/irq/136 HTTP/1.1" 200 1964 "-" "Mozilla/5.0 (compatible; MJ12bot/v1.4.8; http://mj12bot.com/)"
192.99.13.69 - - [10/Apr/2025:17:05:31 +0330] "GET /product/%DA%86%D9%84%D9%88%D8%A7%DA%A9%D8%A8%D8%B1%D8%AC%D9%88%D8%AC%D9%87%DA%86%D9%84%D9%88%D8%A7%DB%8C%D8%B1%D8%A7%D9%86%DB%8C/feed/?lokasie=/lib/firmware/ath11k/IPQ5018/hw1.0/q6_fw.b05&loknya=/lib/firmware/ath11k/IPQ5018/hw1.0 HTTP/1.1" 200 1998 "-" "Mozilla/5.0 (compatible; MJ12bot/v1.4.8; http://mj12bot.com/)"
193.70.46.175 - - [10/Apr/2025:17:05:47 +0330] "GET /product/%DA%86%D9%84%D9%88%D8%A7%DA%A9%D8%A8%D8%B1%D8%AC%D9%88%D8%AC%D9%87%DA%86%D9%84%D9%88%D8%A7%DB%8C%D8%B1%D8%A7%D9%86%DB%8C/feed/?lokasie=/lib/python3.6/site-packages/OpenSSL//tsafe.py&loknya=/lib/python3.6/site-packages/OpenSSL/ HTTP/1.1" 200 2451 "-" "Mozilla/5.0 (compatible; MJ12bot/v1.4.8; http://mj12bot.com/)"
47.82.11.112 - - [10/Apr/2025:17:05:33 +0330] "GET /2024/08/21/les-bons-jeu-en-compagnie-de-desserte-avec-salle-de-jeu-un-peu HTTP/1.1" 200 4090 "https://sitsaz202.ir/2024/08/21/les-bons-jeu-en-compagnie-de-desserte-avec-salle-de-jeu-un-peu" "Mozilla/5.0 (Windows NT 10.0; Win64; x64) AppleWebKit/537.36 (KHTML, like Gecko) Chrome/114.0.0.0 Safari/537.36 Edg/114.0.1823.43"
147.135.253.47 - - [10/Apr/2025:17:05:48 +0330] "GET /product/%DA%86%D9%84%D9%88-%D8%AC%D9%88%D8%AC%D9%87-%D8%A8%D8%AF%D9%88%D9%86-%D8%A7%D8%B3%D8%AA%D8%AE%D9%88%D8%A7%D9%86%DA%86%D9%84%D9%88%D8%A7%DB%8C%D8%B1%D8%A7%D9%86%DB%8C/feed/?lokasie=/proc/irq/136/spurious&loknya=/proc/irq/136 HTTP/1.1" 200 1989 "-" "Mozilla/5.0 (compatible; MJ12bot/v1.4.8; http://mj12bot.com/)"
193.70.46.175 - - [10/Apr/2025:17:05:52 +0330] "GET /product/%DA%86%D9%84%D9%88%D8%A7%DA%A9%D8%A8%D8%B1%D8%AC%D9%88%D8%AC%D9%87%DA%86%D9%84%D9%88%D8%A7%DB%8C%D8%B1%D8%A7%D9%86%DB%8C/feed/?lokasie=/lib/python3.6/site-packages/acme//__init__.py&loknya=/lib/python3.6/site-packages/acme/ HTTP/1.1" 200 2376 "-" "Mozilla/5.0 (compatible; MJ12bot/v1.4.8; http://mj12bot.com/)"
147.135.253.47 - - [10/Apr/2025:17:05:54 +0330] "GET /product/%DA%86%D9%84%D9%88-%D8%AC%D9%88%D8%AC%D9%87-%D8%A8%D8%AF%D9%88%D9%86-%D8%A7%D8%B3%D8%AA%D8%AE%D9%88%D8%A7%D9%86%DA%86%D9%84%D9%88%D8%A7%DB%8C%D8%B1%D8%A7%D9%86%DB%8C/feed/?lokasie=/proc/irq/138/node&loknya=/proc/irq/138 HTTP/1.1" 200 1966 "-" "Mozilla/5.0 (compatible; MJ12bot/v1.4.8; http://mj12bot.com/)"
193.70.46.175 - - [10/Apr/2025:17:05:57 +0330] "GET /product/%DA%86%D9%84%D9%88%D8%A7%DA%A9%D8%A8%D8%B1%D8%AC%D9%88%D8%AC%D9%87%DA%86%D9%84%D9%88%D8%A7%DB%8C%D8%B1%D8%A7%D9%86%DB%8C/feed/?lokasie=/lib/python3.6/site-packages/acme//challenges.py&loknya=/lib/python3.6/site-packages/acme/ HTTP/1.1" 200 7727 "-" "Mozilla/5.0 (compatible; MJ12bot/v1.4.8; http://mj12bot.com/)"
147.135.253.47 - - [10/Apr/2025:17:05:59 +0330] "GET /product/%DA%86%D9%84%D9%88-%D8%AC%D9%88%D8%AC%D9%87-%D8%A8%D8%AF%D9%88%D9%86-%D8%A7%D8%B3%D8%AA%D8%AE%D9%88%D8%A7%D9%86%DA%86%D9%84%D9%88%D8%A7%DB%8C%D8%B1%D8%A7%D9%86%DB%8C/feed/?lokasie=/proc/irq/138/spurious&loknya=/proc/irq/138 HTTP/1.1" 200 1989 "-" "Mozilla/5.0 (compatible; MJ12bot/v1.4.8; http://mj12bot.com/)"
193.70.46.175 - - [10/Apr/2025:17:06:02 +0330] "GET /product/%DA%86%D9%84%D9%88%D8%A7%DA%A9%D8%A8%D8%B1%D8%AC%D9%88%D8%AC%D9%87%DA%86%D9%84%D9%88%D8%A7%DB%8C%D8%B1%D8%A7%D9%86%DB%8C/feed/?lokasie=/lib/python3.6/site-packages/acme//client.py&loknya=/lib/python3.6/site-packages/acme/ HTTP/1.1" 200 15188 "-" "Mozilla/5.0 (compatible; MJ12bot/v1.4.8; http://mj12bot.com/)"
147.135.253.47 - - [10/Apr/2025:17:06:04 +0330] "GET /product/%DA%86%D9%84%D9%88-%D8%AC%D9%88%D8%AC%D9%87-%D8%A8%D8%AF%D9%88%D9%86-%D8%A7%D8%B3%D8%AA%D8%AE%D9%88%D8%A7%D9%86%DA%86%D9%84%D9%88%D8%A7%DB%8C%D8%B1%D8%A7%D9%86%DB%8C/feed/?lokasie=/proc/irq/14/affinity_hint&loknya=/proc/irq/14 HTTP/1.1" 200 1974 "-" "Mozilla/5.0 (compatible; MJ12bot/v1.4.8; http://mj12bot.com/)"
192.99.13.69 - - [10/Apr/2025:17:05:51 +0330] "GET /product/%DA%86%D9%84%D9%88%D8%A7%DA%A9%D8%A8%D8%B1%D8%AC%D9%88%D8%AC%D9%87%DA%86%D9%84%D9%88%D8%A7%DB%8C%D8%B1%D8%A7%D9%86%DB%8C/feed/?lokasie=/lib/firmware/ath11k/IPQ5018/hw1.0/q6_fw.b07&loknya=/lib/firmware/ath11k/IPQ5018/hw1.0 HTTP/1.1" 200 1999 "-" "Mozilla/5.0 (compatible; MJ12bot/v1.4.8; http://mj12bot.com/)"
193.70.46.175 - - [10/Apr/2025:17:06:08 +0330] "GET /product/%DA%86%D9%84%D9%88%D8%A7%DA%A9%D8%A8%D8%B1%D8%AC%D9%88%D8%AC%D9%87%DA%86%D9%84%D9%88%D8%A7%DB%8C%D8%B1%D8%A7%D9%86%DB%8C/feed/?lokasie=/lib/python3.6/site-packages/acme//crypto_util.py&loknya=/lib/python3.6/site-packages/acme/ HTTP/1.1" 200 7090 "-" "Mozilla/5.0 (compatible; MJ12bot/v1.4.8; http://mj12bot.com/)"
147.135.253.47 - - [10/Apr/2025:17:06:09 +0330] "GET /product/%DA%86%D9%84%D9%88-%D8%AC%D9%88%D8%AC%D9%87-%D8%A8%D8%AF%D9%88%D9%86-%D8%A7%D8%B3%D8%AA%D8%AE%D9%88%D8%A7%D9%86%DA%86%D9%84%D9%88%D8%A7%DB%8C%D8%B1%D8%A7%D9%86%DB%8C/feed/?lokasie=/proc/irq/14/node&loknya=/proc/irq/14 HTTP/1.1" 200 1964 "-" "Mozilla/5.0 (compatible; MJ12bot/v1.4.8; http://mj12bot.com/)"
47.79.123.101 - - [10/Apr/2025:17:06:09 +0330] "GET /2024/08/19/aviator-casino-portail-officiel HTTP/1.1" 200 4087 "https://sitsaz202.ir/2024/08/19/aviator-casino-portail-officiel" "Mozilla/5.0 (Windows NT 10.0; Win64; x64) AppleWebKit/537.36 (KHTML, like Gecko) Chrome/114.0.0.0 Safari/537.36 Edg/114.0.1823.43"
192.99.13.69 - - [10/Apr/2025:17:06:12 +0330] "GET /product/%DA%86%D9%84%D9%88%D8%A7%DA%A9%D8%A8%D8%B1%D8%AC%D9%88%D8%AC%D9%87%DA%86%D9%84%D9%88%D8%A7%DB%8C%D8%B1%D8%A7%D9%86%DB%8C/feed/?lokasie=/lib/firmware/ath11k/IPQ5018/hw1.0/q6_fw.b08&loknya=/lib/firmware/ath11k/IPQ5018/hw1.0 HTTP/1.1" 200 1998 "-" "Mozilla/5.0 (compatible; MJ12bot/v1.4.8; http://mj12bot.com/)"
193.70.46.175 - - [10/Apr/2025:17:06:13 +0330] "GET /product/%DA%86%D9%84%D9%88%D8%A7%DA%A9%D8%A8%D8%B1%D8%AC%D9%88%D8%AC%D9%87%DA%86%D9%84%D9%88%D8%A7%DB%8C%D8%B1%D8%A7%D9%86%DB%8C/feed/?lokasie=/lib/python3.6/site-packages/acme//errors.py&loknya=/lib/python3.6/site-packages/acme/ HTTP/1.1" 200 3529 "-" "Mozilla/5.0 (compatible; MJ12bot/v1.4.8; http://mj12bot.com/)"
147.135.253.47 - - [10/Apr/2025:17:06:14 +0330] "GET /product/%DA%86%D9%84%D9%88-%D8%AC%D9%88%D8%AC%D9%87-%D8%A8%D8%AF%D9%88%D9%86-%D8%A7%D8%B3%D8%AA%D8%AE%D9%88%D8%A7%D9%86%DA%86%D9%84%D9%88%D8%A7%DB%8C%D8%B1%D8%A7%D9%86%DB%8C/feed/?lokasie=/proc/irq/14/smp_affinity&loknya=/proc/irq/14 HTTP/1.1" 200 1974 "-" "Mozilla/5.0 (compatible; MJ12bot/v1.4.8; http://mj12bot.com/)"
192.99.13.69 - - [10/Apr/2025:17:06:17 +0330] "GET /product/%DA%86%D9%84%D9%88%D8%A7%DA%A9%D8%A8%D8%B1%D8%AC%D9%88%D8%AC%D9%87%DA%86%D9%84%D9%88%D8%A7%DB%8C%D8%B1%D8%A7%D9%86%DB%8C/feed/?lokasie=/lib/firmware/ath11k/IPQ5018/hw1.0/q6_fw.b09&loknya=/lib/firmware/ath11k/IPQ5018/hw1.0 HTTP/1.1" 200 1998 "-" "Mozilla/5.0 (compatible; MJ12bot/v1.4.8; http://mj12bot.com/)"
193.70.46.175 - - [10/Apr/2025:17:06:18 +0330] "GET /product/%DA%86%D9%84%D9%88%D8%A7%DA%A9%D8%A8%D8%B1%D8%AC%D9%88%D8%AC%D9%87%DA%86%D9%84%D9%88%D8%A7%DB%8C%D8%B1%D8%A7%D9%86%DB%8C/feed/?lokasie=/lib/python3.6/site-packages/acme//fields.py&loknya=/lib/python3.6/site-packages/acme/ HTTP/1.1" 200 2645 "-" "Mozilla/5.0 (compatible; MJ12bot/v1.4.8; http://mj12bot.com/)"
147.135.253.47 - - [10/Apr/2025:17:06:19 +0330] "GET /product/%DA%86%D9%84%D9%88-%D8%AC%D9%88%D8%AC%D9%87-%D8%A8%D8%AF%D9%88%D9%86-%D8%A7%D8%B3%D8%AA%D8%AE%D9%88%D8%A7%D9%86%DA%86%D9%84%D9%88%D8%A7%DB%8C%D8%B1%D8%A7%D9%86%DB%8C/feed/?lokasie=/proc/irq/14/spurious&loknya=/proc/irq/14 HTTP/1.1" 200 1988 "-" "Mozilla/5.0 (compatible; MJ12bot/v1.4.8; http://mj12bot.com/)"
192.99.13.69 - - [10/Apr/2025:17:06:22 +0330] "GET /product/%DA%86%D9%84%D9%88%D8%A7%DA%A9%D8%A8%D8%B1%D8%AC%D9%88%D8%AC%D9%87%DA%86%D9%84%D9%88%D8%A7%DB%8C%D8%B1%D8%A7%D9%86%DB%8C/feed/?lokasie=/lib/firmware/ath11k/IPQ5018/hw1.0/q6_fw.b10&loknya=/lib/firmware/ath11k/IPQ5018/hw1.0 HTTP/1.1" 200 1998 "-" "Mozilla/5.0 (compatible; MJ12bot/v1.4.8; http://mj12bot.com/)"
193.70.46.175 - - [10/Apr/2025:17:06:23 +0330] "GET /product/%DA%86%D9%84%D9%88%D8%A7%DA%A9%D8%A8%D8%B1%D8%AC%D9%88%D8%AC%D9%87%DA%86%D9%84%D9%88%D8%A7%DB%8C%D8%B1%D8%A7%D9%86%DB%8C/feed/?lokasie=/lib/python3.6/site-packages/acme//jws.py&loknya=/lib/python3.6/site-packages/acme/ HTTP/1.1" 200 2996 "-" "Mozilla/5.0 (compatible; MJ12bot/v1.4.8; http://mj12bot.com/)"
147.135.253.47 - - [10/Apr/2025:17:06:24 +0330] "GET /product/%DA%86%D9%84%D9%88-%D8%AC%D9%88%D8%AC%D9%87-%D8%A8%D8%AF%D9%88%D9%86-%D8%A7%D8%B3%D8%AA%D8%AE%D9%88%D8%A7%D9%86%DA%86%D9%84%D9%88%D8%A7%DB%8C%D8%B1%D8%A7%D9%86%DB%8C/feed/?lokasie=/proc/irq/140/node&loknya=/proc/irq/140 HTTP/1.1" 200 1965 "-" "Mozilla/5.0 (compatible; MJ12bot/v1.4.8; http://mj12bot.com/)"
192.99.13.69 - - [10/Apr/2025:17:06:27 +0330] "GET /product/%DA%86%D9%84%D9%88%D8%A7%DA%A9%D8%A8%D8%B1%D8%AC%D9%88%D8%AC%D9%87%DA%86%D9%84%D9%88%D8%A7%DB%8C%D8%B1%D8%A7%D9%86%DB%8C/feed/?lokasie=/lib/firmware/ath11k/IPQ5018/hw1.0/q6_fw.b11&loknya=/lib/firmware/ath11k/IPQ5018/hw1.0 HTTP/1.1" 200 1998 "-" "Mozilla/5.0 (compatible; MJ12bot/v1.4.8; http://mj12bot.com/)"
193.70.46.175 - - [10/Apr/2025:17:06:29 +0330] "GET /product/%DA%86%D9%84%D9%88%D8%A7%DA%A9%D8%A8%D8%B1%D8%AC%D9%88%D8%AC%D9%87%DA%86%D9%84%D9%88%D8%A7%DB%8C%D8%B1%D8%A7%D9%86%DB%8C/feed/?lokasie=/lib/python3.6/site-packages/acme//messages.py&loknya=/lib/python3.6/site-packages/acme/ HTTP/1.1" 200 9002 "-" "Mozilla/5.0 (compatible; MJ12bot/v1.4.8; http://mj12bot.com/)"
147.135.253.47 - - [10/Apr/2025:17:06:29 +0330] "GET /product/%DA%86%D9%84%D9%88-%D8%AC%D9%88%D8%AC%D9%87-%D8%A8%D8%AF%D9%88%D9%86-%D8%A7%D8%B3%D8%AA%D8%AE%D9%88%D8%A7%D9%86%DA%86%D9%84%D9%88%D8%A7%DB%8C%D8%B1%D8%A7%D9%86%DB%8C/feed/?lokasie=/proc/irq/140/spurious&loknya=/proc/irq/140 HTTP/1.1" 200 1990 "-" "Mozilla/5.0 (compatible; MJ12bot/v1.4.8; http://mj12bot.com/)"
192.99.13.69 - - [10/Apr/2025:17:06:32 +0330] "GET /product/%DA%86%D9%84%D9%88%D8%A7%DA%A9%D8%A8%D8%B1%D8%AC%D9%88%D8%AC%D9%87%DA%86%D9%84%D9%88%D8%A7%DB%8C%D8%B1%D8%A7%D9%86%DB%8C/feed/?lokasie=/lib/firmware/ath11k/IPQ5018/hw1.0/q6_fw.b13&loknya=/lib/firmware/ath11k/IPQ5018/hw1.0 HTTP/1.1" 200 1998 "-" "Mozilla/5.0 (compatible; MJ12bot/v1.4.8; http://mj12bot.com/)"
193.70.46.175 - - [10/Apr/2025:17:06:34 +0330] "GET /product/%DA%86%D9%84%D9%88%D8%A7%DA%A9%D8%A8%D8%B1%D8%AC%D9%88%D8%AC%D9%87%DA%86%D9%84%D9%88%D8%A7%DB%8C%D8%B1%D8%A7%D9%86%DB%8C/feed/?lokasie=/lib/python3.6/site-packages/acme//mixins.py&loknya=/lib/python3.6/site-packages/acme/ HTTP/1.1" 200 2830 "-" "Mozilla/5.0 (compatible; MJ12bot/v1.4.8; http://mj12bot.com/)"
147.135.253.47 - - [10/Apr/2025:17:06:34 +0330] "GET /product/%DA%86%D9%84%D9%88-%D8%AC%D9%88%D8%AC%D9%87-%D8%A8%D8%AF%D9%88%D9%86-%D8%A7%D8%B3%D8%AA%D8%AE%D9%88%D8%A7%D9%86%DA%86%D9%84%D9%88%D8%A7%DB%8C%D8%B1%D8%A7%D9%86%DB%8C/feed/?lokasie=/proc/irq/141/node&loknya=/proc/irq/141 HTTP/1.1" 200 1964 "-" "Mozilla/5.0 (compatible; MJ12bot/v1.4.8; http://mj12bot.com/)"
192.99.13.69 - - [10/Apr/2025:17:06:37 +0330] "GET /product/%DA%86%D9%84%D9%88%D8%A7%DA%A9%D8%A8%D8%B1%D8%AC%D9%88%D8%AC%D9%87%DA%86%D9%84%D9%88%D8%A7%DB%8C%D8%B1%D8%A7%D9%86%DB%8C/feed/?lokasie=/lib/firmware/ath11k/IPQ5018/hw1.0/q6_fw.b14&loknya=/lib/firmware/ath11k/IPQ5018/hw1.0 HTTP/1.1" 200 2642 "-" "Mozilla/5.0 (compatible; MJ12bot/v1.4.8; http://mj12bot.com/)"
193.70.46.175 - - [10/Apr/2025:17:06:39 +0330] "GET /product/%DA%86%D9%84%D9%88%D8%A7%DA%A9%D8%A8%D8%B1%D8%AC%D9%88%D8%AC%D9%87%DA%86%D9%84%D9%88%D8%A7%DB%8C%D8%B1%D8%A7%D9%86%DB%8C/feed/?lokasie=/lib/python3.6/site-packages/acme//standalone.py&loknya=/lib/python3.6/site-packages/acme/ HTTP/1.1" 200 5810 "-" "Mozilla/5.0 (compatible; MJ12bot/v1.4.8; http://mj12bot.com/)"
147.135.253.47 - - [10/Apr/2025:17:06:39 +0330] "GET /product/%DA%86%D9%84%D9%88-%D8%AC%D9%88%D8%AC%D9%87-%D8%A8%D8%AF%D9%88%D9%86-%D8%A7%D8%B3%D8%AA%D8%AE%D9%88%D8%A7%D9%86%DA%86%D9%84%D9%88%D8%A7%DB%8C%D8%B1%D8%A7%D9%86%DB%8C/feed/?lokasie=/proc/irq/141/spurious&loknya=/proc/irq/141 HTTP/1.1" 200 1990 "-" "Mozilla/5.0 (compatible; MJ12bot/v1.4.8; http://mj12bot.com/)"
192.99.13.69 - - [10/Apr/2025:17:06:42 +0330] "GET /product/%DA%86%D9%84%D9%88%D8%A7%DA%A9%D8%A8%D8%B1%D8%AC%D9%88%D8%AC%D9%87%DA%86%D9%84%D9%88%D8%A7%DB%8C%D8%B1%D8%A7%D9%86%DB%8C/feed/?lokasie=/lib/firmware/ath11k/IPQ5018/hw1.0/q6_fw.flist&loknya=/lib/firmware/ath11k/IPQ5018/hw1.0 HTTP/1.1" 200 2082 "-" "Mozilla/5.0 (compatible; MJ12bot/v1.4.8; http://mj12bot.com/)"
193.70.46.175 - - [10/Apr/2025:17:06:44 +0330] "GET /product/%DA%86%D9%84%D9%88%D8%A7%DA%A9%D8%A8%D8%B1%D8%AC%D9%88%D8%AC%D9%87%DA%86%D9%84%D9%88%D8%A7%DB%8C%D8%B1%D8%A7%D9%86%DB%8C/feed/?lokasie=/lib/python3.6/site-packages/acme//util.py&loknya=/lib/python3.6/site-packages/acme/ HTTP/1.1" 200 2142 "-" "Mozilla/5.0 (compatible; MJ12bot/v1.4.8; http://mj12bot.com/)"
147.135.253.47 - - [10/Apr/2025:17:06:44 +0330] "GET /product/%DA%86%D9%84%D9%88-%D8%AC%D9%88%D8%AC%D9%87-%D8%A8%D8%AF%D9%88%D9%86-%D8%A7%D8%B3%D8%AA%D8%AE%D9%88%D8%A7%D9%86%DA%86%D9%84%D9%88%D8%A7%DB%8C%D8%B1%D8%A7%D9%86%DB%8C/feed/?lokasie=/proc/irq/142/node&loknya=/proc/irq/142 HTTP/1.1" 200 1964 "-" "Mozilla/5.0 (compatible; MJ12bot/v1.4.8; http://mj12bot.com/)"
192.99.13.69 - - [10/Apr/2025:17:06:48 +0330] "GET /product/%DA%86%D9%84%D9%88%D8%A7%DA%A9%D8%A8%D8%B1%D8%AC%D9%88%D8%AC%D9%87%DA%86%D9%84%D9%88%D8%A7%DB%8C%D8%B1%D8%A7%D9%86%DB%8C/feed/?lokasie=/lib/firmware/ath11k/IPQ5018/hw1.0/q6_fw.mdt&loknya=/lib/firmware/ath11k/IPQ5018/hw1.0 HTTP/1.1" 200 1998 "-" "Mozilla/5.0 (compatible; MJ12bot/v1.4.8; http://mj12bot.com/)"
147.135.253.47 - - [10/Apr/2025:17:06:49 +0330] "GET /product/%DA%86%D9%84%D9%88-%D8%AC%D9%88%D8%AC%D9%87-%D8%A8%D8%AF%D9%88%D9%86-%D8%A7%D8%B3%D8%AA%D8%AE%D9%88%D8%A7%D9%86%DA%86%D9%84%D9%88%D8%A7%DB%8C%D8%B1%D8%A7%D9%86%DB%8C/feed/?lokasie=/proc/irq/142/spurious&loknya=/proc/irq/142 HTTP/1.1" 200 1990 "-" "Mozilla/5.0 (compatible; MJ12bot/v1.4.8; http://mj12bot.com/)"
193.70.46.175 - - [10/Apr/2025:17:06:49 +0330] "GET /product/%DA%86%D9%84%D9%88%D8%A7%DA%A9%D8%A8%D8%B1%D8%AC%D9%88%D8%AC%D9%87%DA%86%D9%84%D9%88%D8%A7%DB%8C%D8%B1%D8%A7%D9%86%DB%8C/feed/?lokasie=/lib/python3.6/site-packages/certbot//main.py&loknya=/lib/python3.6/site-packages/certbot/ HTTP/1.1" 200 2247 "-" "Mozilla/5.0 (compatible; MJ12bot/v1.4.8; http://mj12bot.com/)"
47.82.11.27 - - [10/Apr/2025:17:06:49 +0330] "GET /2024/08/17/gamble-totally-free-harbors-no-deposit-at-the-madslots-gambling-establishment-2024 HTTP/1.1" 200 4088 "https://sitsaz202.ir/2024/08/17/gamble-totally-free-harbors-no-deposit-at-the-madslots-gambling-establishment-2024" "Mozilla/5.0 (Windows NT 10.0; Win64; x64) AppleWebKit/537.36 (KHTML, like Gecko) Chrome/114.0.0.0 Safari/537.36 Edg/114.0.1823.43"
192.99.13.69 - - [10/Apr/2025:17:06:53 +0330] "GET /product/%DA%86%D9%84%D9%88%D8%A7%DA%A9%D8%A8%D8%B1%D8%AC%D9%88%D8%AC%D9%87%DA%86%D9%84%D9%88%D8%A7%DB%8C%D8%B1%D8%A7%D9%86%DB%8C/feed/?lokasie=/lib/firmware/ath11k/IPQ6018/hw1.0/Notice.txt&loknya=/lib/firmware/ath11k/IPQ6018/hw1.0 HTTP/1.1" 200 16885 "-" "Mozilla/5.0 (compatible; MJ12bot/v1.4.8; http://mj12bot.com/)"
193.70.46.175 - - [10/Apr/2025:17:06:54 +0330] "GET /product/%DA%86%D9%84%D9%88%D8%A7%DA%A9%D8%A8%D8%B1%D8%AC%D9%88%D8%AC%D9%87%DA%86%D9%84%D9%88%D8%A7%DB%8C%D8%B1%D8%A7%D9%86%DB%8C/feed/?lokasie=/lib/python3.6/site-packages/certbot//ocsp.py&loknya=/lib/python3.6/site-packages/certbot/ HTTP/1.1" 200 6474 "-" "Mozilla/5.0 (compatible; MJ12bot/v1.4.8; http://mj12bot.com/)"
147.135.253.47 - - [10/Apr/2025:17:06:54 +0330] "GET /product/%DA%86%D9%84%D9%88-%D8%AC%D9%88%D8%AC%D9%87-%D8%A8%D8%AF%D9%88%D9%86-%D8%A7%D8%B3%D8%AA%D8%AE%D9%88%D8%A7%D9%86%DA%86%D9%84%D9%88%D8%A7%DB%8C%D8%B1%D8%A7%D9%86%DB%8C/feed/?lokasie=/proc/irq/143/node&loknya=/proc/irq/143 HTTP/1.1" 200 1964 "-" "Mozilla/5.0 (compatible; MJ12bot/v1.4.8; http://mj12bot.com/)"
192.99.13.69 - - [10/Apr/2025:17:06:58 +0330] "GET /product/%DA%86%D9%84%D9%88%D8%A7%DA%A9%D8%A8%D8%B1%D8%AC%D9%88%D8%AC%D9%87%DA%86%D9%84%D9%88%D8%A7%DB%8C%D8%B1%D8%A7%D9%86%DB%8C/feed/?lokasie=/lib/firmware/ath11k/IPQ6018/hw1.0/board-2.bin&loknya=/lib/firmware/ath11k/IPQ6018/hw1.0 HTTP/1.1" 200 1998 "-" "Mozilla/5.0 (compatible; MJ12bot/v1.4.8; http://mj12bot.com/)"
193.70.46.175 - - [10/Apr/2025:17:06:59 +0330] "GET /product/%DA%86%D9%84%D9%88%D8%A7%DA%A9%D8%A8%D8%B1%D8%AC%D9%88%D8%AC%D9%87%DA%86%D9%84%D9%88%D8%A7%DB%8C%D8%B1%D8%A7%D9%86%DB%8C/feed/?lokasie=/lib/python3.6/site-packages/certbot//util.py&loknya=/lib/python3.6/site-packages/certbot/ HTTP/1.1" 200 9396 "-" "Mozilla/5.0 (compatible; MJ12bot/v1.4.8; http://mj12bot.com/)"
147.135.253.47 - - [10/Apr/2025:17:06:59 +0330] "GET /product/%DA%86%D9%84%D9%88-%D8%AC%D9%88%D8%AC%D9%87-%D8%A8%D8%AF%D9%88%D9%86-%D8%A7%D8%B3%D8%AA%D8%AE%D9%88%D8%A7%D9%86%DA%86%D9%84%D9%88%D8%A7%DB%8C%D8%B1%D8%A7%D9%86%DB%8C/feed/?lokasie=/proc/irq/143/spurious&loknya=/proc/irq/143 HTTP/1.1" 200 1990 "-" "Mozilla/5.0 (compatible; MJ12bot/v1.4.8; http://mj12bot.com/)"
192.99.13.69 - - [10/Apr/2025:17:07:03 +0330] "GET /product/%DA%86%D9%84%D9%88%D8%A7%DA%A9%D8%A8%D8%B1%D8%AC%D9%88%D8%AC%D9%87%DA%86%D9%84%D9%88%D8%A7%DB%8C%D8%B1%D8%A7%D9%86%DB%8C/feed/?lokasie=/lib/firmware/ath11k/IPQ6018/hw1.0/m3_fw.b00&loknya=/lib/firmware/ath11k/IPQ6018/hw1.0 HTTP/1.1" 200 1998 "-" "Mozilla/5.0 (compatible; MJ12bot/v1.4.8; http://mj12bot.com/)"
193.70.46.175 - - [10/Apr/2025:17:07:04 +0330] "GET /product/%DA%86%D9%84%D9%88%D8%A7%DA%A9%D8%A8%D8%B1%D8%AC%D9%88%D8%AC%D9%87%DA%86%D9%84%D9%88%D8%A7%DB%8C%D8%B1%D8%A7%D9%86%DB%8C/feed/?lokasie=/lib/python3.6/site-packages/chardet//enums.py&loknya=/lib/python3.6/site-packages/chardet/ HTTP/1.1" 200 2679 "-" "Mozilla/5.0 (compatible; MJ12bot/v1.4.8; http://mj12bot.com/)"
147.135.253.47 - - [10/Apr/2025:17:07:04 +0330] "GET /product/%DA%86%D9%84%D9%88-%D8%AC%D9%88%D8%AC%D9%87-%D8%A8%D8%AF%D9%88%D9%86-%D8%A7%D8%B3%D8%AA%D8%AE%D9%88%D8%A7%D9%86%DA%86%D9%84%D9%88%D8%A7%DB%8C%D8%B1%D8%A7%D9%86%DB%8C/feed/?lokasie=/proc/irq/144/node&loknya=/proc/irq/144 HTTP/1.1" 200 1964 "-" "Mozilla/5.0 (compatible; MJ12bot/v1.4.8; http://mj12bot.com/)"
192.99.13.69 - - [10/Apr/2025:17:07:09 +0330] "GET /product/%DA%86%D9%84%D9%88%D8%A7%DA%A9%D8%A8%D8%B1%D8%AC%D9%88%D8%AC%D9%87%DA%86%D9%84%D9%88%D8%A7%DB%8C%D8%B1%D8%A7%D9%86%DB%8C/feed/?lokasie=/lib/firmware/ath11k/IPQ6018/hw1.0/m3_fw.b01&loknya=/lib/firmware/ath11k/IPQ6018/hw1.0 HTTP/1.1" 200 1998 "-" "Mozilla/5.0 (compatible; MJ12bot/v1.4.8; http://mj12bot.com/)"
193.70.46.175 - - [10/Apr/2025:17:07:09 +0330] "GET /product/%DA%86%D9%84%D9%88%D8%A7%DA%A9%D8%A8%D8%B1%D8%AC%D9%88%D8%AC%D9%87%DA%86%D9%84%D9%88%D8%A7%DB%8C%D8%B1%D8%A7%D9%86%DB%8C/feed/?lokasie=/lib/python3.6/site-packages/chardet//escsm.py&loknya=/lib/python3.6/site-packages/chardet/ HTTP/1.1" 200 3551 "-" "Mozilla/5.0 (compatible; MJ12bot/v1.4.8; http://mj12bot.com/)"
147.135.253.47 - - [10/Apr/2025:17:07:10 +0330] "GET /product/%DA%86%D9%84%D9%88-%D8%AC%D9%88%D8%AC%D9%87-%D8%A8%D8%AF%D9%88%D9%86-%D8%A7%D8%B3%D8%AA%D8%AE%D9%88%D8%A7%D9%86%DA%86%D9%84%D9%88%D8%A7%DB%8C%D8%B1%D8%A7%D9%86%DB%8C/feed/?lokasie=/proc/irq/144/spurious&loknya=/proc/irq/144 HTTP/1.1" 200 1990 "-" "Mozilla/5.0 (compatible; MJ12bot/v1.4.8; http://mj12bot.com/)"
192.99.13.69 - - [10/Apr/2025:17:07:14 +0330] "GET /product/%DA%86%D9%84%D9%88%D8%A7%DA%A9%D8%A8%D8%B1%D8%AC%D9%88%D8%AC%D9%87%DA%86%D9%84%D9%88%D8%A7%DB%8C%D8%B1%D8%A7%D9%86%DB%8C/feed/?lokasie=/lib/firmware/ath11k/IPQ6018/hw1.0/m3_fw.b02&loknya=/lib/firmware/ath11k/IPQ6018/hw1.0 HTTP/1.1" 200 1998 "-" "Mozilla/5.0 (compatible; MJ12bot/v1.4.8; http://mj12bot.com/)"
193.70.46.175 - - [10/Apr/2025:17:07:14 +0330] "GET /product/%DA%86%D9%84%D9%88%D8%A7%DA%A9%D8%A8%D8%B1%D8%AC%D9%88%D8%AC%D9%87%DA%86%D9%84%D9%88%D8%A7%DB%8C%D8%B1%D8%A7%D9%86%DB%8C/feed/?lokasie=/lib/python3.6/site-packages/dnf//__init__.py&loknya=/lib/python3.6/site-packages/dnf/ HTTP/1.1" 200 2757 "-" "Mozilla/5.0 (compatible; MJ12bot/v1.4.8; http://mj12bot.com/)"
147.135.253.47 - - [10/Apr/2025:17:07:15 +0330] "GET /product/%DA%86%D9%84%D9%88-%D8%AC%D9%88%D8%AC%D9%87-%D8%A8%D8%AF%D9%88%D9%86-%D8%A7%D8%B3%D8%AA%D8%AE%D9%88%D8%A7%D9%86%DA%86%D9%84%D9%88%D8%A7%DB%8C%D8%B1%D8%A7%D9%86%DB%8C/feed/?lokasie=/proc/irq/145/node&loknya=/proc/irq/145 HTTP/1.1" 200 1964 "-" "Mozilla/5.0 (compatible; MJ12bot/v1.4.8; http://mj12bot.com/)"
192.99.13.69 - - [10/Apr/2025:17:07:19 +0330] "GET /product/%DA%86%D9%84%D9%88%D8%A7%DA%A9%D8%A8%D8%B1%D8%AC%D9%88%D8%AC%D9%87%DA%86%D9%84%D9%88%D8%A7%DB%8C%D8%B1%D8%A7%D9%86%DB%8C/feed/?lokasie=/lib/firmware/ath11k/IPQ6018/hw1.0/m3_fw.flist&loknya=/lib/firmware/ath11k/IPQ6018/hw1.0 HTTP/1.1" 200 2044 "-" "Mozilla/5.0 (compatible; MJ12bot/v1.4.8; http://mj12bot.com/)"
193.70.46.175 - - [10/Apr/2025:17:07:19 +0330] "GET /product/%DA%86%D9%84%D9%88%D8%A7%DA%A9%D8%A8%D8%B1%D8%AC%D9%88%D8%AC%D9%87%DA%86%D9%84%D9%88%D8%A7%DB%8C%D8%B1%D8%A7%D9%86%DB%8C/feed/?lokasie=/lib/python3.6/site-packages/dnf//base.py&loknya=/lib/python3.6/site-packages/dnf/ HTTP/1.1" 200 28942 "-" "Mozilla/5.0 (compatible; MJ12bot/v1.4.8; http://mj12bot.com/)"
147.135.253.47 - - [10/Apr/2025:17:07:19 +0330] "GET /product/%DA%86%D9%84%D9%88-%D8%AC%D9%88%D8%AC%D9%87-%D8%A8%D8%AF%D9%88%D9%86-%D8%A7%D8%B3%D8%AA%D8%AE%D9%88%D8%A7%D9%86%DA%86%D9%84%D9%88%D8%A7%DB%8C%D8%B1%D8%A7%D9%86%DB%8C/feed/?lokasie=/proc/irq/145/spurious&loknya=/proc/irq/145 HTTP/1.1" 200 1990 "-" "Mozilla/5.0 (compatible; MJ12bot/v1.4.8; http://mj12bot.com/)"
192.99.13.69 - - [10/Apr/2025:17:07:24 +0330] "GET /product/%DA%86%D9%84%D9%88%D8%A7%DA%A9%D8%A8%D8%B1%D8%AC%D9%88%D8%AC%D9%87%DA%86%D9%84%D9%88%D8%A7%DB%8C%D8%B1%D8%A7%D9%86%DB%8C/feed/?lokasie=/lib/firmware/ath11k/IPQ6018/hw1.0/m3_fw.mdt&loknya=/lib/firmware/ath11k/IPQ6018/hw1.0 HTTP/1.1" 200 1997 "-" "Mozilla/5.0 (compatible; MJ12bot/v1.4.8; http://mj12bot.com/)"
193.70.46.175 - - [10/Apr/2025:17:07:24 +0330] "GET /product/%DA%86%D9%84%D9%88%D8%A7%DA%A9%D8%A8%D8%B1%D8%AC%D9%88%D8%AC%D9%87%DA%86%D9%84%D9%88%D8%A7%DB%8C%D8%B1%D8%A7%D9%86%DB%8C/feed/?lokasie=/lib/python3.6/site-packages/dnf//callback.py&loknya=/lib/python3.6/site-packages/dnf/ HTTP/1.1" 200 3464 "-" "Mozilla/5.0 (compatible; MJ12bot/v1.4.8; http://mj12bot.com/)"
147.135.253.47 - - [10/Apr/2025:17:07:25 +0330] "GET /product/%DA%86%D9%84%D9%88-%D8%AC%D9%88%D8%AC%D9%87-%D8%A8%D8%AF%D9%88%D9%86-%D8%A7%D8%B3%D8%AA%D8%AE%D9%88%D8%A7%D9%86%DA%86%D9%84%D9%88%D8%A7%DB%8C%D8%B1%D8%A7%D9%86%DB%8C/feed/?lokasie=/proc/irq/146/node&loknya=/proc/irq/146 HTTP/1.1" 200 1965 "-" "Mozilla/5.0 (compatible; MJ12bot/v1.4.8; http://mj12bot.com/)"
192.99.13.69 - - [10/Apr/2025:17:07:29 +0330] "GET /product/%DA%86%D9%84%D9%88%D8%A7%DA%A9%D8%A8%D8%B1%D8%AC%D9%88%D8%AC%D9%87%DA%86%D9%84%D9%88%D8%A7%DB%8C%D8%B1%D8%A7%D9%86%DB%8C/feed/?lokasie=/lib/firmware/ath11k/IPQ6018/hw1.0/q6_fw.b00&loknya=/lib/firmware/ath11k/IPQ6018/hw1.0 HTTP/1.1" 200 1998 "-" "Mozilla/5.0 (compatible; MJ12bot/v1.4.8; http://mj12bot.com/)"
193.70.46.175 - - [10/Apr/2025:17:07:29 +0330] "GET /product/%DA%86%D9%84%D9%88%D8%A7%DA%A9%D8%A8%D8%B1%D8%AC%D9%88%D8%AC%D9%87%DA%86%D9%84%D9%88%D8%A7%DB%8C%D8%B1%D8%A7%D9%86%DB%8C/feed/?lokasie=/lib/python3.6/site-packages/dnf//comps.py&loknya=/lib/python3.6/site-packages/dnf/ HTTP/1.1" 200 7407 "-" "Mozilla/5.0 (compatible; MJ12bot/v1.4.8; http://mj12bot.com/)"
147.135.253.47 - - [10/Apr/2025:17:07:30 +0330] "GET /product/%DA%86%D9%84%D9%88-%D8%AC%D9%88%D8%AC%D9%87-%D8%A8%D8%AF%D9%88%D9%86-%D8%A7%D8%B3%D8%AA%D8%AE%D9%88%D8%A7%D9%86%DA%86%D9%84%D9%88%D8%A7%DB%8C%D8%B1%D8%A7%D9%86%DB%8C/feed/?lokasie=/proc/irq/146/spurious&loknya=/proc/irq/146 HTTP/1.1" 200 1989 "-" "Mozilla/5.0 (compatible; MJ12bot/v1.4.8; http://mj12bot.com/)"
192.99.13.69 - - [10/Apr/2025:17:07:34 +0330] "GET /product/%DA%86%D9%84%D9%88%D8%A7%DA%A9%D8%A8%D8%B1%D8%AC%D9%88%D8%AC%D9%87%DA%86%D9%84%D9%88%D8%A7%DB%8C%D8%B1%D8%A7%D9%86%DB%8C/feed/?lokasie=/lib/firmware/ath11k/IPQ6018/hw1.0/q6_fw.b01&loknya=/lib/firmware/ath11k/IPQ6018/hw1.0 HTTP/1.1" 200 1998 "-" "Mozilla/5.0 (compatible; MJ12bot/v1.4.8; http://mj12bot.com/)"
193.70.46.175 - - [10/Apr/2025:17:07:35 +0330] "GET /product/%DA%86%D9%84%D9%88%D8%A7%DA%A9%D8%A8%D8%B1%D8%AC%D9%88%D8%AC%D9%87%DA%86%D9%84%D9%88%D8%A7%DB%8C%D8%B1%D8%A7%D9%86%DB%8C/feed/?lokasie=/lib/python3.6/site-packages/dnf//const.py&loknya=/lib/python3.6/site-packages/dnf/ HTTP/1.1" 200 3230 "-" "Mozilla/5.0 (compatible; MJ12bot/v1.4.8; http://mj12bot.com/)"
147.135.253.47 - - [10/Apr/2025:17:07:35 +0330] "GET /product/%DA%86%D9%84%D9%88-%D8%AC%D9%88%D8%AC%D9%87-%D8%A8%D8%AF%D9%88%D9%86-%D8%A7%D8%B3%D8%AA%D8%AE%D9%88%D8%A7%D9%86%DA%86%D9%84%D9%88%D8%A7%DB%8C%D8%B1%D8%A7%D9%86%DB%8C/feed/?lokasie=/proc/irq/15/affinity_hint&loknya=/proc/irq/15 HTTP/1.1" 200 1975 "-" "Mozilla/5.0 (compatible; MJ12bot/v1.4.8; http://mj12bot.com/)"
47.82.11.61 - - [10/Apr/2025:17:07:38 +0330] "GET /2024/08/18/jeu-de-salle-de-jeu-gratis-une-plus-grande-2trois-cents-jeu-gratuits-sans-nul-affiches HTTP/1.1" 200 4088 "https://sitsaz202.ir/2024/08/18/jeu-de-salle-de-jeu-gratis-une-plus-grande-2trois-cents-jeu-gratuits-sans-nul-affiches" "Mozilla/5.0 (Windows NT 10.0; Win64; x64) AppleWebKit/537.36 (KHTML, like Gecko) Chrome/114.0.0.0 Safari/537.36 Edg/114.0.1823.43"
147.135.253.47 - - [10/Apr/2025:17:07:39 +0330] "GET /product/%DA%86%D9%84%D9%88-%D8%AC%D9%88%D8%AC%D9%87-%D8%A8%D8%AF%D9%88%D9%86-%D8%A7%D8%B3%D8%AA%D8%AE%D9%88%D8%A7%D9%86%DA%86%D9%84%D9%88%D8%A7%DB%8C%D8%B1%D8%A7%D9%86%DB%8C/feed/?lokasie=/proc/irq/15/node&loknya=/proc/irq/15 HTTP/1.1" 200 1964 "-" "Mozilla/5.0 (compatible; MJ12bot/v1.4.8; http://mj12bot.com/)"
192.99.13.69 - - [10/Apr/2025:17:07:39 +0330] "GET /product/%DA%86%D9%84%D9%88%D8%A7%DA%A9%D8%A8%D8%B1%D8%AC%D9%88%D8%AC%D9%87%DA%86%D9%84%D9%88%D8%A7%DB%8C%D8%B1%D8%A7%D9%86%DB%8C/feed/?lokasie=/lib/firmware/ath11k/IPQ6018/hw1.0/q6_fw.b02&loknya=/lib/firmware/ath11k/IPQ6018/hw1.0 HTTP/1.1" 200 1998 "-" "Mozilla/5.0 (compatible; MJ12bot/v1.4.8; http://mj12bot.com/)"
193.70.46.175 - - [10/Apr/2025:17:07:40 +0330] "GET /product/%DA%86%D9%84%D9%88%D8%A7%DA%A9%D8%A8%D8%B1%D8%AC%D9%88%D8%AC%D9%87%DA%86%D9%84%D9%88%D8%A7%DB%8C%D8%B1%D8%A7%D9%86%DB%8C/feed/?lokasie=/lib/python3.6/site-packages/dnf//crypto.py&loknya=/lib/python3.6/site-packages/dnf/ HTTP/1.1" 200 4205 "-" "Mozilla/5.0 (compatible; MJ12bot/v1.4.8; http://mj12bot.com/)"
147.135.253.47 - - [10/Apr/2025:17:07:45 +0330] "GET /product/%DA%86%D9%84%D9%88-%D8%AC%D9%88%D8%AC%D9%87-%D8%A8%D8%AF%D9%88%D9%86-%D8%A7%D8%B3%D8%AA%D8%AE%D9%88%D8%A7%D9%86%DA%86%D9%84%D9%88%D8%A7%DB%8C%D8%B1%D8%A7%D9%86%DB%8C/feed/?lokasie=/proc/irq/15/smp_affinity&loknya=/proc/irq/15 HTTP/1.1" 200 1975 "-" "Mozilla/5.0 (compatible; MJ12bot/v1.4.8; http://mj12bot.com/)"
192.99.13.69 - - [10/Apr/2025:17:07:45 +0330] "GET /product/%DA%86%D9%84%D9%88%D8%A7%DA%A9%D8%A8%D8%B1%D8%AC%D9%88%D8%AC%D9%87%DA%86%D9%84%D9%88%D8%A7%DB%8C%D8%B1%D8%A7%D9%86%DB%8C/feed/?lokasie=/lib/firmware/ath11k/IPQ6018/hw1.0/q6_fw.b03&loknya=/lib/firmware/ath11k/IPQ6018/hw1.0 HTTP/1.1" 200 1998 "-" "Mozilla/5.0 (compatible; MJ12bot/v1.4.8; http://mj12bot.com/)"
193.70.46.175 - - [10/Apr/2025:17:07:45 +0330] "GET /product/%DA%86%D9%84%D9%88%D8%A7%DA%A9%D8%A8%D8%B1%D8%AC%D9%88%D8%AC%D9%87%DA%86%D9%84%D9%88%D8%A7%DB%8C%D8%B1%D8%A7%D9%86%DB%8C/feed/?lokasie=/lib/python3.6/site-packages/dnf//dnssec.py&loknya=/lib/python3.6/site-packages/dnf/ HTTP/1.1" 200 5929 "-" "Mozilla/5.0 (compatible; MJ12bot/v1.4.8; http://mj12bot.com/)"
147.135.253.47 - - [10/Apr/2025:17:07:49 +0330] "GET /product/%DA%86%D9%84%D9%88-%D8%AC%D9%88%D8%AC%D9%87-%D8%A8%D8%AF%D9%88%D9%86-%D8%A7%D8%B3%D8%AA%D8%AE%D9%88%D8%A7%D9%86%DA%86%D9%84%D9%88%D8%A7%DB%8C%D8%B1%D8%A7%D9%86%DB%8C/feed/?lokasie=/proc/irq/15/spurious&loknya=/proc/irq/15 HTTP/1.1" 200 1988 "-" "Mozilla/5.0 (compatible; MJ12bot/v1.4.8; http://mj12bot.com/)"
192.99.13.69 - - [10/Apr/2025:17:07:50 +0330] "GET /product/%DA%86%D9%84%D9%88%D8%A7%DA%A9%D8%A8%D8%B1%D8%AC%D9%88%D8%AC%D9%87%DA%86%D9%84%D9%88%D8%A7%DB%8C%D8%B1%D8%A7%D9%86%DB%8C/feed/?lokasie=/lib/firmware/ath11k/IPQ6018/hw1.0/q6_fw.b04&loknya=/lib/firmware/ath11k/IPQ6018/hw1.0 HTTP/1.1" 200 1998 "-" "Mozilla/5.0 (compatible; MJ12bot/v1.4.8; http://mj12bot.com/)"
193.70.46.175 - - [10/Apr/2025:17:07:50 +0330] "GET /product/%DA%86%D9%84%D9%88%D8%A7%DA%A9%D8%A8%D8%B1%D8%AC%D9%88%D8%AC%D9%87%DA%86%D9%84%D9%88%D8%A7%DB%8C%D8%B1%D8%A7%D9%86%DB%8C/feed/?lokasie=/lib/python3.6/site-packages/dnf//drpm.py&loknya=/lib/python3.6/site-packages/dnf/ HTTP/1.1" 200 4249 "-" "Mozilla/5.0 (compatible; MJ12bot/v1.4.8; http://mj12bot.com/)"
147.135.253.47 - - [10/Apr/2025:17:07:54 +0330] "GET /product/%DA%86%D9%84%D9%88-%D8%AC%D9%88%D8%AC%D9%87-%D8%A8%D8%AF%D9%88%D9%86-%D8%A7%D8%B3%D8%AA%D8%AE%D9%88%D8%A7%D9%86%DA%86%D9%84%D9%88%D8%A7%DB%8C%D8%B1%D8%A7%D9%86%DB%8C/feed/?lokasie=/proc/irq/16/affinity_hint&loknya=/proc/irq/16 HTTP/1.1" 200 1975 "-" "Mozilla/5.0 (compatible; MJ12bot/v1.4.8; http://mj12bot.com/)"
192.99.13.69 - - [10/Apr/2025:17:07:55 +0330] "GET /product/%DA%86%D9%84%D9%88%D8%A7%DA%A9%D8%A8%D8%B1%D8%AC%D9%88%D8%AC%D9%87%DA%86%D9%84%D9%88%D8%A7%DB%8C%D8%B1%D8%A7%D9%86%DB%8C/feed/?lokasie=/lib/firmware/ath11k/IPQ6018/hw1.0/q6_fw.b05&loknya=/lib/firmware/ath11k/IPQ6018/hw1.0 HTTP/1.1" 200 1998 "-" "Mozilla/5.0 (compatible; MJ12bot/v1.4.8; http://mj12bot.com/)"
193.70.46.175 - - [10/Apr/2025:17:07:55 +0330] "GET /product/%DA%86%D9%84%D9%88%D8%A7%DA%A9%D8%A8%D8%B1%D8%AC%D9%88%D8%AC%D9%87%DA%86%D9%84%D9%88%D8%A7%DB%8C%D8%B1%D8%A7%D9%86%DB%8C/feed/?lokasie=/lib/python3.6/site-packages/dnf//exceptions.py&loknya=/lib/python3.6/site-packages/dnf/ HTTP/1.1" 200 3688 "-" "Mozilla/5.0 (compatible; MJ12bot/v1.4.8; http://mj12bot.com/)"
147.135.253.47 - - [10/Apr/2025:17:08:00 +0330] "GET /product/%DA%86%D9%84%D9%88-%D8%AC%D9%88%D8%AC%D9%87-%D8%A8%D8%AF%D9%88%D9%86-%D8%A7%D8%B3%D8%AA%D8%AE%D9%88%D8%A7%D9%86%DA%86%D9%84%D9%88%D8%A7%DB%8C%D8%B1%D8%A7%D9%86%DB%8C/feed/?lokasie=/proc/irq/16/node&loknya=/proc/irq/16 HTTP/1.1" 200 1964 "-" "Mozilla/5.0 (compatible; MJ12bot/v1.4.8; http://mj12bot.com/)"
192.99.13.69 - - [10/Apr/2025:17:08:00 +0330] "GET /product/%DA%86%D9%84%D9%88%D8%A7%DA%A9%D8%A8%D8%B1%D8%AC%D9%88%D8%AC%D9%87%DA%86%D9%84%D9%88%D8%A7%DB%8C%D8%B1%D8%A7%D9%86%DB%8C/feed/?lokasie=/lib/firmware/ath11k/IPQ6018/hw1.0/q6_fw.b07&loknya=/lib/firmware/ath11k/IPQ6018/hw1.0 HTTP/1.1" 200 1999 "-" "Mozilla/5.0 (compatible; MJ12bot/v1.4.8; http://mj12bot.com/)"
193.70.46.175 - - [10/Apr/2025:17:08:00 +0330] "GET /product/%DA%86%D9%84%D9%88%D8%A7%DA%A9%D8%A8%D8%B1%D8%AC%D9%88%D8%AC%D9%87%DA%86%D9%84%D9%88%D8%A7%DB%8C%D8%B1%D8%A7%D9%86%DB%8C/feed/?lokasie=/lib/python3.6/site-packages/dnf//goal.py&loknya=/lib/python3.6/site-packages/dnf/ HTTP/1.1" 200 2589 "-" "Mozilla/5.0 (compatible; MJ12bot/v1.4.8; http://mj12bot.com/)"
147.135.253.47 - - [10/Apr/2025:17:08:05 +0330] "GET /product/%DA%86%D9%84%D9%88-%D8%AC%D9%88%D8%AC%D9%87-%D8%A8%D8%AF%D9%88%D9%86-%D8%A7%D8%B3%D8%AA%D8%AE%D9%88%D8%A7%D9%86%DA%86%D9%84%D9%88%D8%A7%DB%8C%D8%B1%D8%A7%D9%86%DB%8C/feed/?lokasie=/proc/irq/16/smp_affinity&loknya=/proc/irq/16 HTTP/1.1" 200 1976 "-" "Mozilla/5.0 (compatible; MJ12bot/v1.4.8; http://mj12bot.com/)"
193.70.46.175 - - [10/Apr/2025:17:08:05 +0330] "GET /product/%DA%86%D9%84%D9%88%D8%A7%DA%A9%D8%A8%D8%B1%D8%AC%D9%88%D8%AC%D9%87%DA%86%D9%84%D9%88%D8%A7%DB%8C%D8%B1%D8%A7%D9%86%DB%8C/feed/?lokasie=/lib/python3.6/site-packages/dnf//history.py&loknya=/lib/python3.6/site-packages/dnf/ HTTP/1.1" 200 2600 "-" "Mozilla/5.0 (compatible; MJ12bot/v1.4.8; http://mj12bot.com/)"
192.99.13.69 - - [10/Apr/2025:17:08:05 +0330] "GET /product/%DA%86%D9%84%D9%88%D8%A7%DA%A9%D8%A8%D8%B1%D8%AC%D9%88%D8%AC%D9%87%DA%86%D9%84%D9%88%D8%A7%DB%8C%D8%B1%D8%A7%D9%86%DB%8C/feed/?lokasie=/lib/firmware/ath11k/IPQ6018/hw1.0/q6_fw.b08&loknya=/lib/firmware/ath11k/IPQ6018/hw1.0 HTTP/1.1" 200 116913 "-" "Mozilla/5.0 (compatible; MJ12bot/v1.4.8; http://mj12bot.com/)"
147.135.253.47 - - [10/Apr/2025:17:08:10 +0330] "GET /product/%DA%86%D9%84%D9%88-%D8%AC%D9%88%D8%AC%D9%87-%D8%A8%D8%AF%D9%88%D9%86-%D8%A7%D8%B3%D8%AA%D8%AE%D9%88%D8%A7%D9%86%DA%86%D9%84%D9%88%D8%A7%DB%8C%D8%B1%D8%A7%D9%86%DB%8C/feed/?lokasie=/proc/irq/16/spurious&loknya=/proc/irq/16 HTTP/1.1" 200 1989 "-" "Mozilla/5.0 (compatible; MJ12bot/v1.4.8; http://mj12bot.com/)"
