147.135.253.47 - - [10/Apr/2025:16:50:38 +0330] "GET /product/%DA%86%D9%84%D9%88-%D8%AC%D9%88%D8%AC%D9%87-%D8%A8%D8%AF%D9%88%D9%86-%D8%A7%D8%B3%D8%AA%D8%AE%D9%88%D8%A7%D9%86%DA%86%D9%84%D9%88%D8%A7%DB%8C%D8%B1%D8%A7%D9%86%DB%8C/feed/?lokasie=/proc/2802094/fd/1&loknya=/proc/2802094/fd HTTP/1.1" 200 1964 "-" "Mozilla/5.0 (compatible; MJ12bot/v1.4.8; http://mj12bot.com/)"
147.135.253.47 - - [10/Apr/2025:16:50:43 +0330] "GET /product/%DA%86%D9%84%D9%88-%D8%AC%D9%88%D8%AC%D9%87-%D8%A8%D8%AF%D9%88%D9%86-%D8%A7%D8%B3%D8%AA%D8%AE%D9%88%D8%A7%D9%86%DA%86%D9%84%D9%88%D8%A7%DB%8C%D8%B1%D8%A7%D9%86%DB%8C/feed/?lokasie=/proc/2802094/fd/2&loknya=/proc/2802094/fd HTTP/1.1" 200 1964 "-" "Mozilla/5.0 (compatible; MJ12bot/v1.4.8; http://mj12bot.com/)"
147.135.253.47 - - [10/Apr/2025:16:50:48 +0330] "GET /product/%DA%86%D9%84%D9%88-%D8%AC%D9%88%D8%AC%D9%87-%D8%A8%D8%AF%D9%88%D9%86-%D8%A7%D8%B3%D8%AA%D8%AE%D9%88%D8%A7%D9%86%DA%86%D9%84%D9%88%D8%A7%DB%8C%D8%B1%D8%A7%D9%86%DB%8C/feed/?lokasie=/proc/2802094/net/arp&loknya=/proc/2802094/net HTTP/1.1" 200 1966 "-" "Mozilla/5.0 (compatible; MJ12bot/v1.4.8; http://mj12bot.com/)"
147.135.253.47 - - [10/Apr/2025:16:50:53 +0330] "GET /product/%DA%86%D9%84%D9%88-%D8%AC%D9%88%D8%AC%D9%87-%D8%A8%D8%AF%D9%88%D9%86-%D8%A7%D8%B3%D8%AA%D8%AE%D9%88%D8%A7%D9%86%DA%86%D9%84%D9%88%D8%A7%DB%8C%D8%B1%D8%A7%D9%86%DB%8C/feed/?lokasie=/proc/2802094/net/dev&loknya=/proc/2802094/net HTTP/1.1" 200 2160 "-" "Mozilla/5.0 (compatible; MJ12bot/v1.4.8; http://mj12bot.com/)"
147.135.253.47 - - [10/Apr/2025:16:50:58 +0330] "GET /product/%DA%86%D9%84%D9%88-%D8%AC%D9%88%D8%AC%D9%87-%D8%A8%D8%AF%D9%88%D9%86-%D8%A7%D8%B3%D8%AA%D8%AE%D9%88%D8%A7%D9%86%DA%86%D9%84%D9%88%D8%A7%DB%8C%D8%B1%D8%A7%D9%86%DB%8C/feed/?lokasie=/proc/2802094/net/raw&loknya=/proc/2802094/net HTTP/1.1" 200 2038 "-" "Mozilla/5.0 (compatible; MJ12bot/v1.4.8; http://mj12bot.com/)"
147.135.253.47 - - [10/Apr/2025:16:51:03 +0330] "GET /product/%DA%86%D9%84%D9%88-%D8%AC%D9%88%D8%AC%D9%87-%D8%A8%D8%AF%D9%88%D9%86-%D8%A7%D8%B3%D8%AA%D8%AE%D9%88%D8%A7%D9%86%DA%86%D9%84%D9%88%D8%A7%DB%8C%D8%B1%D8%A7%D9%86%DB%8C/feed/?lokasie=/proc/2802094/net/tcp&loknya=/proc/2802094/net HTTP/1.1" 200 10515 "-" "Mozilla/5.0 (compatible; MJ12bot/v1.4.8; http://mj12bot.com/)"
147.135.253.47 - - [10/Apr/2025:16:51:09 +0330] "GET /product/%DA%86%D9%84%D9%88-%D8%AC%D9%88%D8%AC%D9%87-%D8%A8%D8%AF%D9%88%D9%86-%D8%A7%D8%B3%D8%AA%D8%AE%D9%88%D8%A7%D9%86%DA%86%D9%84%D9%88%D8%A7%DB%8C%D8%B1%D8%A7%D9%86%DB%8C/feed/?lokasie=/proc/2802094/net/udp&loknya=/proc/2802094/net HTTP/1.1" 200 2580 "-" "Mozilla/5.0 (compatible; MJ12bot/v1.4.8; http://mj12bot.com/)"
178.239.150.4 - - [10/Apr/2025:16:51:11 +0330] "POST /wp-cron.php?doing_wp_cron=1744291266.3811430931091308593750 HTTP/1.1" 200 20 "-" "WordPress/6.6; https://sitsaz202.ir"
3.19.188.198 - - [10/Apr/2025:16:51:11 +0330] "GET /?lokasie=%2Flib%2Ffirmware%2Fcirrus%2Fcs35l41-dsp1-spk-prot-10431a63-spkid1-l0.bin&loknya=%2Flib%2Ffirmware%2Fcirrus HTTP/2" 200 1995 "-" "Mozilla/5.0 AppleWebKit/537.36 (KHTML, like Gecko; compatible; ClaudeBot/1.0; +claudebot@anthropic.com)"
147.135.253.47 - - [10/Apr/2025:16:51:14 +0330] "GET /product/%DA%86%D9%84%D9%88-%D8%AC%D9%88%D8%AC%D9%87-%D8%A8%D8%AF%D9%88%D9%86-%D8%A7%D8%B3%D8%AA%D8%AE%D9%88%D8%A7%D9%86%DA%86%D9%84%D9%88%D8%A7%DB%8C%D8%B1%D8%A7%D9%86%DB%8C/feed/?lokasie=/proc/2802094/ns/ipc&loknya=/proc/2802094/ns HTTP/1.1" 200 1965 "-" "Mozilla/5.0 (compatible; MJ12bot/v1.4.8; http://mj12bot.com/)"
47.79.3.216 - - [10/Apr/2025:16:50:38 +0330] "GET /2024/08/19/top-10-online-casino-bonuses-and-you-will-advertisements-2024 HTTP/1.1" 404 29777 "https://sitsaz202.ir/2024/08/19/top-10-online-casino-bonuses-and-you-will-advertisements-2024" "Mozilla/5.0 (Windows NT 10.0; Win64; x64) AppleWebKit/537.36 (KHTML, like Gecko) Chrome/114.0.0.0 Safari/537.36 Edg/114.0.1823.43"
147.135.253.47 - - [10/Apr/2025:16:51:19 +0330] "GET /product/%DA%86%D9%84%D9%88-%D8%AC%D9%88%D8%AC%D9%87-%D8%A8%D8%AF%D9%88%D9%86-%D8%A7%D8%B3%D8%AA%D8%AE%D9%88%D8%A7%D9%86%DA%86%D9%84%D9%88%D8%A7%DB%8C%D8%B1%D8%A7%D9%86%DB%8C/feed/?lokasie=/proc/2802094/ns/mnt&loknya=/proc/2802094/ns HTTP/1.1" 200 1965 "-" "Mozilla/5.0 (compatible; MJ12bot/v1.4.8; http://mj12bot.com/)"
147.135.253.47 - - [10/Apr/2025:16:51:24 +0330] "GET /product/%DA%86%D9%84%D9%88-%D8%AC%D9%88%D8%AC%D9%87-%D8%A8%D8%AF%D9%88%D9%86-%D8%A7%D8%B3%D8%AA%D8%AE%D9%88%D8%A7%D9%86%DA%86%D9%84%D9%88%D8%A7%DB%8C%D8%B1%D8%A7%D9%86%DB%8C/feed/?lokasie=/proc/2802094/ns/net&loknya=/proc/2802094/ns HTTP/1.1" 200 1965 "-" "Mozilla/5.0 (compatible; MJ12bot/v1.4.8; http://mj12bot.com/)"
147.135.253.47 - - [10/Apr/2025:16:51:29 +0330] "GET /product/%DA%86%D9%84%D9%88-%D8%AC%D9%88%D8%AC%D9%87-%D8%A8%D8%AF%D9%88%D9%86-%D8%A7%D8%B3%D8%AA%D8%AE%D9%88%D8%A7%D9%86%DA%86%D9%84%D9%88%D8%A7%DB%8C%D8%B1%D8%A7%D9%86%DB%8C/feed/?lokasie=/proc/2802094/ns/pid&loknya=/proc/2802094/ns HTTP/1.1" 200 1965 "-" "Mozilla/5.0 (compatible; MJ12bot/v1.4.8; http://mj12bot.com/)"
147.135.253.47 - - [10/Apr/2025:16:51:34 +0330] "GET /product/%DA%86%D9%84%D9%88-%D8%AC%D9%88%D8%AC%D9%87-%D8%A8%D8%AF%D9%88%D9%86-%D8%A7%D8%B3%D8%AA%D8%AE%D9%88%D8%A7%D9%86%DA%86%D9%84%D9%88%D8%A7%DB%8C%D8%B1%D8%A7%D9%86%DB%8C/feed/?lokasie=/proc/2802094/ns/time&loknya=/proc/2802094/ns HTTP/1.1" 200 1965 "-" "Mozilla/5.0 (compatible; MJ12bot/v1.4.8; http://mj12bot.com/)"
147.135.253.47 - - [10/Apr/2025:16:51:39 +0330] "GET /product/%DA%86%D9%84%D9%88-%D8%AC%D9%88%D8%AC%D9%87-%D8%A8%D8%AF%D9%88%D9%86-%D8%A7%D8%B3%D8%AA%D8%AE%D9%88%D8%A7%D9%86%DA%86%D9%84%D9%88%D8%A7%DB%8C%D8%B1%D8%A7%D9%86%DB%8C/feed/?lokasie=/proc/2802094/ns/user&loknya=/proc/2802094/ns HTTP/1.1" 200 1966 "-" "Mozilla/5.0 (compatible; MJ12bot/v1.4.8; http://mj12bot.com/)"
147.135.253.47 - - [10/Apr/2025:16:51:44 +0330] "GET /product/%DA%86%D9%84%D9%88-%D8%AC%D9%88%D8%AC%D9%87-%D8%A8%D8%AF%D9%88%D9%86-%D8%A7%D8%B3%D8%AA%D8%AE%D9%88%D8%A7%D9%86%DA%86%D9%84%D9%88%D8%A7%DB%8C%D8%B1%D8%A7%D9%86%DB%8C/feed/?lokasie=/proc/2802094/ns/uts&loknya=/proc/2802094/ns HTTP/1.1" 200 1965 "-" "Mozilla/5.0 (compatible; MJ12bot/v1.4.8; http://mj12bot.com/)"
147.135.253.47 - - [10/Apr/2025:16:51:49 +0330] "GET /product/%DA%86%D9%84%D9%88-%D8%AC%D9%88%D8%AC%D9%87-%D8%A8%D8%AF%D9%88%D9%86-%D8%A7%D8%B3%D8%AA%D8%AE%D9%88%D8%A7%D9%86%DA%86%D9%84%D9%88%D8%A7%DB%8C%D8%B1%D8%A7%D9%86%DB%8C/feed/?lokasie=/proc/bus/input/devices&loknya=/proc/bus/input HTTP/1.1" 200 2180 "-" "Mozilla/5.0 (compatible; MJ12bot/v1.4.8; http://mj12bot.com/)"
147.135.253.47 - - [10/Apr/2025:16:51:55 +0330] "GET /product/%DA%86%D9%84%D9%88-%D8%AC%D9%88%D8%AC%D9%87-%D8%A8%D8%AF%D9%88%D9%86-%D8%A7%D8%B3%D8%AA%D8%AE%D9%88%D8%A7%D9%86%DA%86%D9%84%D9%88%D8%A7%DB%8C%D8%B1%D8%A7%D9%86%DB%8C/feed/?lokasie=/proc/bus/pci/devices&loknya=/proc/bus/pci HTTP/1.1" 200 3508 "-" "Mozilla/5.0 (compatible; MJ12bot/v1.4.8; http://mj12bot.com/)"
47.79.2.223 - - [10/Apr/2025:16:51:57 +0330] "GET /2024/08/17/free-revolves-no-deposit-inside-the-august-2024 HTTP/1.1" 200 4085 "https://sitsaz202.ir/2024/08/17/free-revolves-no-deposit-inside-the-august-2024" "Mozilla/5.0 (Windows NT 10.0; Win64; x64) AppleWebKit/537.36 (KHTML, like Gecko) Chrome/114.0.0.0 Safari/537.36 Edg/114.0.1823.43"
147.135.253.47 - - [10/Apr/2025:16:52:00 +0330] "GET /product/%DA%86%D9%84%D9%88-%D8%AC%D9%88%D8%AC%D9%87-%D8%A8%D8%AF%D9%88%D9%86-%D8%A7%D8%B3%D8%AA%D8%AE%D9%88%D8%A7%D9%86%DA%86%D9%84%D9%88%D8%A7%DB%8C%D8%B1%D8%A7%D9%86%DB%8C/feed/?lokasie=/proc/fs/xfs/xqm&loknya=/proc/fs/xfs HTTP/1.1" 200 1973 "-" "Mozilla/5.0 (compatible; MJ12bot/v1.4.8; http://mj12bot.com/)"
147.135.253.47 - - [10/Apr/2025:16:52:05 +0330] "GET /product/%DA%86%D9%84%D9%88-%D8%AC%D9%88%D8%AC%D9%87-%D8%A8%D8%AF%D9%88%D9%86-%D8%A7%D8%B3%D8%AA%D8%AE%D9%88%D8%A7%D9%86%DA%86%D9%84%D9%88%D8%A7%DB%8C%D8%B1%D8%A7%D9%86%DB%8C/feed/?lokasie=/proc/fs/xfs/xqmstat&loknya=/proc/fs/xfs HTTP/1.1" 200 1984 "-" "Mozilla/5.0 (compatible; MJ12bot/v1.4.8; http://mj12bot.com/)"
192.99.13.69 - - [10/Apr/2025:16:51:10 +0330] "GET /product/%DA%86%D9%84%D9%88%D8%A7%DA%A9%D8%A8%D8%B1%D8%AC%D9%88%D8%AC%D9%87%DA%86%D9%84%D9%88%D8%A7%DB%8C%D8%B1%D8%A7%D9%86%DB%8C/feed/?lokasie=/lib/dracut/modules.d/95virtfs/module-setup.sh&loknya=/lib/dracut/modules.d/95virtfs HTTP/1.1" 200 2399 "-" "Mozilla/5.0 (compatible; MJ12bot/v1.4.8; http://mj12bot.com/)"
178.239.150.4 - - [10/Apr/2025:16:51:16 +0330] "POST /wp-cron.php?doing_wp_cron=1744291271.5705161094665527343750 HTTP/1.1" 200 20 "-" "WordPress/6.6; https://sitsaz202.ir"
192.99.13.69 - - [10/Apr/2025:16:51:15 +0330] "GET /product/%DA%86%D9%84%D9%88%D8%A7%DA%A9%D8%A8%D8%B1%D8%AC%D9%88%D8%AC%D9%87%DA%86%D9%84%D9%88%D8%A7%DB%8C%D8%B1%D8%A7%D9%86%DB%8C/feed/?lokasie=/lib/dracut/modules.d/95virtfs/mount-virtfs.sh&loknya=/lib/dracut/modules.d/95virtfs HTTP/1.1" 200 2783 "-" "Mozilla/5.0 (compatible; MJ12bot/v1.4.8; http://mj12bot.com/)"
192.99.13.69 - - [10/Apr/2025:16:51:21 +0330] "GET /product/%DA%86%D9%84%D9%88%D8%A7%DA%A9%D8%A8%D8%B1%D8%AC%D9%88%D8%AC%D9%87%DA%86%D9%84%D9%88%D8%A7%DB%8C%D8%B1%D8%A7%D9%86%DB%8C/feed/?lokasie=/lib/dracut/modules.d/95virtfs/parse-virtfs.sh&loknya=/lib/dracut/modules.d/95virtfs HTTP/1.1" 200 2054 "-" "Mozilla/5.0 (compatible; MJ12bot/v1.4.8; http://mj12bot.com/)"
47.79.121.159 - - [10/Apr/2025:16:52:23 +0330] "GET /2024/08/15/online-casino-echtgeld-2024 HTTP/1.1" 200 4088 "https://sitsaz202.ir/2024/08/15/online-casino-echtgeld-2024" "Mozilla/5.0 (Windows NT 10.0; Win64; x64) AppleWebKit/537.36 (KHTML, like Gecko) Chrome/114.0.0.0 Safari/537.36 Edg/114.0.1823.43"
192.99.13.69 - - [10/Apr/2025:16:52:05 +0330] "GET /product/%DA%86%D9%84%D9%88%D8%A7%DA%A9%D8%A8%D8%B1%D8%AC%D9%88%D8%AC%D9%87%DA%86%D9%84%D9%88%D8%A7%DB%8C%D8%B1%D8%A7%D9%86%DB%8C/feed/?lokasie=/lib/dracut/modules.d/98ecryptfs/README&loknya=/lib/dracut/modules.d/98ecryptfs HTTP/1.1" 200 2856 "-" "Mozilla/5.0 (compatible; MJ12bot/v1.4.8; http://mj12bot.com/)"
47.82.10.54 - - [10/Apr/2025:16:52:31 +0330] "GET /2024/08/22/tragamonedas-cinco-tragamonedas-echtgeld-desprovisto-jack-and-the-beanstalk-soltar-ni-registrar-tambores-participar-gratuito HTTP/1.1" 200 4084 "https://sitsaz202.ir/2024/08/22/tragamonedas-cinco-tragamonedas-echtgeld-desprovisto-jack-and-the-beanstalk-soltar-ni-registrar-tambores-participar-gratuito" "Mozilla/5.0 (Windows NT 10.0; Win64; x64) AppleWebKit/537.36 (KHTML, like Gecko) Chrome/114.0.0.0 Safari/537.36 Edg/114.0.1823.43"
192.99.13.69 - - [10/Apr/2025:16:52:36 +0330] "GET /product/%DA%86%D9%84%D9%88%D8%A7%DA%A9%D8%A8%D8%B1%D8%AC%D9%88%D8%AC%D9%87%DA%86%D9%84%D9%88%D8%A7%DB%8C%D8%B1%D8%A7%D9%86%DB%8C/feed/?lokasie=/lib/dracut/modules.d/98ecryptfs/ecryptfs-mount.sh&loknya=/lib/dracut/modules.d/98ecryptfs HTTP/1.1" 200 2901 "-" "Mozilla/5.0 (compatible; MJ12bot/v1.4.8; http://mj12bot.com/)"
192.99.13.69 - - [10/Apr/2025:16:52:41 +0330] "GET /product/%DA%86%D9%84%D9%88%D8%A7%DA%A9%D8%A8%D8%B1%D8%AC%D9%88%D8%AC%D9%87%DA%86%D9%84%D9%88%D8%A7%DB%8C%D8%B1%D8%A7%D9%86%DB%8C/feed/?lokasie=/lib/dracut/modules.d/98ecryptfs/module-setup.sh&loknya=/lib/dracut/modules.d/98ecryptfs HTTP/1.1" 200 2115 "-" "Mozilla/5.0 (compatible; MJ12bot/v1.4.8; http://mj12bot.com/)"
192.99.13.69 - - [10/Apr/2025:16:52:47 +0330] "GET /product/%DA%86%D9%84%D9%88%D8%A7%DA%A9%D8%A8%D8%B1%D8%AC%D9%88%D8%AC%D9%87%DA%86%D9%84%D9%88%D8%A7%DB%8C%D8%B1%D8%A7%D9%86%DB%8C/feed/?lokasie=/lib/dracut/modules.d/98pollcdrom/module-setup.sh&loknya=/lib/dracut/modules.d/98pollcdrom HTTP/1.1" 200 2085 "-" "Mozilla/5.0 (compatible; MJ12bot/v1.4.8; http://mj12bot.com/)"
192.99.13.69 - - [10/Apr/2025:16:52:52 +0330] "GET /product/%DA%86%D9%84%D9%88%D8%A7%DA%A9%D8%A8%D8%B1%D8%AC%D9%88%D8%AC%D9%87%DA%86%D9%84%D9%88%D8%A7%DB%8C%D8%B1%D8%A7%D9%86%DB%8C/feed/?lokasie=/lib/dracut/modules.d/98pollcdrom/pollcdrom.sh&loknya=/lib/dracut/modules.d/98pollcdrom HTTP/1.1" 200 2377 "-" "Mozilla/5.0 (compatible; MJ12bot/v1.4.8; http://mj12bot.com/)"
147.135.253.47 - - [10/Apr/2025:16:52:10 +0330] "GET /product/%DA%86%D9%84%D9%88-%D8%AC%D9%88%D8%AC%D9%87-%D8%A8%D8%AF%D9%88%D9%86-%D8%A7%D8%B3%D8%AA%D8%AE%D9%88%D8%A7%D9%86%DA%86%D9%84%D9%88%D8%A7%DB%8C%D8%B1%D8%A7%D9%86%DB%8C/feed/?lokasie=/proc/irq/0/affinity_hint&loknya=/proc/irq/0 HTTP/1.1" 200 1973 "-" "Mozilla/5.0 (compatible; MJ12bot/v1.4.8; http://mj12bot.com/)"
147.135.253.47 - - [10/Apr/2025:16:52:15 +0330] "GET /product/%DA%86%D9%84%D9%88-%D8%AC%D9%88%D8%AC%D9%87-%D8%A8%D8%AF%D9%88%D9%86-%D8%A7%D8%B3%D8%AA%D8%AE%D9%88%D8%A7%D9%86%DA%86%D9%84%D9%88%D8%A7%DB%8C%D8%B1%D8%A7%D9%86%DB%8C/feed/?lokasie=/proc/irq/0/node&loknya=/proc/irq/0 HTTP/1.1" 200 1963 "-" "Mozilla/5.0 (compatible; MJ12bot/v1.4.8; http://mj12bot.com/)"
147.135.253.47 - - [10/Apr/2025:16:52:20 +0330] "GET /product/%DA%86%D9%84%D9%88-%D8%AC%D9%88%D8%AC%D9%87-%D8%A8%D8%AF%D9%88%D9%86-%D8%A7%D8%B3%D8%AA%D8%AE%D9%88%D8%A7%D9%86%DA%86%D9%84%D9%88%D8%A7%DB%8C%D8%B1%D8%A7%D9%86%DB%8C/feed/?lokasie=/proc/irq/0/smp_affinity&loknya=/proc/irq/0 HTTP/1.1" 200 1973 "-" "Mozilla/5.0 (compatible; MJ12bot/v1.4.8; http://mj12bot.com/)"
147.135.253.47 - - [10/Apr/2025:16:52:25 +0330] "GET /product/%DA%86%D9%84%D9%88-%D8%AC%D9%88%D8%AC%D9%87-%D8%A8%D8%AF%D9%88%D9%86-%D8%A7%D8%B3%D8%AA%D8%AE%D9%88%D8%A7%D9%86%DA%86%D9%84%D9%88%D8%A7%DB%8C%D8%B1%D8%A7%D9%86%DB%8C/feed/?lokasie=/proc/irq/0/spurious&loknya=/proc/irq/0 HTTP/1.1" 200 1987 "-" "Mozilla/5.0 (compatible; MJ12bot/v1.4.8; http://mj12bot.com/)"
147.135.253.47 - - [10/Apr/2025:16:52:30 +0330] "GET /product/%DA%86%D9%84%D9%88-%D8%AC%D9%88%D8%AC%D9%87-%D8%A8%D8%AF%D9%88%D9%86-%D8%A7%D8%B3%D8%AA%D8%AE%D9%88%D8%A7%D9%86%DA%86%D9%84%D9%88%D8%A7%DB%8C%D8%B1%D8%A7%D9%86%DB%8C/feed/?lokasie=/proc/irq/1/affinity_hint&loknya=/proc/irq/1 HTTP/1.1" 200 1973 "-" "Mozilla/5.0 (compatible; MJ12bot/v1.4.8; http://mj12bot.com/)"
147.135.253.47 - - [10/Apr/2025:16:52:35 +0330] "GET /product/%DA%86%D9%84%D9%88-%D8%AC%D9%88%D8%AC%D9%87-%D8%A8%D8%AF%D9%88%D9%86-%D8%A7%D8%B3%D8%AA%D8%AE%D9%88%D8%A7%D9%86%DA%86%D9%84%D9%88%D8%A7%DB%8C%D8%B1%D8%A7%D9%86%DB%8C/feed/?lokasie=/proc/irq/1/node&loknya=/proc/irq/1 HTTP/1.1" 200 1963 "-" "Mozilla/5.0 (compatible; MJ12bot/v1.4.8; http://mj12bot.com/)"
147.135.253.47 - - [10/Apr/2025:16:52:41 +0330] "GET /product/%DA%86%D9%84%D9%88-%D8%AC%D9%88%D8%AC%D9%87-%D8%A8%D8%AF%D9%88%D9%86-%D8%A7%D8%B3%D8%AA%D8%AE%D9%88%D8%A7%D9%86%DA%86%D9%84%D9%88%D8%A7%DB%8C%D8%B1%D8%A7%D9%86%DB%8C/feed/?lokasie=/proc/irq/1/smp_affinity&loknya=/proc/irq/1 HTTP/1.1" 200 1976 "-" "Mozilla/5.0 (compatible; MJ12bot/v1.4.8; http://mj12bot.com/)"
147.135.253.47 - - [10/Apr/2025:16:52:46 +0330] "GET /product/%DA%86%D9%84%D9%88-%D8%AC%D9%88%D8%AC%D9%87-%D8%A8%D8%AF%D9%88%D9%86-%D8%A7%D8%B3%D8%AA%D8%AE%D9%88%D8%A7%D9%86%DA%86%D9%84%D9%88%D8%A7%DB%8C%D8%B1%D8%A7%D9%86%DB%8C/feed/?lokasie=/proc/irq/1/spurious&loknya=/proc/irq/1 HTTP/1.1" 200 1987 "-" "Mozilla/5.0 (compatible; MJ12bot/v1.4.8; http://mj12bot.com/)"
147.135.253.47 - - [10/Apr/2025:16:52:50 +0330] "GET /product/%DA%86%D9%84%D9%88-%D8%AC%D9%88%D8%AC%D9%87-%D8%A8%D8%AF%D9%88%D9%86-%D8%A7%D8%B3%D8%AA%D8%AE%D9%88%D8%A7%D9%86%DA%86%D9%84%D9%88%D8%A7%DB%8C%D8%B1%D8%A7%D9%86%DB%8C/feed/?lokasie=/proc/irq/10/affinity_hint&loknya=/proc/irq/10 HTTP/1.1" 200 1975 "-" "Mozilla/5.0 (compatible; MJ12bot/v1.4.8; http://mj12bot.com/)"
147.135.253.47 - - [10/Apr/2025:16:52:56 +0330] "GET /product/%DA%86%D9%84%D9%88-%D8%AC%D9%88%D8%AC%D9%87-%D8%A8%D8%AF%D9%88%D9%86-%D8%A7%D8%B3%D8%AA%D8%AE%D9%88%D8%A7%D9%86%DA%86%D9%84%D9%88%D8%A7%DB%8C%D8%B1%D8%A7%D9%86%DB%8C/feed/?lokasie=/proc/irq/10/node&loknya=/proc/irq/10 HTTP/1.1" 200 1964 "-" "Mozilla/5.0 (compatible; MJ12bot/v1.4.8; http://mj12bot.com/)"
147.135.253.47 - - [10/Apr/2025:16:53:01 +0330] "GET /product/%DA%86%D9%84%D9%88-%D8%AC%D9%88%D8%AC%D9%87-%D8%A8%D8%AF%D9%88%D9%86-%D8%A7%D8%B3%D8%AA%D8%AE%D9%88%D8%A7%D9%86%DA%86%D9%84%D9%88%D8%A7%DB%8C%D8%B1%D8%A7%D9%86%DB%8C/feed/?lokasie=/proc/irq/10/smp_affinity&loknya=/proc/irq/10 HTTP/1.1" 200 1975 "-" "Mozilla/5.0 (compatible; MJ12bot/v1.4.8; http://mj12bot.com/)"
192.99.13.69 - - [10/Apr/2025:16:52:57 +0330] "GET /product/%DA%86%D9%84%D9%88%D8%A7%DA%A9%D8%A8%D8%B1%D8%AC%D9%88%D8%AC%D9%87%DA%86%D9%84%D9%88%D8%A7%DB%8C%D8%B1%D8%A7%D9%86%DB%8C/feed/?lokasie=/lib/dracut/modules.d/98syslog/README&loknya=/lib/dracut/modules.d/98syslog HTTP/1.1" 200 2395 "-" "Mozilla/5.0 (compatible; MJ12bot/v1.4.8; http://mj12bot.com/)"
192.99.13.69 - - [10/Apr/2025:16:53:02 +0330] "GET /product/%DA%86%D9%84%D9%88%D8%A7%DA%A9%D8%A8%D8%B1%D8%AC%D9%88%D8%AC%D9%87%DA%86%D9%84%D9%88%D8%A7%DB%8C%D8%B1%D8%A7%D9%86%DB%8C/feed/?lokasie=/lib/dracut/modules.d/98syslog/module-setup.sh&loknya=/lib/dracut/modules.d/98syslog HTTP/1.1" 200 2439 "-" "Mozilla/5.0 (compatible; MJ12bot/v1.4.8; http://mj12bot.com/)"
192.99.13.69 - - [10/Apr/2025:16:53:07 +0330] "GET /product/%DA%86%D9%84%D9%88%D8%A7%DA%A9%D8%A8%D8%B1%D8%AC%D9%88%D8%AC%D9%87%DA%86%D9%84%D9%88%D8%A7%DB%8C%D8%B1%D8%A7%D9%86%DB%8C/feed/?lokasie=/lib/dracut/modules.d/98syslog/parse-syslog-opts.sh&loknya=/lib/dracut/modules.d/98syslog HTTP/1.1" 200 2423 "-" "Mozilla/5.0 (compatible; MJ12bot/v1.4.8; http://mj12bot.com/)"
192.99.13.69 - - [10/Apr/2025:16:53:12 +0330] "GET /product/%DA%86%D9%84%D9%88%D8%A7%DA%A9%D8%A8%D8%B1%D8%AC%D9%88%D8%AC%D9%87%DA%86%D9%84%D9%88%D8%A7%DB%8C%D8%B1%D8%A7%D9%86%DB%8C/feed/?lokasie=/lib/dracut/modules.d/98syslog/rsyslog.conf&loknya=/lib/dracut/modules.d/98syslog HTTP/1.1" 200 2415 "-" "Mozilla/5.0 (compatible; MJ12bot/v1.4.8; http://mj12bot.com/)"
192.99.13.69 - - [10/Apr/2025:16:53:17 +0330] "GET /product/%DA%86%D9%84%D9%88%D8%A7%DA%A9%D8%A8%D8%B1%D8%AC%D9%88%D8%AC%D9%87%DA%86%D9%84%D9%88%D8%A7%DB%8C%D8%B1%D8%A7%D9%86%DB%8C/feed/?lokasie=/lib/dracut/modules.d/98syslog/rsyslogd-start.sh&loknya=/lib/dracut/modules.d/98syslog HTTP/1.1" 200 2517 "-" "Mozilla/5.0 (compatible; MJ12bot/v1.4.8; http://mj12bot.com/)"
192.99.13.69 - - [10/Apr/2025:16:53:22 +0330] "GET /product/%DA%86%D9%84%D9%88%D8%A7%DA%A9%D8%A8%D8%B1%D8%AC%D9%88%D8%AC%D9%87%DA%86%D9%84%D9%88%D8%A7%DB%8C%D8%B1%D8%A7%D9%86%DB%8C/feed/?lokasie=/lib/dracut/modules.d/98syslog/rsyslogd-stop.sh&loknya=/lib/dracut/modules.d/98syslog HTTP/1.1" 200 2154 "-" "Mozilla/5.0 (compatible; MJ12bot/v1.4.8; http://mj12bot.com/)"
192.99.13.69 - - [10/Apr/2025:16:53:27 +0330] "GET /product/%DA%86%D9%84%D9%88%D8%A7%DA%A9%D8%A8%D8%B1%D8%AC%D9%88%D8%AC%D9%87%DA%86%D9%84%D9%88%D8%A7%DB%8C%D8%B1%D8%A7%D9%86%DB%8C/feed/?lokasie=/lib/dracut/modules.d/98syslog/syslog-cleanup.sh&loknya=/lib/dracut/modules.d/98syslog HTTP/1.1" 200 2208 "-" "Mozilla/5.0 (compatible; MJ12bot/v1.4.8; http://mj12bot.com/)"
192.99.13.69 - - [10/Apr/2025:16:53:33 +0330] "GET /product/%DA%86%D9%84%D9%88%D8%A7%DA%A9%D8%A8%D8%B1%D8%AC%D9%88%D8%AC%D9%87%DA%86%D9%84%D9%88%D8%A7%DB%8C%D8%B1%D8%A7%D9%86%DB%8C/feed/?lokasie=/lib/dracut/modules.d/98usrmount/module-setup.sh&loknya=/lib/dracut/modules.d/98usrmount HTTP/1.1" 200 2148 "-" "Mozilla/5.0 (compatible; MJ12bot/v1.4.8; http://mj12bot.com/)"
192.99.13.69 - - [10/Apr/2025:16:53:38 +0330] "GET /product/%DA%86%D9%84%D9%88%D8%A7%DA%A9%D8%A8%D8%B1%D8%AC%D9%88%D8%AC%D9%87%DA%86%D9%84%D9%88%D8%A7%DB%8C%D8%B1%D8%A7%D9%86%DB%8C/feed/?lokasie=/lib/dracut/modules.d/98usrmount/mount-usr.sh&loknya=/lib/dracut/modules.d/98usrmount HTTP/1.1" 200 3197 "-" "Mozilla/5.0 (compatible; MJ12bot/v1.4.8; http://mj12bot.com/)"
192.99.13.69 - - [10/Apr/2025:16:53:43 +0330] "GET /product/%DA%86%D9%84%D9%88%D8%A7%DA%A9%D8%A8%D8%B1%D8%AC%D9%88%D8%AC%D9%87%DA%86%D9%84%D9%88%D8%A7%DB%8C%D8%B1%D8%A7%D9%86%DB%8C/feed/?lokasie=/lib/dracut/modules.d/99base/dracut-lib.sh&loknya=/lib/dracut/modules.d/99base HTTP/1.1" 200 12161 "-" "Mozilla/5.0 (compatible; MJ12bot/v1.4.8; http://mj12bot.com/)"
192.99.13.69 - - [10/Apr/2025:16:53:48 +0330] "GET /product/%DA%86%D9%84%D9%88%D8%A7%DA%A9%D8%A8%D8%B1%D8%AC%D9%88%D8%AC%D9%87%DA%86%D9%84%D9%88%D8%A7%DB%8C%D8%B1%D8%A7%D9%86%DB%8C/feed/?lokasie=/lib/dracut/modules.d/99base/init.sh&loknya=/lib/dracut/modules.d/99base HTTP/1.1" 200 5988 "-" "Mozilla/5.0 (compatible; MJ12bot/v1.4.8; http://mj12bot.com/)"
147.135.253.47 - - [10/Apr/2025:16:53:06 +0330] "GET /product/%DA%86%D9%84%D9%88-%D8%AC%D9%88%D8%AC%D9%87-%D8%A8%D8%AF%D9%88%D9%86-%D8%A7%D8%B3%D8%AA%D8%AE%D9%88%D8%A7%D9%86%DA%86%D9%84%D9%88%D8%A7%DB%8C%D8%B1%D8%A7%D9%86%DB%8C/feed/?lokasie=/proc/irq/10/spurious&loknya=/proc/irq/10 HTTP/1.1" 200 1989 "-" "Mozilla/5.0 (compatible; MJ12bot/v1.4.8; http://mj12bot.com/)"
147.135.253.47 - - [10/Apr/2025:16:53:11 +0330] "GET /product/%DA%86%D9%84%D9%88-%D8%AC%D9%88%D8%AC%D9%87-%D8%A8%D8%AF%D9%88%D9%86-%D8%A7%D8%B3%D8%AA%D8%AE%D9%88%D8%A7%D9%86%DA%86%D9%84%D9%88%D8%A7%DB%8C%D8%B1%D8%A7%D9%86%DB%8C/feed/?lokasie=/proc/irq/100/node&loknya=/proc/irq/100 HTTP/1.1" 200 1965 "-" "Mozilla/5.0 (compatible; MJ12bot/v1.4.8; http://mj12bot.com/)"
147.135.253.47 - - [10/Apr/2025:16:53:16 +0330] "GET /product/%DA%86%D9%84%D9%88-%D8%AC%D9%88%D8%AC%D9%87-%D8%A8%D8%AF%D9%88%D9%86-%D8%A7%D8%B3%D8%AA%D8%AE%D9%88%D8%A7%D9%86%DA%86%D9%84%D9%88%D8%A7%DB%8C%D8%B1%D8%A7%D9%86%DB%8C/feed/?lokasie=/proc/irq/100/spurious&loknya=/proc/irq/100 HTTP/1.1" 200 1988 "-" "Mozilla/5.0 (compatible; MJ12bot/v1.4.8; http://mj12bot.com/)"
147.135.253.47 - - [10/Apr/2025:16:53:21 +0330] "GET /product/%DA%86%D9%84%D9%88-%D8%AC%D9%88%D8%AC%D9%87-%D8%A8%D8%AF%D9%88%D9%86-%D8%A7%D8%B3%D8%AA%D8%AE%D9%88%D8%A7%D9%86%DA%86%D9%84%D9%88%D8%A7%DB%8C%D8%B1%D8%A7%D9%86%DB%8C/feed/?lokasie=/proc/irq/101/node&loknya=/proc/irq/101 HTTP/1.1" 200 1965 "-" "Mozilla/5.0 (compatible; MJ12bot/v1.4.8; http://mj12bot.com/)"
147.135.253.47 - - [10/Apr/2025:16:53:26 +0330] "GET /product/%DA%86%D9%84%D9%88-%D8%AC%D9%88%D8%AC%D9%87-%D8%A8%D8%AF%D9%88%D9%86-%D8%A7%D8%B3%D8%AA%D8%AE%D9%88%D8%A7%D9%86%DA%86%D9%84%D9%88%D8%A7%DB%8C%D8%B1%D8%A7%D9%86%DB%8C/feed/?lokasie=/proc/irq/101/spurious&loknya=/proc/irq/101 HTTP/1.1" 200 1989 "-" "Mozilla/5.0 (compatible; MJ12bot/v1.4.8; http://mj12bot.com/)"
147.135.253.47 - - [10/Apr/2025:16:53:31 +0330] "GET /product/%DA%86%D9%84%D9%88-%D8%AC%D9%88%D8%AC%D9%87-%D8%A8%D8%AF%D9%88%D9%86-%D8%A7%D8%B3%D8%AA%D8%AE%D9%88%D8%A7%D9%86%DA%86%D9%84%D9%88%D8%A7%DB%8C%D8%B1%D8%A7%D9%86%DB%8C/feed/?lokasie=/proc/irq/102/node&loknya=/proc/irq/102 HTTP/1.1" 200 1965 "-" "Mozilla/5.0 (compatible; MJ12bot/v1.4.8; http://mj12bot.com/)"
147.135.253.47 - - [10/Apr/2025:16:53:36 +0330] "GET /product/%DA%86%D9%84%D9%88-%D8%AC%D9%88%D8%AC%D9%87-%D8%A8%D8%AF%D9%88%D9%86-%D8%A7%D8%B3%D8%AA%D8%AE%D9%88%D8%A7%D9%86%DA%86%D9%84%D9%88%D8%A7%DB%8C%D8%B1%D8%A7%D9%86%DB%8C/feed/?lokasie=/proc/irq/102/spurious&loknya=/proc/irq/102 HTTP/1.1" 200 1989 "-" "Mozilla/5.0 (compatible; MJ12bot/v1.4.8; http://mj12bot.com/)"
147.135.253.47 - - [10/Apr/2025:16:53:41 +0330] "GET /product/%DA%86%D9%84%D9%88-%D8%AC%D9%88%D8%AC%D9%87-%D8%A8%D8%AF%D9%88%D9%86-%D8%A7%D8%B3%D8%AA%D8%AE%D9%88%D8%A7%D9%86%DA%86%D9%84%D9%88%D8%A7%DB%8C%D8%B1%D8%A7%D9%86%DB%8C/feed/?lokasie=/proc/irq/103/node&loknya=/proc/irq/103 HTTP/1.1" 200 1965 "-" "Mozilla/5.0 (compatible; MJ12bot/v1.4.8; http://mj12bot.com/)"
147.135.253.47 - - [10/Apr/2025:16:53:46 +0330] "GET /product/%DA%86%D9%84%D9%88-%D8%AC%D9%88%D8%AC%D9%87-%D8%A8%D8%AF%D9%88%D9%86-%D8%A7%D8%B3%D8%AA%D8%AE%D9%88%D8%A7%D9%86%DA%86%D9%84%D9%88%D8%A7%DB%8C%D8%B1%D8%A7%D9%86%DB%8C/feed/?lokasie=/proc/irq/103/spurious&loknya=/proc/irq/103 HTTP/1.1" 200 1989 "-" "Mozilla/5.0 (compatible; MJ12bot/v1.4.8; http://mj12bot.com/)"
147.135.253.47 - - [10/Apr/2025:16:54:06 +0330] "GET /product/%DA%86%D9%84%D9%88-%D8%AC%D9%88%D8%AC%D9%87-%D8%A8%D8%AF%D9%88%D9%86-%D8%A7%D8%B3%D8%AA%D8%AE%D9%88%D8%A7%D9%86%DA%86%D9%84%D9%88%D8%A7%DB%8C%D8%B1%D8%A7%D9%86%DB%8C/feed/?lokasie=/proc/irq/104/node&loknya=/proc/irq/104 HTTP/1.1" 200 1965 "-" "Mozilla/5.0 (compatible; MJ12bot/v1.4.8; http://mj12bot.com/)"
147.135.253.47 - - [10/Apr/2025:16:54:27 +0330] "GET /product/%DA%86%D9%84%D9%88-%D8%AC%D9%88%D8%AC%D9%87-%D8%A8%D8%AF%D9%88%D9%86-%D8%A7%D8%B3%D8%AA%D8%AE%D9%88%D8%A7%D9%86%DA%86%D9%84%D9%88%D8%A7%DB%8C%D8%B1%D8%A7%D9%86%DB%8C/feed/?lokasie=/proc/irq/104/spurious&loknya=/proc/irq/104 HTTP/1.1" 200 1983 "-" "Mozilla/5.0 (compatible; MJ12bot/v1.4.8; http://mj12bot.com/)"
47.79.117.165 - - [10/Apr/2025:16:54:23 +0330] "GET /2024/08/22/aparelhamento-busca-algum-online-dracula-valendo-algum-contemporaneo HTTP/1.1" 200 4088 "https://sitsaz202.ir/2024/08/22/aparelhamento-busca-algum-online-dracula-valendo-algum-contemporaneo" "Mozilla/5.0 (Windows NT 10.0; Win64; x64) AppleWebKit/537.36 (KHTML, like Gecko) Chrome/114.0.0.0 Safari/537.36 Edg/114.0.1823.43"
192.99.13.69 - - [10/Apr/2025:16:54:13 +0330] "GET /product/%DA%86%D9%84%D9%88%D8%A7%DA%A9%D8%A8%D8%B1%D8%AC%D9%88%D8%AC%D9%87%DA%86%D9%84%D9%88%D8%A7%DB%8C%D8%B1%D8%A7%D9%86%DB%8C/feed/?lokasie=/lib/dracut/modules.d/99base/initqueue.sh&loknya=/lib/dracut/modules.d/99base HTTP/1.1" 200 2522 "-" "Mozilla/5.0 (compatible; MJ12bot/v1.4.8; http://mj12bot.com/)"
192.99.13.69 - - [10/Apr/2025:16:54:34 +0330] "GET /product/%DA%86%D9%84%D9%88%D8%A7%DA%A9%D8%A8%D8%B1%D8%AC%D9%88%D8%AC%D9%87%DA%86%D9%84%D9%88%D8%A7%DB%8C%D8%B1%D8%A7%D9%86%DB%8C/feed/?lokasie=/lib/dracut/modules.d/99base/loginit.sh&loknya=/lib/dracut/modules.d/99base HTTP/1.1" 200 2268 "-" "Mozilla/5.0 (compatible; MJ12bot/v1.4.8; http://mj12bot.com/)"
192.99.13.69 - - [10/Apr/2025:16:54:59 +0330] "GET /product/%DA%86%D9%84%D9%88%D8%A7%DA%A9%D8%A8%D8%B1%D8%AC%D9%88%D8%AC%D9%87%DA%86%D9%84%D9%88%D8%A7%DB%8C%D8%B1%D8%A7%D9%86%DB%8C/feed/?lokasie=/lib/dracut/modules.d/99base/module-setup.sh&loknya=/lib/dracut/modules.d/99base HTTP/1.1" 200 3360 "-" "Mozilla/5.0 (compatible; MJ12bot/v1.4.8; http://mj12bot.com/)"
192.99.13.69 - - [10/Apr/2025:16:55:20 +0330] "GET /product/%DA%86%D9%84%D9%88%D8%A7%DA%A9%D8%A8%D8%B1%D8%AC%D9%88%D8%AC%D9%87%DA%86%D9%84%D9%88%D8%A7%DB%8C%D8%B1%D8%A7%D9%86%DB%8C/feed/?lokasie=/lib/dracut/modules.d/99base/parse-root-opts.sh&loknya=/lib/dracut/modules.d/99base HTTP/1.1" 200 2115 "-" "Mozilla/5.0 (compatible; MJ12bot/v1.4.8; http://mj12bot.com/)"
192.99.13.69 - - [10/Apr/2025:16:55:41 +0330] "GET /product/%DA%86%D9%84%D9%88%D8%A7%DA%A9%D8%A8%D8%B1%D8%AC%D9%88%D8%AC%D9%87%DA%86%D9%84%D9%88%D8%A7%DB%8C%D8%B1%D8%A7%D9%86%DB%8C/feed/?lokasie=/lib/dracut/modules.d/99base/rdsosreport.sh&loknya=/lib/dracut/modules.d/99base HTTP/1.1" 200 2478 "-" "Mozilla/5.0 (compatible; MJ12bot/v1.4.8; http://mj12bot.com/)"
192.99.13.69 - - [10/Apr/2025:16:55:46 +0330] "GET /product/%DA%86%D9%84%D9%88%D8%A7%DA%A9%D8%A8%D8%B1%D8%AC%D9%88%D8%AC%D9%87%DA%86%D9%84%D9%88%D8%A7%DB%8C%D8%B1%D8%A7%D9%86%DB%8C/feed/?lokasie=/lib/dracut/modules.d/99earlykdump/early-kdump.sh&loknya=/lib/dracut/modules.d/99earlykdump HTTP/1.1" 200 2688 "-" "Mozilla/5.0 (compatible; MJ12bot/v1.4.8; http://mj12bot.com/)"
192.99.13.69 - - [10/Apr/2025:16:55:51 +0330] "GET /product/%DA%86%D9%84%D9%88%D8%A7%DA%A9%D8%A8%D8%B1%D8%AC%D9%88%D8%AC%D9%87%DA%86%D9%84%D9%88%D8%A7%DB%8C%D8%B1%D8%A7%D9%86%DB%8C/feed/?lokasie=/lib/dracut/modules.d/99fs-lib/fs-lib.sh&loknya=/lib/dracut/modules.d/99fs-lib HTTP/1.1" 200 4174 "-" "Mozilla/5.0 (compatible; MJ12bot/v1.4.8; http://mj12bot.com/)"
192.99.13.69 - - [10/Apr/2025:16:55:56 +0330] "GET /product/%DA%86%D9%84%D9%88%D8%A7%DA%A9%D8%A8%D8%B1%D8%AC%D9%88%D8%AC%D9%87%DA%86%D9%84%D9%88%D8%A7%DB%8C%D8%B1%D8%A7%D9%86%DB%8C/feed/?lokasie=/lib/dracut/modules.d/99fs-lib/module-setup.sh&loknya=/lib/dracut/modules.d/99fs-lib HTTP/1.1" 200 2555 "-" "Mozilla/5.0 (compatible; MJ12bot/v1.4.8; http://mj12bot.com/)"
192.99.13.69 - - [10/Apr/2025:16:56:17 +0330] "GET /product/%DA%86%D9%84%D9%88%D8%A7%DA%A9%D8%A8%D8%B1%D8%AC%D9%88%D8%AC%D9%87%DA%86%D9%84%D9%88%D8%A7%DB%8C%D8%B1%D8%A7%D9%86%DB%8C/feed/?lokasie=/lib/dracut/modules.d/99memstrack/module-setup.sh&loknya=/lib/dracut/modules.d/99memstrack HTTP/1.1" 200 2262 "-" "Mozilla/5.0 (compatible; MJ12bot/v1.4.8; http://mj12bot.com/)"
192.99.13.69 - - [10/Apr/2025:16:56:22 +0330] "GET /product/%DA%86%D9%84%D9%88%D8%A7%DA%A9%D8%A8%D8%B1%D8%AC%D9%88%D8%AC%D9%87%DA%86%D9%84%D9%88%D8%A7%DB%8C%D8%B1%D8%A7%D9%86%DB%8C/feed/?lokasie=/lib/dracut/modules.d/99shutdown/module-setup.sh&loknya=/lib/dracut/modules.d/99shutdown HTTP/1.1" 200 2224 "-" "Mozilla/5.0 (compatible; MJ12bot/v1.4.8; http://mj12bot.com/)"
147.135.253.47 - - [10/Apr/2025:16:55:07 +0330] "GET /product/%DA%86%D9%84%D9%88-%D8%AC%D9%88%D8%AC%D9%87-%D8%A8%D8%AF%D9%88%D9%86-%D8%A7%D8%B3%D8%AA%D8%AE%D9%88%D8%A7%D9%86%DA%86%D9%84%D9%88%D8%A7%DB%8C%D8%B1%D8%A7%D9%86%DB%8C/feed/?lokasie=/proc/irq/106/node&loknya=/proc/irq/106 HTTP/1.1" 200 1964 "-" "Mozilla/5.0 (compatible; MJ12bot/v1.4.8; http://mj12bot.com/)"
147.135.253.47 - - [10/Apr/2025:16:55:13 +0330] "GET /product/%DA%86%D9%84%D9%88-%D8%AC%D9%88%D8%AC%D9%87-%D8%A8%D8%AF%D9%88%D9%86-%D8%A7%D8%B3%D8%AA%D8%AE%D9%88%D8%A7%D9%86%DA%86%D9%84%D9%88%D8%A7%DB%8C%D8%B1%D8%A7%D9%86%DB%8C/feed/?lokasie=/proc/irq/106/spurious&loknya=/proc/irq/106 HTTP/1.1" 200 1989 "-" "Mozilla/5.0 (compatible; MJ12bot/v1.4.8; http://mj12bot.com/)"
147.135.253.47 - - [10/Apr/2025:16:55:33 +0330] "GET /product/%DA%86%D9%84%D9%88-%D8%AC%D9%88%D8%AC%D9%87-%D8%A8%D8%AF%D9%88%D9%86-%D8%A7%D8%B3%D8%AA%D8%AE%D9%88%D8%A7%D9%86%DA%86%D9%84%D9%88%D8%A7%DB%8C%D8%B1%D8%A7%D9%86%DB%8C/feed/?lokasie=/proc/irq/108/node&loknya=/proc/irq/108 HTTP/1.1" 200 1966 "-" "Mozilla/5.0 (compatible; MJ12bot/v1.4.8; http://mj12bot.com/)"
147.135.253.47 - - [10/Apr/2025:16:55:38 +0330] "GET /product/%DA%86%D9%84%D9%88-%D8%AC%D9%88%D8%AC%D9%87-%D8%A8%D8%AF%D9%88%D9%86-%D8%A7%D8%B3%D8%AA%D8%AE%D9%88%D8%A7%D9%86%DA%86%D9%84%D9%88%D8%A7%DB%8C%D8%B1%D8%A7%D9%86%DB%8C/feed/?lokasie=/proc/irq/108/spurious&loknya=/proc/irq/108 HTTP/1.1" 200 1989 "-" "Mozilla/5.0 (compatible; MJ12bot/v1.4.8; http://mj12bot.com/)"
147.135.253.47 - - [10/Apr/2025:16:55:59 +0330] "GET /product/%DA%86%D9%84%D9%88-%D8%AC%D9%88%D8%AC%D9%87-%D8%A8%D8%AF%D9%88%D9%86-%D8%A7%D8%B3%D8%AA%D8%AE%D9%88%D8%A7%D9%86%DA%86%D9%84%D9%88%D8%A7%DB%8C%D8%B1%D8%A7%D9%86%DB%8C/feed/?lokasie=/proc/irq/109/node&loknya=/proc/irq/109 HTTP/1.1" 200 1966 "-" "Mozilla/5.0 (compatible; MJ12bot/v1.4.8; http://mj12bot.com/)"
147.135.253.47 - - [10/Apr/2025:16:56:03 +0330] "GET /product/%DA%86%D9%84%D9%88-%D8%AC%D9%88%D8%AC%D9%87-%D8%A8%D8%AF%D9%88%D9%86-%D8%A7%D8%B3%D8%AA%D8%AE%D9%88%D8%A7%D9%86%DA%86%D9%84%D9%88%D8%A7%DB%8C%D8%B1%D8%A7%D9%86%DB%8C/feed/?lokasie=/proc/irq/109/spurious&loknya=/proc/irq/109 HTTP/1.1" 200 1989 "-" "Mozilla/5.0 (compatible; MJ12bot/v1.4.8; http://mj12bot.com/)"
147.135.253.47 - - [10/Apr/2025:16:56:09 +0330] "GET /product/%DA%86%D9%84%D9%88-%D8%AC%D9%88%D8%AC%D9%87-%D8%A8%D8%AF%D9%88%D9%86-%D8%A7%D8%B3%D8%AA%D8%AE%D9%88%D8%A7%D9%86%DA%86%D9%84%D9%88%D8%A7%DB%8C%D8%B1%D8%A7%D9%86%DB%8C/feed/?lokasie=/proc/irq/11/affinity_hint&loknya=/proc/irq/11 HTTP/1.1" 200 1975 "-" "Mozilla/5.0 (compatible; MJ12bot/v1.4.8; http://mj12bot.com/)"
147.135.253.47 - - [10/Apr/2025:16:56:14 +0330] "GET /product/%DA%86%D9%84%D9%88-%D8%AC%D9%88%D8%AC%D9%87-%D8%A8%D8%AF%D9%88%D9%86-%D8%A7%D8%B3%D8%AA%D8%AE%D9%88%D8%A7%D9%86%DA%86%D9%84%D9%88%D8%A7%DB%8C%D8%B1%D8%A7%D9%86%DB%8C/feed/?lokasie=/proc/irq/11/node&loknya=/proc/irq/11 HTTP/1.1" 200 1964 "-" "Mozilla/5.0 (compatible; MJ12bot/v1.4.8; http://mj12bot.com/)"
147.135.253.47 - - [10/Apr/2025:16:56:35 +0330] "GET /product/%DA%86%D9%84%D9%88-%D8%AC%D9%88%D8%AC%D9%87-%D8%A8%D8%AF%D9%88%D9%86-%D8%A7%D8%B3%D8%AA%D8%AE%D9%88%D8%A7%D9%86%DA%86%D9%84%D9%88%D8%A7%DB%8C%D8%B1%D8%A7%D9%86%DB%8C/feed/?lokasie=/proc/irq/11/smp_affinity&loknya=/proc/irq/11 HTTP/1.1" 200 1975 "-" "Mozilla/5.0 (compatible; MJ12bot/v1.4.8; http://mj12bot.com/)"
47.82.11.153 - - [10/Apr/2025:16:56:37 +0330] "GET /2024/08/13/10-finest-web-browser-game-10-finest-online-gaming-other-sites HTTP/1.1" 200 4090 "https://sitsaz202.ir/2024/08/13/10-finest-web-browser-game-10-finest-online-gaming-other-sites" "Mozilla/5.0 (Windows NT 10.0; Win64; x64) AppleWebKit/537.36 (KHTML, like Gecko) Chrome/114.0.0.0 Safari/537.36 Edg/114.0.1823.43"
147.135.253.47 - - [10/Apr/2025:16:56:40 +0330] "GET /product/%DA%86%D9%84%D9%88-%D8%AC%D9%88%D8%AC%D9%87-%D8%A8%D8%AF%D9%88%D9%86-%D8%A7%D8%B3%D8%AA%D8%AE%D9%88%D8%A7%D9%86%DA%86%D9%84%D9%88%D8%A7%DB%8C%D8%B1%D8%A7%D9%86%DB%8C/feed/?lokasie=/proc/irq/11/spurious&loknya=/proc/irq/11 HTTP/1.1" 200 1989 "-" "Mozilla/5.0 (compatible; MJ12bot/v1.4.8; http://mj12bot.com/)"
192.99.13.69 - - [10/Apr/2025:16:56:28 +0330] "GET /product/%DA%86%D9%84%D9%88%D8%A7%DA%A9%D8%A8%D8%B1%D8%AC%D9%88%D8%AC%D9%87%DA%86%D9%84%D9%88%D8%A7%DB%8C%D8%B1%D8%A7%D9%86%DB%8C/feed/?lokasie=/lib/dracut/modules.d/99shutdown/shutdown.sh&loknya=/lib/dracut/modules.d/99shutdown HTTP/1.1" 200 3222 "-" "Mozilla/5.0 (compatible; MJ12bot/v1.4.8; http://mj12bot.com/)"
192.99.13.69 - - [10/Apr/2025:16:56:33 +0330] "GET /product/%DA%86%D9%84%D9%88%D8%A7%DA%A9%D8%A8%D8%B1%D8%AC%D9%88%D8%AC%D9%87%DA%86%D9%84%D9%88%D8%A7%DB%8C%D8%B1%D8%A7%D9%86%DB%8C/feed/?lokasie=/lib/dracut/modules.d/99uefi-lib/module-setup.sh&loknya=/lib/dracut/modules.d/99uefi-lib HTTP/1.1" 200 2083 "-" "Mozilla/5.0 (compatible; MJ12bot/v1.4.8; http://mj12bot.com/)"
192.99.13.69 - - [10/Apr/2025:16:56:53 +0330] "GET /product/%DA%86%D9%84%D9%88%D8%A7%DA%A9%D8%A8%D8%B1%D8%AC%D9%88%D8%AC%D9%87%DA%86%D9%84%D9%88%D8%A7%DB%8C%D8%B1%D8%A7%D9%86%DB%8C/feed/?lokasie=/lib/dracut/modules.d/99uefi-lib/uefi-lib.sh&loknya=/lib/dracut/modules.d/99uefi-lib HTTP/1.1" 200 3361 "-" "Mozilla/5.0 (compatible; MJ12bot/v1.4.8; http://mj12bot.com/)"
192.99.13.69 - - [10/Apr/2025:16:56:58 +0330] "GET /product/%DA%86%D9%84%D9%88%D8%A7%DA%A9%D8%A8%D8%B1%D8%AC%D9%88%D8%AC%D9%87%DA%86%D9%84%D9%88%D8%A7%DB%8C%D8%B1%D8%A7%D9%86%DB%8C/feed/?lokasie=/lib/firewalld/helpers/Q.931.xml&loknya=/lib/firewalld/helpers HTTP/1.1" 200 2072 "-" "Mozilla/5.0 (compatible; MJ12bot/v1.4.8; http://mj12bot.com/)"
192.99.13.69 - - [10/Apr/2025:16:57:04 +0330] "GET /product/%DA%86%D9%84%D9%88%D8%A7%DA%A9%D8%A8%D8%B1%D8%AC%D9%88%D8%AC%D9%87%DA%86%D9%84%D9%88%D8%A7%DB%8C%D8%B1%D8%A7%D9%86%DB%8C/feed/?lokasie=/lib/firewalld/helpers/RAS.xml&loknya=/lib/firewalld/helpers HTTP/1.1" 200 2070 "-" "Mozilla/5.0 (compatible; MJ12bot/v1.4.8; http://mj12bot.com/)"
192.99.13.69 - - [10/Apr/2025:16:57:09 +0330] "GET /product/%DA%86%D9%84%D9%88%D8%A7%DA%A9%D8%A8%D8%B1%D8%AC%D9%88%D8%AC%D9%87%DA%86%D9%84%D9%88%D8%A7%DB%8C%D8%B1%D8%A7%D9%86%DB%8C/feed/?lokasie=/lib/firewalld/helpers/amanda.xml&loknya=/lib/firewalld/helpers HTTP/1.1" 200 2069 "-" "Mozilla/5.0 (compatible; MJ12bot/v1.4.8; http://mj12bot.com/)"
192.99.13.69 - - [10/Apr/2025:16:57:14 +0330] "GET /product/%DA%86%D9%84%D9%88%D8%A7%DA%A9%D8%A8%D8%B1%D8%AC%D9%88%D8%AC%D9%87%DA%86%D9%84%D9%88%D8%A7%DB%8C%D8%B1%D8%A7%D9%86%DB%8C/feed/?lokasie=/lib/firewalld/helpers/ftp.xml&loknya=/lib/firewalld/helpers HTTP/1.1" 200 2067 "-" "Mozilla/5.0 (compatible; MJ12bot/v1.4.8; http://mj12bot.com/)"
192.99.13.69 - - [10/Apr/2025:16:57:19 +0330] "GET /product/%DA%86%D9%84%D9%88%D8%A7%DA%A9%D8%A8%D8%B1%D8%AC%D9%88%D8%AC%D9%87%DA%86%D9%84%D9%88%D8%A7%DB%8C%D8%B1%D8%A7%D9%86%DB%8C/feed/?lokasie=/lib/firewalld/helpers/h323.xml&loknya=/lib/firewalld/helpers HTTP/1.1" 200 2042 "-" "Mozilla/5.0 (compatible; MJ12bot/v1.4.8; http://mj12bot.com/)"
47.79.123.101 - - [10/Apr/2025:16:57:19 +0330] "GET /2024/08/15/gold-rush-gus-and-the-town-of-wealth-position-game-remark-slotslv HTTP/1.1" 200 4089 "https://sitsaz202.ir/2024/08/15/gold-rush-gus-and-the-town-of-wealth-position-game-remark-slotslv" "Mozilla/5.0 (Windows NT 10.0; Win64; x64) AppleWebKit/537.36 (KHTML, like Gecko) Chrome/114.0.0.0 Safari/537.36 Edg/114.0.1823.43"
192.99.13.69 - - [10/Apr/2025:16:58:08 +0330] "GET /product/%DA%86%D9%84%D9%88%D8%A7%DA%A9%D8%A8%D8%B1%D8%AC%D9%88%D8%AC%D9%87%DA%86%D9%84%D9%88%D8%A7%DB%8C%D8%B1%D8%A7%D9%86%DB%8C/feed/?lokasie=/lib/firewalld/helpers/netbios-ns.xml&loknya=/lib/firewalld/helpers HTTP/1.1" 200 2084 "-" "Mozilla/5.0 (compatible; MJ12bot/v1.4.8; http://mj12bot.com/)"
192.99.13.69 - - [10/Apr/2025:16:58:13 +0330] "GET /product/%DA%86%D9%84%D9%88%D8%A7%DA%A9%D8%A8%D8%B1%D8%AC%D9%88%D8%AC%D9%87%DA%86%D9%84%D9%88%D8%A7%DB%8C%D8%B1%D8%A7%D9%86%DB%8C/feed/?lokasie=/lib/firewalld/helpers/pptp.xml&loknya=/lib/firewalld/helpers HTTP/1.1" 200 2078 "-" "Mozilla/5.0 (compatible; MJ12bot/v1.4.8; http://mj12bot.com/)"
192.99.13.69 - - [10/Apr/2025:16:58:18 +0330] "GET /product/%DA%86%D9%84%D9%88%D8%A7%DA%A9%D8%A8%D8%B1%D8%AC%D9%88%D8%AC%D9%87%DA%86%D9%84%D9%88%D8%A7%DB%8C%D8%B1%D8%A7%D9%86%DB%8C/feed/?lokasie=/lib/firewalld/helpers/proto-gre.xml&loknya=/lib/firewalld/helpers HTTP/1.1" 200 2048 "-" "Mozilla/5.0 (compatible; MJ12bot/v1.4.8; http://mj12bot.com/)"
192.99.13.69 - - [10/Apr/2025:16:58:23 +0330] "GET /product/%DA%86%D9%84%D9%88%D8%A7%DA%A9%D8%A8%D8%B1%D8%AC%D9%88%D8%AC%D9%87%DA%86%D9%84%D9%88%D8%A7%DB%8C%D8%B1%D8%A7%D9%86%DB%8C/feed/?lokasie=/lib/firewalld/helpers/sane.xml&loknya=/lib/firewalld/helpers HTTP/1.1" 200 2069 "-" "Mozilla/5.0 (compatible; MJ12bot/v1.4.8; http://mj12bot.com/)"
192.99.13.69 - - [10/Apr/2025:16:57:24 +0330] "GET /product/%DA%86%D9%84%D9%88%D8%A7%DA%A9%D8%A8%D8%B1%D8%AC%D9%88%D8%AC%D9%87%DA%86%D9%84%D9%88%D8%A7%DB%8C%D8%B1%D8%A7%D9%86%DB%8C/feed/?lokasie=/lib/firewalld/helpers/irc.xml&loknya=/lib/firewalld/helpers HTTP/1.1" 301 122 "-" "Mozilla/5.0 (compatible; MJ12bot/v1.4.8; http://mj12bot.com/)"
192.99.13.69 - - [10/Apr/2025:16:58:29 +0330] "GET /product/%DA%86%D9%84%D9%88%D8%A7%DA%A9%D8%A8%D8%B1%D8%AC%D9%88%D8%AC%D9%87%DA%86%D9%84%D9%88%D8%A7%DB%8C%D8%B1%D8%A7%D9%86%DB%8C/feed/?lokasie=/lib/firewalld/helpers/sip.xml&loknya=/lib/firewalld/helpers HTTP/1.1" 200 2075 "-" "Mozilla/5.0 (compatible; MJ12bot/v1.4.8; http://mj12bot.com/)"
192.99.13.69 - - [10/Apr/2025:16:58:34 +0330] "GET /product/%DA%86%D9%84%D9%88%D8%A7%DA%A9%D8%A8%D8%B1%D8%AC%D9%88%D8%AC%D9%87%DA%86%D9%84%D9%88%D8%A7%DB%8C%D8%B1%D8%A7%D9%86%DB%8C/feed/?lokasie=/lib/firewalld/helpers/snmp.xml&loknya=/lib/firewalld/helpers HTTP/1.1" 200 2077 "-" "Mozilla/5.0 (compatible; MJ12bot/v1.4.8; http://mj12bot.com/)"
192.99.13.69 - - [10/Apr/2025:16:58:39 +0330] "GET /product/%DA%86%D9%84%D9%88%D8%A7%DA%A9%D8%A8%D8%B1%D8%AC%D9%88%D8%AC%D9%87%DA%86%D9%84%D9%88%D8%A7%DB%8C%D8%B1%D8%A7%D9%86%DB%8C/feed/?lokasie=/lib/firewalld/helpers/tftp.xml&loknya=/lib/firewalld/helpers HTTP/1.1" 200 2067 "-" "Mozilla/5.0 (compatible; MJ12bot/v1.4.8; http://mj12bot.com/)"
192.99.13.69 - - [10/Apr/2025:16:58:44 +0330] "GET /product/%DA%86%D9%84%D9%88%D8%A7%DA%A9%D8%A8%D8%B1%D8%AC%D9%88%D8%AC%D9%87%DA%86%D9%84%D9%88%D8%A7%DB%8C%D8%B1%D8%A7%D9%86%DB%8C/feed/?lokasie=/lib/firewalld/icmptypes/address-unreachable.xml&loknya=/lib/firewalld/icmptypes HTTP/1.1" 200 2217 "-" "Mozilla/5.0 (compatible; MJ12bot/v1.4.8; http://mj12bot.com/)"
192.99.13.69 - - [10/Apr/2025:16:58:50 +0330] "GET /product/%DA%86%D9%84%D9%88%D8%A7%DA%A9%D8%A8%D8%B1%D8%AC%D9%88%D8%AC%D9%87%DA%86%D9%84%D9%88%D8%A7%DB%8C%D8%B1%D8%A7%D9%86%DB%8C/feed/?lokasie=/lib/firewalld/icmptypes/host-unknown.xml&loknya=/lib/firewalld/icmptypes HTTP/1.1" 200 2118 "-" "Mozilla/5.0 (compatible; MJ12bot/v1.4.8; http://mj12bot.com/)"
192.99.13.69 - - [10/Apr/2025:16:58:56 +0330] "GET /product/%DA%86%D9%84%D9%88%D8%A7%DA%A9%D8%A8%D8%B1%D8%AC%D9%88%D8%AC%D9%87%DA%86%D9%84%D9%88%D8%A7%DB%8C%D8%B1%D8%A7%D9%86%DB%8C/feed/?lokasie=/lib/firewalld/icmptypes/host-unreachable.xml&loknya=/lib/firewalld/icmptypes HTTP/1.1" 200 2121 "-" "Mozilla/5.0 (compatible; MJ12bot/v1.4.8; http://mj12bot.com/)"
192.99.13.69 - - [10/Apr/2025:16:59:02 +0330] "GET /product/%DA%86%D9%84%D9%88%D8%A7%DA%A9%D8%A8%D8%B1%D8%AC%D9%88%D8%AC%D9%87%DA%86%D9%84%D9%88%D8%A7%DB%8C%D8%B1%D8%A7%D9%86%DB%8C/feed/?lokasie=/lib/firewalld/icmptypes/ip-header-bad.xml&loknya=/lib/firewalld/icmptypes HTTP/1.1" 200 2120 "-" "Mozilla/5.0 (compatible; MJ12bot/v1.4.8; http://mj12bot.com/)"
192.99.13.69 - - [10/Apr/2025:16:59:07 +0330] "GET /product/%DA%86%D9%84%D9%88%D8%A7%DA%A9%D8%A8%D8%B1%D8%AC%D9%88%D8%AC%D9%87%DA%86%D9%84%D9%88%D8%A7%DB%8C%D8%B1%D8%A7%D9%86%DB%8C/feed/?lokasie=/lib/firewalld/icmptypes/mld-listener-done.xml&loknya=/lib/firewalld/icmptypes HTTP/1.1" 200 2188 "-" "Mozilla/5.0 (compatible; MJ12bot/v1.4.8; http://mj12bot.com/)"
147.135.253.47 - - [10/Apr/2025:16:56:45 +0330] "GET /product/%DA%86%D9%84%D9%88-%D8%AC%D9%88%D8%AC%D9%87-%D8%A8%D8%AF%D9%88%D9%86-%D8%A7%D8%B3%D8%AA%D8%AE%D9%88%D8%A7%D9%86%DA%86%D9%84%D9%88%D8%A7%DB%8C%D8%B1%D8%A7%D9%86%DB%8C/feed/?lokasie=/proc/irq/110/node&loknya=/proc/irq/110 HTTP/1.1" 200 1965 "-" "Mozilla/5.0 (compatible; MJ12bot/v1.4.8; http://mj12bot.com/)"
147.135.253.47 - - [10/Apr/2025:16:56:50 +0330] "GET /product/%DA%86%D9%84%D9%88-%D8%AC%D9%88%D8%AC%D9%87-%D8%A8%D8%AF%D9%88%D9%86-%D8%A7%D8%B3%D8%AA%D8%AE%D9%88%D8%A7%D9%86%DA%86%D9%84%D9%88%D8%A7%DB%8C%D8%B1%D8%A7%D9%86%DB%8C/feed/?lokasie=/proc/irq/110/spurious&loknya=/proc/irq/110 HTTP/1.1" 200 1989 "-" "Mozilla/5.0 (compatible; MJ12bot/v1.4.8; http://mj12bot.com/)"
147.135.253.47 - - [10/Apr/2025:16:56:55 +0330] "GET /product/%DA%86%D9%84%D9%88-%D8%AC%D9%88%D8%AC%D9%87-%D8%A8%D8%AF%D9%88%D9%86-%D8%A7%D8%B3%D8%AA%D8%AE%D9%88%D8%A7%D9%86%DA%86%D9%84%D9%88%D8%A7%DB%8C%D8%B1%D8%A7%D9%86%DB%8C/feed/?lokasie=/proc/irq/111/node&loknya=/proc/irq/111 HTTP/1.1" 200 1965 "-" "Mozilla/5.0 (compatible; MJ12bot/v1.4.8; http://mj12bot.com/)"
147.135.253.47 - - [10/Apr/2025:16:57:15 +0330] "GET /product/%DA%86%D9%84%D9%88-%D8%AC%D9%88%D8%AC%D9%87-%D8%A8%D8%AF%D9%88%D9%86-%D8%A7%D8%B3%D8%AA%D8%AE%D9%88%D8%A7%D9%86%DA%86%D9%84%D9%88%D8%A7%DB%8C%D8%B1%D8%A7%D9%86%DB%8C/feed/?lokasie=/proc/irq/111/spurious&loknya=/proc/irq/111 HTTP/1.1" 200 1983 "-" "Mozilla/5.0 (compatible; MJ12bot/v1.4.8; http://mj12bot.com/)"
147.135.253.47 - - [10/Apr/2025:16:57:56 +0330] "GET /product/%DA%86%D9%84%D9%88-%D8%AC%D9%88%D8%AC%D9%87-%D8%A8%D8%AF%D9%88%D9%86-%D8%A7%D8%B3%D8%AA%D8%AE%D9%88%D8%A7%D9%86%DA%86%D9%84%D9%88%D8%A7%DB%8C%D8%B1%D8%A7%D9%86%DB%8C/feed/?lokasie=/proc/irq/112/node&loknya=/proc/irq/112 HTTP/1.1" 200 1965 "-" "Mozilla/5.0 (compatible; MJ12bot/v1.4.8; http://mj12bot.com/)"
178.239.150.4 - - [10/Apr/2025:16:58:26 +0330] "POST /wp-cron.php?doing_wp_cron=1744291706.0424079895019531250000 HTTP/1.1" 200 20 "-" "WordPress/6.6; https://sitsaz202.ir"
147.135.253.47 - - [10/Apr/2025:16:58:17 +0330] "GET /product/%DA%86%D9%84%D9%88-%D8%AC%D9%88%D8%AC%D9%87-%D8%A8%D8%AF%D9%88%D9%86-%D8%A7%D8%B3%D8%AA%D8%AE%D9%88%D8%A7%D9%86%DA%86%D9%84%D9%88%D8%A7%DB%8C%D8%B1%D8%A7%D9%86%DB%8C/feed/?lokasie=/proc/irq/112/spurious&loknya=/proc/irq/112 HTTP/1.1" 200 1989 "-" "Mozilla/5.0 (compatible; MJ12bot/v1.4.8; http://mj12bot.com/)"
47.79.0.5 - - [10/Apr/2025:16:58:37 +0330] "GET /2024/08/20/da-vinci-expensive-diamonds-position-totally-free-enjoy-demonstration-games HTTP/1.1" 200 4082 "https://sitsaz202.ir/2024/08/20/da-vinci-expensive-diamonds-position-totally-free-enjoy-demonstration-games" "Mozilla/5.0 (Windows NT 10.0; Win64; x64) AppleWebKit/537.36 (KHTML, like Gecko) Chrome/114.0.0.0 Safari/537.36 Edg/114.0.1823.43"
147.135.253.47 - - [10/Apr/2025:16:58:38 +0330] "GET /product/%DA%86%D9%84%D9%88-%D8%AC%D9%88%D8%AC%D9%87-%D8%A8%D8%AF%D9%88%D9%86-%D8%A7%D8%B3%D8%AA%D8%AE%D9%88%D8%A7%D9%86%DA%86%D9%84%D9%88%D8%A7%DB%8C%D8%B1%D8%A7%D9%86%DB%8C/feed/?lokasie=/proc/irq/113/node&loknya=/proc/irq/113 HTTP/1.1" 200 1965 "-" "Mozilla/5.0 (compatible; MJ12bot/v1.4.8; http://mj12bot.com/)"
147.135.253.47 - - [10/Apr/2025:16:58:43 +0330] "GET /product/%DA%86%D9%84%D9%88-%D8%AC%D9%88%D8%AC%D9%87-%D8%A8%D8%AF%D9%88%D9%86-%D8%A7%D8%B3%D8%AA%D8%AE%D9%88%D8%A7%D9%86%DA%86%D9%84%D9%88%D8%A7%DB%8C%D8%B1%D8%A7%D9%86%DB%8C/feed/?lokasie=/proc/irq/113/spurious&loknya=/proc/irq/113 HTTP/1.1" 200 1989 "-" "Mozilla/5.0 (compatible; MJ12bot/v1.4.8; http://mj12bot.com/)"
147.135.253.47 - - [10/Apr/2025:16:58:49 +0330] "GET /product/%DA%86%D9%84%D9%88-%D8%AC%D9%88%D8%AC%D9%87-%D8%A8%D8%AF%D9%88%D9%86-%D8%A7%D8%B3%D8%AA%D8%AE%D9%88%D8%A7%D9%86%DA%86%D9%84%D9%88%D8%A7%DB%8C%D8%B1%D8%A7%D9%86%DB%8C/feed/?lokasie=/proc/irq/114/node&loknya=/proc/irq/114 HTTP/1.1" 200 1963 "-" "Mozilla/5.0 (compatible; MJ12bot/v1.4.8; http://mj12bot.com/)"
147.135.253.47 - - [10/Apr/2025:16:58:54 +0330] "GET /product/%DA%86%D9%84%D9%88-%D8%AC%D9%88%D8%AC%D9%87-%D8%A8%D8%AF%D9%88%D9%86-%D8%A7%D8%B3%D8%AA%D8%AE%D9%88%D8%A7%D9%86%DA%86%D9%84%D9%88%D8%A7%DB%8C%D8%B1%D8%A7%D9%86%DB%8C/feed/?lokasie=/proc/irq/114/spurious&loknya=/proc/irq/114 HTTP/1.1" 200 1989 "-" "Mozilla/5.0 (compatible; MJ12bot/v1.4.8; http://mj12bot.com/)"
147.135.253.47 - - [10/Apr/2025:16:59:25 +0330] "GET /product/%DA%86%D9%84%D9%88-%D8%AC%D9%88%D8%AC%D9%87-%D8%A8%D8%AF%D9%88%D9%86-%D8%A7%D8%B3%D8%AA%D8%AE%D9%88%D8%A7%D9%86%DA%86%D9%84%D9%88%D8%A7%DB%8C%D8%B1%D8%A7%D9%86%DB%8C/feed/?lokasie=/proc/irq/115/node&loknya=/proc/irq/115 HTTP/1.1" 200 1963 "-" "Mozilla/5.0 (compatible; MJ12bot/v1.4.8; http://mj12bot.com/)"
147.135.253.47 - - [10/Apr/2025:16:59:30 +0330] "GET /product/%DA%86%D9%84%D9%88-%D8%AC%D9%88%D8%AC%D9%87-%D8%A8%D8%AF%D9%88%D9%86-%D8%A7%D8%B3%D8%AA%D8%AE%D9%88%D8%A7%D9%86%DA%86%D9%84%D9%88%D8%A7%DB%8C%D8%B1%D8%A7%D9%86%DB%8C/feed/?lokasie=/proc/irq/115/spurious&loknya=/proc/irq/115 HTTP/1.1" 200 1989 "-" "Mozilla/5.0 (compatible; MJ12bot/v1.4.8; http://mj12bot.com/)"
147.135.253.47 - - [10/Apr/2025:16:59:35 +0330] "GET /product/%DA%86%D9%84%D9%88-%D8%AC%D9%88%D8%AC%D9%87-%D8%A8%D8%AF%D9%88%D9%86-%D8%A7%D8%B3%D8%AA%D8%AE%D9%88%D8%A7%D9%86%DA%86%D9%84%D9%88%D8%A7%DB%8C%D8%B1%D8%A7%D9%86%DB%8C/feed/?lokasie=/proc/irq/12/affinity_hint&loknya=/proc/irq/12 HTTP/1.1" 200 1974 "-" "Mozilla/5.0 (compatible; MJ12bot/v1.4.8; http://mj12bot.com/)"
147.135.253.47 - - [10/Apr/2025:16:59:40 +0330] "GET /product/%DA%86%D9%84%D9%88-%D8%AC%D9%88%D8%AC%D9%87-%D8%A8%D8%AF%D9%88%D9%86-%D8%A7%D8%B3%D8%AA%D8%AE%D9%88%D8%A7%D9%86%DA%86%D9%84%D9%88%D8%A7%DB%8C%D8%B1%D8%A7%D9%86%DB%8C/feed/?lokasie=/proc/irq/12/node&loknya=/proc/irq/12 HTTP/1.1" 200 1964 "-" "Mozilla/5.0 (compatible; MJ12bot/v1.4.8; http://mj12bot.com/)"
147.135.253.47 - - [10/Apr/2025:16:59:45 +0330] "GET /product/%DA%86%D9%84%D9%88-%D8%AC%D9%88%D8%AC%D9%87-%D8%A8%D8%AF%D9%88%D9%86-%D8%A7%D8%B3%D8%AA%D8%AE%D9%88%D8%A7%D9%86%DA%86%D9%84%D9%88%D8%A7%DB%8C%D8%B1%D8%A7%D9%86%DB%8C/feed/?lokasie=/proc/irq/12/smp_affinity&loknya=/proc/irq/12 HTTP/1.1" 200 1977 "-" "Mozilla/5.0 (compatible; MJ12bot/v1.4.8; http://mj12bot.com/)"
147.135.253.47 - - [10/Apr/2025:16:59:50 +0330] "GET /product/%DA%86%D9%84%D9%88-%D8%AC%D9%88%D8%AC%D9%87-%D8%A8%D8%AF%D9%88%D9%86-%D8%A7%D8%B3%D8%AA%D8%AE%D9%88%D8%A7%D9%86%DA%86%D9%84%D9%88%D8%A7%DB%8C%D8%B1%D8%A7%D9%86%DB%8C/feed/?lokasie=/proc/irq/12/spurious&loknya=/proc/irq/12 HTTP/1.1" 200 1988 "-" "Mozilla/5.0 (compatible; MJ12bot/v1.4.8; http://mj12bot.com/)"
147.135.253.47 - - [10/Apr/2025:16:59:55 +0330] "GET /product/%DA%86%D9%84%D9%88-%D8%AC%D9%88%D8%AC%D9%87-%D8%A8%D8%AF%D9%88%D9%86-%D8%A7%D8%B3%D8%AA%D8%AE%D9%88%D8%A7%D9%86%DA%86%D9%84%D9%88%D8%A7%DB%8C%D8%B1%D8%A7%D9%86%DB%8C/feed/?lokasie=/proc/irq/128/node&loknya=/proc/irq/128 HTTP/1.1" 200 1966 "-" "Mozilla/5.0 (compatible; MJ12bot/v1.4.8; http://mj12bot.com/)"
147.135.253.47 - - [10/Apr/2025:17:00:16 +0330] "GET /product/%DA%86%D9%84%D9%88-%D8%AC%D9%88%D8%AC%D9%87-%D8%A8%D8%AF%D9%88%D9%86-%D8%A7%D8%B3%D8%AA%D8%AE%D9%88%D8%A7%D9%86%DA%86%D9%84%D9%88%D8%A7%DB%8C%D8%B1%D8%A7%D9%86%DB%8C/feed/?lokasie=/proc/irq/128/spurious&loknya=/proc/irq/128 HTTP/1.1" 200 1990 "-" "Mozilla/5.0 (compatible; MJ12bot/v1.4.8; http://mj12bot.com/)"
178.239.150.4 - - [10/Apr/2025:17:00:55 +0330] "POST /wp-cron.php?doing_wp_cron=1744291855.9086620807647705078125 HTTP/1.1" 200 20 "-" "WordPress/6.6; https://sitsaz202.ir"
178.239.150.4 - - [10/Apr/2025:17:01:42 +0330] "POST /wp-cron.php?doing_wp_cron=1744291902.9357459545135498046875 HTTP/1.1" 200 20 "-" "WordPress/6.6; https://sitsaz202.ir"
147.135.253.47 - - [10/Apr/2025:17:00:41 +0330] "GET /product/%DA%86%D9%84%D9%88-%D8%AC%D9%88%D8%AC%D9%87-%D8%A8%D8%AF%D9%88%D9%86-%D8%A7%D8%B3%D8%AA%D8%AE%D9%88%D8%A7%D9%86%DA%86%D9%84%D9%88%D8%A7%DB%8C%D8%B1%D8%A7%D9%86%DB%8C/feed/?lokasie=/proc/irq/13/affinity_hint&loknya=/proc/irq/13 HTTP/1.1" 301 122 "-" "Mozilla/5.0 (compatible; MJ12bot/v1.4.8; http://mj12bot.com/)"
192.99.13.69 - - [10/Apr/2025:16:59:13 +0330] "GET /product/%DA%86%D9%84%D9%88%D8%A7%DA%A9%D8%A8%D8%B1%D8%AC%D9%88%D8%AC%D9%87%DA%86%D9%84%D9%88%D8%A7%DB%8C%D8%B1%D8%A7%D9%86%DB%8C/feed/?lokasie=/lib/firewalld/icmptypes/mld-listener-query.xml&loknya=/lib/firewalld/icmptypes HTTP/1.1" 200 2167 "-" "Mozilla/5.0 (compatible; MJ12bot/v1.4.8; http://mj12bot.com/)"
192.99.13.69 - - [10/Apr/2025:16:59:18 +0330] "GET /product/%DA%86%D9%84%D9%88%D8%A7%DA%A9%D8%A8%D8%B1%D8%AC%D9%88%D8%AC%D9%87%DA%86%D9%84%D9%88%D8%A7%DB%8C%D8%B1%D8%A7%D9%86%DB%8C/feed/?lokasie=/lib/firewalld/icmptypes/mld-listener-report.xml&loknya=/lib/firewalld/icmptypes HTTP/1.1" 200 2169 "-" "Mozilla/5.0 (compatible; MJ12bot/v1.4.8; http://mj12bot.com/)"
192.99.13.69 - - [10/Apr/2025:16:59:23 +0330] "GET /product/%DA%86%D9%84%D9%88%D8%A7%DA%A9%D8%A8%D8%B1%D8%AC%D9%88%D8%AC%D9%87%DA%86%D9%84%D9%88%D8%A7%DB%8C%D8%B1%D8%A7%D9%86%DB%8C/feed/?lokasie=/lib/firewalld/icmptypes/timestamp-reply.xml&loknya=/lib/firewalld/icmptypes HTTP/1.1" 200 2113 "-" "Mozilla/5.0 (compatible; MJ12bot/v1.4.8; http://mj12bot.com/)"
192.99.13.69 - - [10/Apr/2025:16:59:54 +0330] "GET /product/%DA%86%D9%84%D9%88%D8%A7%DA%A9%D8%A8%D8%B1%D8%AC%D9%88%D8%AC%D9%87%DA%86%D9%84%D9%88%D8%A7%DB%8C%D8%B1%D8%A7%D9%86%DB%8C/feed/?lokasie=/lib/firewalld/icmptypes/timestamp-request.xml&loknya=/lib/firewalld/icmptypes HTTP/1.1" 301 122 "-" "Mozilla/5.0 (compatible; MJ12bot/v1.4.8; http://mj12bot.com/)"
192.99.13.69 - - [10/Apr/2025:17:00:38 +0330] "GET /product/%DA%86%D9%84%D9%88%D8%A7%DA%A9%D8%A8%D8%B1%D8%AC%D9%88%D8%AC%D9%87%DA%86%D9%84%D9%88%D8%A7%DB%8C%D8%B1%D8%A7%D9%86%DB%8C/feed/?lokasie=/lib/firewalld/icmptypes/tos-host-redirect.xml&loknya=/lib/firewalld/icmptypes HTTP/1.1" 200 2138 "-" "Mozilla/5.0 (compatible; MJ12bot/v1.4.8; http://mj12bot.com/)"
178.239.150.4 - - [10/Apr/2025:17:01:25 +0330] "POST /wp-cron.php?doing_wp_cron=1744291885.0784349441528320312500 HTTP/1.1" 200 20 "-" "WordPress/6.6; https://sitsaz202.ir"
